{"id":1129,"date":"2025-06-04T10:36:36","date_gmt":"2025-06-04T13:36:36","guid":{"rendered":"https:\/\/cajamar.sp.gov.br\/carta-de-servicos\/?page_id=1129"},"modified":"2025-06-04T10:36:36","modified_gmt":"2025-06-04T13:36:36","slug":"regulacao","status":"publish","type":"page","link":"https:\/\/cajamar.sp.gov.br\/carta-de-servicos\/regulacao\/","title":{"rendered":"Regula\u00e7\u00e3o"},"content":{"rendered":"\n<p>Lei n\u00ba 13.460\/2017, regulamentada pelo Decreto Municipal N\u00ba 055\/2019<\/p>\n\n\n\n<p><strong>Secretaria Municipal de Sa\u00fade: <\/strong>Divis\u00e3o de Regula\u00e7\u00e3o Municipal.<\/p>\n\n\n\n<p><strong>Divis\u00e3o de Regula\u00e7\u00e3o<\/strong><\/p>\n\n\n\n<p><strong>Departamento de Planejamento e Controle Social<\/strong><\/p>\n\n\n\n<p><strong>SERVI\u00c7O OFERECIDO<\/strong>: A Divis\u00e3o de Regula\u00e7\u00e3o \u00e9 respons\u00e1vel por todo o agendamento de consultas, exames, cirurgias, procedimentos de m\u00e9dia e alta complexidade, na esfera ambulatorial; Atendimentos de sa\u00fade que n\u00e3o s\u00e3o ofertados dentro do Munic\u00edpio; Terapias, Diagnose, \u00d3rtese, Pr\u00f3tese, etc., baseando-se em protocolos, classifica\u00e7\u00e3o de risco e demais crit\u00e9rios de prioriza\u00e7\u00e3o.<\/p>\n\n\n\n<p><strong>Requisitos, documentos, formas e informa\u00e7\u00f5es necess\u00e1rias para acessar o servi\u00e7o:<\/strong> \u00c9 necess\u00e1rio que o paciente resida no Munic\u00edpio de Cajamar, seja vinculado \u00e0 Unidade B\u00e1sica de Sa\u00fade ou Unidade de Sa\u00fade da Fam\u00edlia, e apresente o pedido m\u00e9dico original da rede Municipal.<\/p>\n\n\n\n<p><strong>Principais Etapas para Processamento do Servi\u00e7o:<\/strong><\/p>\n\n\n\n<ol class=\"wp-block-list\">\n<li>O paciente passa em atendimento m\u00e9dico, o profissional solicita o procedimento, exames e\/ou especialidade (que n\u00e3o possu\u00edmos no Munic\u00edpio);<\/li>\n\n\n\n<li>O paciente protocola o pedido m\u00e9dico na Unidade de refer\u00eancia e retira um protocolo f\u00edsico, que dever\u00e1 constar o nome da unidade, nome do funcion\u00e1rio e data, neste momento, o servidor orienta o paciente a aguardar contato da Divis\u00e3o de Regula\u00e7\u00e3o;<\/li>\n\n\n\n<li>Em seguida, este pedido vir\u00e1 para a Divis\u00e3o de Regula\u00e7\u00e3o, o pedido ser\u00e1 inserido na fila, de acordo com as prioridades m\u00e9dicas elencadas, e assim que a vaga for disponibilizada, o setor entrar\u00e1 em contato com o paciente, para dar ci\u00eancia das informa\u00e7\u00f5es pertinentes.<\/li>\n<\/ol>\n\n\n\n<p><strong>Previs\u00e3o do Prazo M\u00e1ximo para a Presta\u00e7\u00e3o do Servi\u00e7o:<\/strong> Cada procedimento de exame\/consulta tem varia\u00e7\u00e3o de tempo na fila, ou seja, o tempo de espera \u00e9 relativo.<\/p>\n\n\n\n<p><strong>Locais de Presta\u00e7\u00e3o do Servi\u00e7o:<\/strong> Hospitais Estaduais e cl\u00ednicas conveniadas ao Munic\u00edpio.<\/p>\n\n\n\n<p><strong>Locais e Formas para o usu\u00e1rio apresentar eventual manifesta\u00e7\u00e3o sobre a presta\u00e7\u00e3o do servi\u00e7o:<\/strong><\/p>\n\n\n\n<p>Para registrar elogios, sugest\u00f5es, den\u00fancias e\/ou reclama\u00e7\u00f5es, sobre a presta\u00e7\u00e3o deste servi\u00e7o, orientamos que o interessado entre em contato com a <strong><u>Ouvidoria do SUS<\/u><\/strong>, atrav\u00e9s dos canais de atendimento:<\/p>\n\n\n\n<ul class=\"wp-block-list\">\n<li><strong>E-mail<\/strong>: ouvidoriasaude@cajamar.sp.gov.br.<\/li>\n\n\n\n<li><strong>Telefone<\/strong>: 0800 771 1223, op\u00e7\u00e3o 2 (expediente: das 8 \u00e0s 17h, de Segunda \u00e0 Sexta-feira &#8211; exceto feriados).<\/li>\n\n\n\n<li><strong>Presencial e Carta<\/strong>: Secretaria Municipal de Sa\u00fade. Endere\u00e7o: Avenida Tenente Marques, 3780 \u2013 Portal dos Ip\u00eas \u2013 Cajamar \/SP \u2013 (expediente: das 8 \u00e0s 17h, de Segunda \u00e0 Sexta-feira \u2013 exceto feriados).<\/li>\n<\/ul>\n\n\n\n<p><strong>Prioridades de atendimento:<\/strong> No SUS, temos por prioridade as crian\u00e7as, gestantes, idosos, portadores de doen\u00e7as cr\u00f4nicas, jovens e adultos. Como em alguns exames, 90% dos pacientes aguardando s\u00e3o idosos, o crit\u00e9rio de prioridade se apresenta pela patologia.<\/p>\n\n\n\n<p><strong>Previs\u00e3o de tempo de espera para atendimento:<\/strong> O agendamento de cada procedimento de exame\/consulta tem varia\u00e7\u00e3o de tempo para realiza\u00e7\u00e3o, ou seja, o tempo de espera \u00e9 relativo.<\/p>\n\n\n\n<p><strong>Mecanismos de comunica\u00e7\u00e3o com os usu\u00e1rios:<\/strong> Assim que a vaga \u00e9 disponibilizada, realizamos o contato com o paciente atrav\u00e9s dos telefones de cadastro e s\u00e3o passadas as informa\u00e7\u00f5es pertinentes ao agendamento.<\/p>\n\n\n\n<p><strong>Procedimentos para receber e responder as manifesta\u00e7\u00f5es dos usu\u00e1rios:<\/strong> O usu\u00e1rio tem \u00e0 disposi\u00e7\u00e3o a Ouvidoria SUS atrav\u00e9s dos canais acima citados.<\/p>\n\n\n\n<p><strong>Mecanismos de consulta, por parte do usu\u00e1rio, acerca do andamento do servi\u00e7o solicitado e de eventual manifesta\u00e7\u00e3o:<\/strong> Para registrar elogios, sugest\u00f5es, den\u00fancias ou reclama\u00e7\u00f5es sobre a presta\u00e7\u00e3o deste servi\u00e7o, orientamos que o interessado em contato com a <strong><u>Ouvidoria do SUS<\/u><\/strong>, que efetuar\u00e1 o registro da manifesta\u00e7\u00e3o do cidad\u00e3o no Sistema OuvidorSUS do Minist\u00e9rio da Sa\u00fade, o usu\u00e1rio receber\u00e1 em seu e-mail, login\/senha para acompanhamento da demanda ou se preferir, poder\u00e1 ir pessoalmente na Ouvidoria, e\/ou entrar em contato atrav\u00e9s do 0800 771 1223 (op\u00e7\u00e3o 2), ou ainda, no e-mail <a href=\"mailto:ouvidoriasaude@cajamar.sp.gov.br\">ouvidoriasaude@cajamar.sp.gov.br<\/a>.<\/p>\n\n\n\n<p>Quanto a <strong>andamento do servi\u00e7o solicitado<\/strong>, o cidad\u00e3o poder\u00e1 contatar a Divis\u00e3o de Regula\u00e7\u00e3o, atrav\u00e9s do telefone (11) 4446-0100 \u2013 Op\u00e7\u00e3o 2.&nbsp;<\/p>\n","protected":false},"excerpt":{"rendered":"<p>Lei n\u00ba 13.460\/2017, regulamentada pelo Decreto Municipal N\u00ba 055\/2019 Secretaria Municipal de Sa\u00fade: Divis\u00e3o de Regula\u00e7\u00e3o Municipal. Divis\u00e3o de Regula\u00e7\u00e3o Departamento de Planejamento e Controle Social SERVI\u00c7O OFERECIDO: A Divis\u00e3o de Regula\u00e7\u00e3o \u00e9 respons\u00e1vel por todo o agendamento de consultas, exames, cirurgias, procedimentos de m\u00e9dia e alta complexidade, na esfera ambulatorial; Atendimentos de sa\u00fade que [&hellip;]<\/p>\n","protected":false},"author":23,"featured_media":0,"parent":0,"menu_order":0,"comment_status":"closed","ping_status":"closed","template":"","meta":{"footnotes":""},"class_list":["post-1129","page","type-page","status-publish","hentry"],"_links":{"self":[{"href":"https:\/\/cajamar.sp.gov.br\/carta-de-servicos\/wp-json\/wp\/v2\/pages\/1129","targetHints":{"allow":["GET"]}}],"collection":[{"href":"https:\/\/cajamar.sp.gov.br\/carta-de-servicos\/wp-json\/wp\/v2\/pages"}],"about":[{"href":"https:\/\/cajamar.sp.gov.br\/carta-de-servicos\/wp-json\/wp\/v2\/types\/page"}],"author":[{"embeddable":true,"href":"https:\/\/cajamar.sp.gov.br\/carta-de-servicos\/wp-json\/wp\/v2\/users\/23"}],"replies":[{"embeddable":true,"href":"https:\/\/cajamar.sp.gov.br\/carta-de-servicos\/wp-json\/wp\/v2\/comments?post=1129"}],"version-history":[{"count":1,"href":"https:\/\/cajamar.sp.gov.br\/carta-de-servicos\/wp-json\/wp\/v2\/pages\/1129\/revisions"}],"predecessor-version":[{"id":1130,"href":"https:\/\/cajamar.sp.gov.br\/carta-de-servicos\/wp-json\/wp\/v2\/pages\/1129\/revisions\/1130"}],"wp:attachment":[{"href":"https:\/\/cajamar.sp.gov.br\/carta-de-servicos\/wp-json\/wp\/v2\/media?parent=1129"}],"curies":[{"name":"wp","href":"https:\/\/api.w.org\/{rel}","templated":true}]}}