{"id":874,"date":"2024-06-20T09:42:38","date_gmt":"2024-06-20T12:42:38","guid":{"rendered":"https:\/\/cajamar.sp.gov.br\/carta-de-servicos\/?page_id=874"},"modified":"2024-06-20T09:42:38","modified_gmt":"2024-06-20T12:42:38","slug":"reclassificacao-por-distorcao-ano-serie","status":"publish","type":"page","link":"https:\/\/cajamar.sp.gov.br\/carta-de-servicos\/educacao\/reclassificacao-por-distorcao-ano-serie\/","title":{"rendered":"Reclassifica\u00e7\u00e3o por Distor\u00e7\u00e3o Ano\/S\u00e9rie"},"content":{"rendered":"\n<p><strong>Servi\u00e7o oferecido<\/strong><\/p>\n\n\n\n<p>Reclassifica\u00e7\u00e3o por Distor\u00e7\u00e3o Ano\/S\u00e9rie.<\/p>\n\n\n\n<p><strong>Requisitos, documentos, informa\u00e7\u00f5es e formas de acessar o servi\u00e7o<\/strong><\/p>\n\n\n\n<p>Solicita\u00e7\u00e3o do respons\u00e1vel legal.<\/p>\n\n\n\n<p><strong>Etapas do servi\u00e7o<\/strong><\/p>\n\n\n\n<ul class=\"wp-block-list\">\n<li>Solicita\u00e7\u00e3o via requerimento pr\u00f3prio do respons\u00e1vel para a unidade escolar.<\/li>\n<\/ul>\n\n\n\n<ul class=\"wp-block-list\">\n<li>Deferimento da situa\u00e7\u00e3o de distor\u00e7\u00e3o ano\/s\u00e9rie.<\/li>\n<\/ul>\n\n\n\n<ul class=\"wp-block-list\">\n<li>Realiza\u00e7\u00e3o da prova para comprova\u00e7\u00e3o de profici\u00eancia.<\/li>\n<\/ul>\n\n\n\n<ul class=\"wp-block-list\">\n<li>Ata Conselho de Escola pelo deferimento ou indeferimento do ato legal.<\/li>\n<\/ul>\n\n\n\n<ul class=\"wp-block-list\">\n<li>Publica\u00e7\u00e3o do resultado final.<\/li>\n<\/ul>\n\n\n\n<ul class=\"wp-block-list\">\n<li>Comunica\u00e7\u00e3o aos respons\u00e1veis para procedimento de regulariza\u00e7\u00e3o de vida escolar.<\/li>\n<\/ul>\n\n\n\n<p><strong>Prazo para realiza\u00e7\u00e3o<\/strong><\/p>\n\n\n\n<p>A solicita\u00e7\u00e3o dever\u00e1 ser feita pelo respons\u00e1vel \u00e0 Dire\u00e7\u00e3o da Unidade Escolar no primeiro bimestre do ano letivo.<\/p>\n\n\n\n<p><strong>Forma e locais de presta\u00e7\u00e3o<\/strong><\/p>\n\n\n\n<p>Na Unidade Escolar de segunda a sexta-feira das 08:00 \u00e0s 18h00 horas.<\/p>\n\n\n\n<p><strong>Prioridades de atendimento<\/strong><\/p>\n\n\n\n<p>Por solicita\u00e7\u00e3o, sendo respeitadas as legisla\u00e7\u00f5es vigentes sobre prioridades no atendimento.<\/p>\n\n\n\n<p><strong>Previs\u00e3o de espera para o atendimento<\/strong><\/p>\n\n\n\n<p>Imediato.<\/p>\n\n\n\n<p><strong>Meios de contato<\/strong><\/p>\n\n\n\n<p>Presencialmente: na pr\u00f3pria Unidade Escolar.<\/p>\n\n\n\n<p>Por telefone: (11) 4446-0040 &#8211; Secretaria Municipal de Educa\u00e7\u00e3o.<\/p>\n\n\n\n<p><strong>Manifesta\u00e7\u00e3o sobre o servi\u00e7o<\/strong><\/p>\n\n\n\n<p>Ouvidoria Geral da Prefeitura: para registrar elogios, sugest\u00f5es, den\u00fancias ou reclama\u00e7\u00f5es sobre a presta\u00e7\u00e3o deste servi\u00e7o, entre em contato atrav\u00e9s dos nossos canais de atendimento:<\/p>\n\n\n\n<ul class=\"wp-block-list\">\n<li>Sistema de Ouvidoria: <a href=\"https:\/\/e-ouvidoria.cajamar.sp.gov.br\/\">https:\/\/e-ouvidoria.cajamar.sp.gov.br\/<\/a>.<\/li>\n<\/ul>\n\n\n\n<ul class=\"wp-block-list\">\n<li>APP Cajamar: Dispon\u00edvel para Apple Store e Google Play &#8211; Direcionamento para o Sistema de ouvidoria.<\/li>\n<\/ul>\n\n\n\n<ul class=\"wp-block-list\">\n<li>E-mail: <a href=\"mailto:ouvidoria@cajamar.sp.gov.br\">ouvidoria@cajamar.sp.gov.br<\/a>.<\/li>\n<\/ul>\n\n\n\n<ul class=\"wp-block-list\">\n<li>Telefone: 0800 771 1223, op\u00e7\u00e3o 1 (expediente: das 8 \u00e0s 17h de Segunda \u00e0 Sexta-feira &#8211; exceto feriados).<\/li>\n<\/ul>\n\n\n\n<ul class=\"wp-block-list\">\n<li>Presencial e Carta: Pa\u00e7o Municipal &#8211; End.: Pra\u00e7a Jos\u00e9 Rodrigues do Nascimento, 30 &#8211; Bairro \u00c1gua Fria &#8211; Distrito Sede &#8211; Cajamar\/SP &#8211; CEP 07752-060 (expediente: das 8 \u00e0s 17h de Segunda \u00e0 Sexta-feira &#8211; exceto feriados).<\/li>\n<\/ul>\n\n\n\n<p><strong>Secretaria Municipal \/ Departamento<\/strong><\/p>\n\n\n\n<p>Secretaria Municipal de Educa\u00e7\u00e3o \/ Departamento Pedag\u00f3gico.<\/p>\n","protected":false},"excerpt":{"rendered":"<p>Servi\u00e7o oferecido Reclassifica\u00e7\u00e3o por Distor\u00e7\u00e3o Ano\/S\u00e9rie. Requisitos, documentos, informa\u00e7\u00f5es e formas de acessar o servi\u00e7o Solicita\u00e7\u00e3o do respons\u00e1vel legal. Etapas do servi\u00e7o Prazo para realiza\u00e7\u00e3o A solicita\u00e7\u00e3o dever\u00e1 ser feita pelo respons\u00e1vel \u00e0 Dire\u00e7\u00e3o da Unidade Escolar no primeiro bimestre do ano letivo. Forma e locais de presta\u00e7\u00e3o Na Unidade Escolar de segunda a sexta-feira [&hellip;]<\/p>\n","protected":false},"author":40,"featured_media":0,"parent":472,"menu_order":0,"comment_status":"closed","ping_status":"closed","template":"","meta":{"footnotes":""},"class_list":["post-874","page","type-page","status-publish","hentry"],"_links":{"self":[{"href":"https:\/\/cajamar.sp.gov.br\/carta-de-servicos\/wp-json\/wp\/v2\/pages\/874","targetHints":{"allow":["GET"]}}],"collection":[{"href":"https:\/\/cajamar.sp.gov.br\/carta-de-servicos\/wp-json\/wp\/v2\/pages"}],"about":[{"href":"https:\/\/cajamar.sp.gov.br\/carta-de-servicos\/wp-json\/wp\/v2\/types\/page"}],"author":[{"embeddable":true,"href":"https:\/\/cajamar.sp.gov.br\/carta-de-servicos\/wp-json\/wp\/v2\/users\/40"}],"replies":[{"embeddable":true,"href":"https:\/\/cajamar.sp.gov.br\/carta-de-servicos\/wp-json\/wp\/v2\/comments?post=874"}],"version-history":[{"count":1,"href":"https:\/\/cajamar.sp.gov.br\/carta-de-servicos\/wp-json\/wp\/v2\/pages\/874\/revisions"}],"predecessor-version":[{"id":875,"href":"https:\/\/cajamar.sp.gov.br\/carta-de-servicos\/wp-json\/wp\/v2\/pages\/874\/revisions\/875"}],"up":[{"embeddable":true,"href":"https:\/\/cajamar.sp.gov.br\/carta-de-servicos\/wp-json\/wp\/v2\/pages\/472"}],"wp:attachment":[{"href":"https:\/\/cajamar.sp.gov.br\/carta-de-servicos\/wp-json\/wp\/v2\/media?parent=874"}],"curies":[{"name":"wp","href":"https:\/\/api.w.org\/{rel}","templated":true}]}}