{"id":888,"date":"2024-06-20T09:58:34","date_gmt":"2024-06-20T12:58:34","guid":{"rendered":"https:\/\/cajamar.sp.gov.br\/carta-de-servicos\/?page_id=888"},"modified":"2024-06-25T09:39:25","modified_gmt":"2024-06-25T12:39:25","slug":"fiscalizacao-ambiental","status":"publish","type":"page","link":"https:\/\/cajamar.sp.gov.br\/carta-de-servicos\/meio-ambiente-e-protecao-animal\/fiscalizacao-ambiental\/","title":{"rendered":"Fiscaliza\u00e7\u00e3o Ambiental"},"content":{"rendered":"\n<p><strong>Servi\u00e7o oferecido<\/strong><\/p>\n\n\n\n<p>A Fiscaliza\u00e7\u00e3o Ambiental tem o papel de exercer o controle, monitoramento, educa\u00e7\u00e3o ambiental e vigil\u00e2ncia, para impedir a\u00e7\u00f5es consideradas prejudiciais ao meio ambiente, ou ainda, casos de descumprimento do que foi autorizado no Licenciamento Ambiental.<\/p>\n\n\n\n<p><strong>Requisitos, documentos, informa\u00e7\u00f5es e formas de acessar o servi\u00e7o<\/strong><\/p>\n\n\n\n<p>Qualquer suspeita de inconformidade com a legisla\u00e7\u00e3o e de dissuas\u00e3o na pr\u00e1tica de danos ambientais. Dever\u00e1 ser informado a poss\u00edvel infra\u00e7\u00e3o ou crime ambiental a ser praticado, bem como o endere\u00e7o da ocorr\u00eancia. Apresentar tamb\u00e9m fotos ou v\u00eddeos referentes \u00e0 ocorr\u00eancia, caso tenha registro.<\/p>\n\n\n\n<p><strong>Etapas do servi\u00e7o<\/strong><\/p>\n\n\n\n<ul class=\"wp-block-list\">\n<li>Informa\u00e7\u00f5es prestadas pelo requerente.<\/li>\n<\/ul>\n\n\n\n<ul class=\"wp-block-list\">\n<li>Vistoria.<\/li>\n<\/ul>\n\n\n\n<ul class=\"wp-block-list\">\n<li>An\u00e1lise.<\/li>\n<\/ul>\n\n\n\n<ul class=\"wp-block-list\">\n<li>Proposta de medidas, tais como: intima\u00e7\u00f5es, penalidades, prorroga\u00e7\u00e3o de prazo; sempre justificando a proposta.<\/li>\n<\/ul>\n\n\n\n<p><strong>Prazo para realiza\u00e7\u00e3o<\/strong><\/p>\n\n\n\n<p>Imediato.<\/p>\n\n\n\n<p><strong>Forma e locais de presta\u00e7\u00e3o<\/strong><\/p>\n\n\n\n<p>Como realizar a solicita\u00e7\u00e3o:<\/p>\n\n\n\n<ul class=\"wp-block-list\">\n<li>Aplicativo Cajamar.<\/li>\n<\/ul>\n\n\n\n<ul class=\"wp-block-list\">\n<li>E-mail: <a href=\"smma@cajamar.sp.gov.br\">smma@cajamar.sp.gov.br<\/a>.<\/li>\n<\/ul>\n\n\n\n<ul class=\"wp-block-list\">\n<li>Secretaria de Meio Ambiente e Prote\u00e7\u00e3o Animal: Av. Deovair Cruz de Oliveira,\u00a0 Jordan\u00e9sia \u2013 (Centro de Eventos Boi\u00f3dromo).<\/li>\n<\/ul>\n\n\n\n<ul class=\"wp-block-list\">\n<li>Telefone: (11) 4446-0034.<\/li>\n<\/ul>\n\n\n\n<ul class=\"wp-block-list\">\n<li>Setor de Protocolo: Pa\u00e7o Municipal \u2013 Pra\u00e7a Jos\u00e9 Rodrigues do Nascimento, 30 \u2013 Centro.<\/li>\n<\/ul>\n\n\n\n<p><strong>Prioridades de atendimento<\/strong><\/p>\n\n\n\n<p>Por ordem de solicita\u00e7\u00e3o, sendo respeitadas as legisla\u00e7\u00f5es vigentes sobre prioridades no atendimento.<\/p>\n\n\n\n<p><strong>Previs\u00e3o de espera para o atendimento<\/strong><\/p>\n\n\n\n<p>Imediato.<\/p>\n\n\n\n<p><strong>Meios de contato<\/strong><\/p>\n\n\n\n<p>Em caso de d\u00favidas o requerente poder\u00e1 entrar em contato com a Secretaria de Meio Ambiente e Prote\u00e7\u00e3o Animal pelo telefone (11) 4446-0034, por e-mail <a href=\"smma@cajamar.sp.gov.br\">smma@cajamar.sp.gov.br<\/a> ou presencialmente.<\/p>\n\n\n\n<p><strong>Manifesta\u00e7\u00e3o sobre o servi\u00e7o<\/strong><\/p>\n\n\n\n<p>Para registrar elogios, sugest\u00f5es, den\u00fancias ou reclama\u00e7\u00f5es sobre a presta\u00e7\u00e3o deste servi\u00e7o, entre em contato com a Ouvidoria Geral da Prefeitura, atrav\u00e9s dos nossos canais de atendimento:<\/p>\n\n\n\n<ul class=\"wp-block-list\">\n<li>Sistema de ouvidoria: <a href=\"https:\/\/e-ouvidoria.cajamar.sp.gov.br\/\">https:\/\/e-ouvidoria.cajamar.sp.gov.br\/<\/a>.<\/li>\n<\/ul>\n\n\n\n<ul class=\"wp-block-list\">\n<li>APP Cajamar: Dispon\u00edvel para Apple Store e Google Play &#8211; Direcionamento para o Sistema de Ouvidoria.<\/li>\n<\/ul>\n\n\n\n<ul class=\"wp-block-list\">\n<li>E-mail: <a href=\"mailto:ouvidoria@cajamar.sp.gov.br\">ouvidoria@cajamar.sp.gov.br<\/a>.<\/li>\n<\/ul>\n\n\n\n<ul class=\"wp-block-list\">\n<li>Telefone: 0800 771 1223, op\u00e7\u00e3o 1 (expediente: das 8 \u00e0s 17h de Segunda \u00e0 Sexta-feira &#8211; exceto feriados).<\/li>\n<\/ul>\n\n\n\n<ul class=\"wp-block-list\">\n<li>Presencial e Carta: Pa\u00e7o Municipal &#8211; End.: Pra\u00e7a Jos\u00e9 Rodrigues do Nascimento, 30 &#8211; Bairro \u00c1gua Fria &#8211; Distrito Sede &#8211; Cajamar\/SP &#8211; CEP 07752-060 (expediente: das 8 \u00e0s 17h de Segunda \u00e0 Sexta-feira &#8211; exceto feriados).<\/li>\n<\/ul>\n\n\n\n<p><strong>Secretaria Municipal \/ Departamento<\/strong><\/p>\n\n\n\n<p>Secretaria Municipal de Meio Ambiente e Prote\u00e7\u00e3o Animal \/ Departamento de Gest\u00e3o Ambiental.<\/p>\n","protected":false},"excerpt":{"rendered":"<p>Servi\u00e7o oferecido A Fiscaliza\u00e7\u00e3o Ambiental tem o papel de exercer o controle, monitoramento, educa\u00e7\u00e3o ambiental e vigil\u00e2ncia, para impedir a\u00e7\u00f5es consideradas prejudiciais ao meio ambiente, ou ainda, casos de descumprimento do que foi autorizado no Licenciamento Ambiental. Requisitos, documentos, informa\u00e7\u00f5es e formas de acessar o servi\u00e7o Qualquer suspeita de inconformidade com a legisla\u00e7\u00e3o e de [&hellip;]<\/p>\n","protected":false},"author":40,"featured_media":0,"parent":974,"menu_order":0,"comment_status":"closed","ping_status":"closed","template":"","meta":{"footnotes":""},"class_list":["post-888","page","type-page","status-publish","hentry"],"_links":{"self":[{"href":"https:\/\/cajamar.sp.gov.br\/carta-de-servicos\/wp-json\/wp\/v2\/pages\/888","targetHints":{"allow":["GET"]}}],"collection":[{"href":"https:\/\/cajamar.sp.gov.br\/carta-de-servicos\/wp-json\/wp\/v2\/pages"}],"about":[{"href":"https:\/\/cajamar.sp.gov.br\/carta-de-servicos\/wp-json\/wp\/v2\/types\/page"}],"author":[{"embeddable":true,"href":"https:\/\/cajamar.sp.gov.br\/carta-de-servicos\/wp-json\/wp\/v2\/users\/40"}],"replies":[{"embeddable":true,"href":"https:\/\/cajamar.sp.gov.br\/carta-de-servicos\/wp-json\/wp\/v2\/comments?post=888"}],"version-history":[{"count":1,"href":"https:\/\/cajamar.sp.gov.br\/carta-de-servicos\/wp-json\/wp\/v2\/pages\/888\/revisions"}],"predecessor-version":[{"id":889,"href":"https:\/\/cajamar.sp.gov.br\/carta-de-servicos\/wp-json\/wp\/v2\/pages\/888\/revisions\/889"}],"up":[{"embeddable":true,"href":"https:\/\/cajamar.sp.gov.br\/carta-de-servicos\/wp-json\/wp\/v2\/pages\/974"}],"wp:attachment":[{"href":"https:\/\/cajamar.sp.gov.br\/carta-de-servicos\/wp-json\/wp\/v2\/media?parent=888"}],"curies":[{"name":"wp","href":"https:\/\/api.w.org\/{rel}","templated":true}]}}