{"id":894,"date":"2024-06-20T09:59:49","date_gmt":"2024-06-20T12:59:49","guid":{"rendered":"https:\/\/cajamar.sp.gov.br\/carta-de-servicos\/?page_id=894"},"modified":"2024-06-25T09:39:25","modified_gmt":"2024-06-25T12:39:25","slug":"poda-e-supressao-arborea","status":"publish","type":"page","link":"https:\/\/cajamar.sp.gov.br\/carta-de-servicos\/meio-ambiente-e-protecao-animal\/poda-e-supressao-arborea\/","title":{"rendered":"Poda e Supress\u00e3o Arb\u00f3rea"},"content":{"rendered":"\n<p><strong>Servi\u00e7o oferecido<\/strong><\/p>\n\n\n\n<p>Solicita\u00e7\u00e3o de poda ou supress\u00e3o de indiv\u00edduos arb\u00f3reos de \u00e1rea p\u00fablica que estejam em desconformidades de boa manuten\u00e7\u00e3o ou com a seguran\u00e7a ao cidad\u00e3o e seu patrim\u00f4nio.<\/p>\n\n\n\n<p><strong>Requisitos, documentos, informa\u00e7\u00f5es e formas de acessar o servi\u00e7o<\/strong><\/p>\n\n\n\n<p>A realiza\u00e7\u00e3o de poda ou supress\u00e3o, ficam condicionadas ao tamanho da copa, altura da copa, contato coma rede el\u00e9trica, estado fitossanit\u00e1rio do exemplar e acesso ou dano ao im\u00f3vel (com exce\u00e7\u00e3o da cal\u00e7ada).<\/p>\n\n\n\n<p>O requerente deve informar o endere\u00e7o exato da localiza\u00e7\u00e3o do indiv\u00edduo arb\u00f3reo, informar seu nome, CPF e anexar foto do mesmo.<\/p>\n\n\n\n<p>A solicita\u00e7\u00e3o \u00e9 gratuita.<\/p>\n\n\n\n<p><strong>Etapas do servi\u00e7o<\/strong><\/p>\n\n\n\n<ul class=\"wp-block-list\">\n<li>Informa\u00e7\u00f5es prestadas pelo requerente.<\/li>\n<\/ul>\n\n\n\n<ul class=\"wp-block-list\">\n<li>Vistoria, se necess\u00e1rio.<\/li>\n<\/ul>\n\n\n\n<ul class=\"wp-block-list\">\n<li>Deferimento ou indeferimento.<\/li>\n<\/ul>\n\n\n\n<ul class=\"wp-block-list\">\n<li>Encaminhamento ao Departamento executor do servi\u00e7o, se deferido.<\/li>\n<\/ul>\n\n\n\n<p><strong>Prazo para realiza\u00e7\u00e3o<\/strong><\/p>\n\n\n\n<p>30 dias \u00fateis.<\/p>\n\n\n\n<p><strong>Forma e locais de presta\u00e7\u00e3o<\/strong><\/p>\n\n\n\n<p>Realizar a solicita\u00e7\u00e3o atrav\u00e9s do Aplicativo Cajamar, pelo e-mail: <a href=\"smma@cajamar.sp.gov.br\">smma@cajamar.sp.gov.br<\/a>, pessoalmente na Secretaria, pelo telefone (11) 4446-0034 ou por processo no protocolo do Pa\u00e7o Municipal.<\/p>\n\n\n\n<p><strong>Prioridades de atendimento<\/strong><\/p>\n\n\n\n<p>Indiv\u00edduos arb\u00f3reos visivelmente danificados e por ordem de ficha de atendimento aberta, sendo respeitadas as legisla\u00e7\u00f5es vigentes sobre prioridades no atendimento.<\/p>\n\n\n\n<p><strong>Previs\u00e3o de espera para o atendimento<\/strong><\/p>\n\n\n\n<p>Imediato.<\/p>\n\n\n\n<p><strong>Meios de contato<\/strong><\/p>\n\n\n\n<p>Pessoalmente na Secretaria Municipal de Meio Ambiente e Prote\u00e7\u00e3o Animal, pelo telefone (11) 4446-0034 ou e-mail:<\/p>\n\n\n\n<p>&nbsp;<a href=\"mailto:smma@cajamar.sp.gov.br\">smma@cajamar.sp.gov.br<\/a>.<\/p>\n\n\n\n<p><strong>Manifesta\u00e7\u00e3o sobre o servi\u00e7o<\/strong><\/p>\n\n\n\n<p>Ouvidoria Geral da Prefeitura: para registrar elogios, sugest\u00f5es, den\u00fancias ou reclama\u00e7\u00f5es sobre a presta\u00e7\u00e3o deste servi\u00e7o, entre em contato com a, atrav\u00e9s dos nossos canais de atendimento:<\/p>\n\n\n\n<ul class=\"wp-block-list\">\n<li>Sistema de ouvidoria: <a href=\"https:\/\/e-ouvidoria.cajamar.sp.gov.br\/\">https:\/\/e-ouvidoria.cajamar.sp.gov.br\/<\/a>.<\/li>\n<\/ul>\n\n\n\n<ul class=\"wp-block-list\">\n<li>APP Cajamar: Dispon\u00edvel para Apple Store e Google Play &#8211; Direcionamento para o Sistema de Ouvidoria.<\/li>\n<\/ul>\n\n\n\n<ul class=\"wp-block-list\">\n<li>E-mail: <a href=\"mailto:ouvidoria@cajamar.sp.gov.br\">ouvidoria@cajamar.sp.gov.br<\/a>.<\/li>\n<\/ul>\n\n\n\n<ul class=\"wp-block-list\">\n<li>Telefone: 0800 771 1223, op\u00e7\u00e3o 1 (expediente: das 8 \u00e0s 17h de Segunda \u00e0 Sexta-feira &#8211; exceto feriados)<\/li>\n<\/ul>\n\n\n\n<ul class=\"wp-block-list\">\n<li>Presencial e Carta: Pa\u00e7o Municipal &#8211; End.: Pra\u00e7a Jos\u00e9 Rodrigues do Nascimento, 30 &#8211; Bairro \u00c1gua Fria &#8211; Distrito Sede &#8211; Cajamar\/SP &#8211; CEP 07752-060 (expediente: das 8 \u00e0s 17h de Segunda \u00e0 Sexta-feira &#8211; exceto feriados)<\/li>\n<\/ul>\n\n\n\n<p><strong>Secretaria Municipal \/ Departamento<\/strong><\/p>\n\n\n\n<p>Secretaria Municipal de Meio Ambiente e Prote\u00e7\u00e3o Animal \/ Departamento de Gest\u00e3o Ambiental.<\/p>\n","protected":false},"excerpt":{"rendered":"<p>Servi\u00e7o oferecido Solicita\u00e7\u00e3o de poda ou supress\u00e3o de indiv\u00edduos arb\u00f3reos de \u00e1rea p\u00fablica que estejam em desconformidades de boa manuten\u00e7\u00e3o ou com a seguran\u00e7a ao cidad\u00e3o e seu patrim\u00f4nio. Requisitos, documentos, informa\u00e7\u00f5es e formas de acessar o servi\u00e7o A realiza\u00e7\u00e3o de poda ou supress\u00e3o, ficam condicionadas ao tamanho da copa, altura da copa, contato coma [&hellip;]<\/p>\n","protected":false},"author":40,"featured_media":0,"parent":974,"menu_order":0,"comment_status":"closed","ping_status":"closed","template":"","meta":{"footnotes":""},"class_list":["post-894","page","type-page","status-publish","hentry"],"_links":{"self":[{"href":"https:\/\/cajamar.sp.gov.br\/carta-de-servicos\/wp-json\/wp\/v2\/pages\/894","targetHints":{"allow":["GET"]}}],"collection":[{"href":"https:\/\/cajamar.sp.gov.br\/carta-de-servicos\/wp-json\/wp\/v2\/pages"}],"about":[{"href":"https:\/\/cajamar.sp.gov.br\/carta-de-servicos\/wp-json\/wp\/v2\/types\/page"}],"author":[{"embeddable":true,"href":"https:\/\/cajamar.sp.gov.br\/carta-de-servicos\/wp-json\/wp\/v2\/users\/40"}],"replies":[{"embeddable":true,"href":"https:\/\/cajamar.sp.gov.br\/carta-de-servicos\/wp-json\/wp\/v2\/comments?post=894"}],"version-history":[{"count":1,"href":"https:\/\/cajamar.sp.gov.br\/carta-de-servicos\/wp-json\/wp\/v2\/pages\/894\/revisions"}],"predecessor-version":[{"id":895,"href":"https:\/\/cajamar.sp.gov.br\/carta-de-servicos\/wp-json\/wp\/v2\/pages\/894\/revisions\/895"}],"up":[{"embeddable":true,"href":"https:\/\/cajamar.sp.gov.br\/carta-de-servicos\/wp-json\/wp\/v2\/pages\/974"}],"wp:attachment":[{"href":"https:\/\/cajamar.sp.gov.br\/carta-de-servicos\/wp-json\/wp\/v2\/media?parent=894"}],"curies":[{"name":"wp","href":"https:\/\/api.w.org\/{rel}","templated":true}]}}