{"id":11,"date":"2019-10-31T18:25:54","date_gmt":"2019-10-31T20:25:54","guid":{"rendered":"https:\/\/cajamar.sp.gov.br\/cidade\/?page_id=11"},"modified":"2026-02-19T13:18:10","modified_gmt":"2026-02-19T16:18:10","slug":"feriados","status":"publish","type":"page","link":"https:\/\/cajamar.sp.gov.br\/cidade\/feriados\/","title":{"rendered":"Rela\u00e7\u00e3o de Feriados e Pontos Facultativos 2026"},"content":{"rendered":"\n<h2 class=\"wp-block-heading\">FERIADOS MUNICIPAIS<\/h2>\n\n\n\n<ul class=\"wp-block-list\">\n<li><strong>20 de Janeiro<\/strong> &#8211; Ter\u00e7a-feira &#8211; Dia de S\u00e3o Sebasti\u00e3o \u201cPadroeiro da Cidade\u201d<\/li>\n\n\n\n<li><strong>18 de Fevereiro<\/strong> &#8211; Quarta-feira &#8211; Anivers\u00e1rio da Cidade<\/li>\n\n\n\n<li><strong>03 de Abril <\/strong>&#8211; Sexta-feira &#8211; Paix\u00e3o de Cristo<\/li>\n\n\n\n<li><strong>04 de Junho<\/strong> &#8211; Quinta-feira &#8211; Corpus Christi<\/li>\n\n\n\n<li><strong>20 de Novembro<\/strong> &#8211; Sexta-feira &#8211; Dia da Consci\u00eancia Negra<\/li>\n<\/ul>\n\n\n\n<h2 class=\"wp-block-heading\">FERIADO ESTADUAL<\/h2>\n\n\n\n<ul class=\"wp-block-list\">\n<li><strong>09 de Julho<\/strong> &#8211; Quinta-feira &#8211; Revolu\u00e7\u00e3o Constitucionalista de 1932<\/li>\n\n\n\n<li><strong>20 de Novembro<\/strong> &#8211; Sexta-feira &#8211; Dia Estadual da Consci\u00eancia Negra<\/li>\n<\/ul>\n\n\n\n<h2 class=\"wp-block-heading\">FERIADOS NACIONAIS<\/h2>\n\n\n\n<ul class=\"wp-block-list\">\n<li><strong>1\u00ba de Janeiro<\/strong> &#8211; Quinta-feira &#8211; Confraterniza\u00e7\u00e3o Universal<\/li>\n\n\n\n<li><strong>05 de Abril <\/strong>&#8211; Domingo &#8211; P\u00e1scoa<\/li>\n\n\n\n<li><strong>21 de Abril<\/strong> &#8211; Ter\u00e7a-feira &#8211; Tiradentes<\/li>\n\n\n\n<li><strong>1\u00ba de Maio<\/strong> &#8211; Sexta-feira &#8211; Dia Mundial do Trabalho<\/li>\n\n\n\n<li><strong>7 de Setembro<\/strong> &#8211; Segunda-feira &#8211; Independ\u00eancia do Brasil<\/li>\n\n\n\n<li><strong>12 de Outubro<\/strong> &#8211; Segunda-feira &#8211; Consagra\u00e7\u00e3o a Nossa Senhora Aparecida &#8211; &#8220;Padroeira do Brasil&#8221;<\/li>\n\n\n\n<li><strong>02 de Novembro<\/strong> &#8211; Segunda-feira &#8211; Dia de Finados<\/li>\n\n\n\n<li><strong>15 de Novembro<\/strong> &#8211; Domingo &#8211; Dia da Proclama\u00e7\u00e3o da Rep\u00fablica<\/li>\n\n\n\n<li><strong>20 de Novembro<\/strong> &#8211; Sexta-feira &#8211; Dia Nacional de Zumbi e da Consci\u00eancia Negra<\/li>\n\n\n\n<li><strong>25 de Dezembro<\/strong> &#8211; Sexta-feira &#8211; Natal<\/li>\n<\/ul>\n\n\n\n<h2 class=\"wp-block-heading\">PONTOS FACULTATIVOS<\/h2>\n\n\n\n<ul class=\"wp-block-list\">\n<li><strong>2 de Janeiro <\/strong>&#8211; Sexta Feira &#8211; Sucede a Confraterniza\u00e7\u00e3o Universal<\/li>\n\n\n\n<li><strong>19 de Janeiro<\/strong> &#8211; Segunda feira &#8211; Antecede o Dia de S\u00e3o Sebasti\u00e3o &#8220;Padroeiro da Cidade&#8221;<\/li>\n\n\n\n<li><strong>16 e<\/strong> <strong>17 de Fevereiro<\/strong> &#8211; Segunda e Ter\u00e7a-feira &#8211; Carnaval<\/li>\n\n\n\n<li><strong>20 de Abril <\/strong>&#8211; Segunda-feira &#8211; Antecede o Dia de Tiradentes<\/li>\n\n\n\n<li><strong>05 de Junho<\/strong> &#8211; Sexta-feira &#8211; Sucede Corpus Christi<\/li>\n\n\n\n<li><strong>10 de Julho<\/strong> &#8211; Sexta-feira &#8211; Sucede o Dia da Revolu\u00e7\u00e3o Constitucionalista de 1932<\/li>\n\n\n\n<li><strong>30 de outubro<\/strong> &#8211; Sexta-feira &#8211; Homenagem ao Dia do Servidor P\u00fablico<\/li>\n<\/ul>\n\n\n\n<p><a href=\"https:\/\/cajamar.sp.gov.br\/decretos\/decretos-municipais\/decreto-7650-de-2025\/\">Fa\u00e7a o Download do Decreto Original neste link<\/a><\/p>\n\n\n\n<p><\/p>\n","protected":false},"excerpt":{"rendered":"<p>Confira as datas comemorativas municipais, estaduais e federais 2020. <\/p>\n","protected":false},"author":2,"featured_media":0,"parent":0,"menu_order":0,"comment_status":"closed","ping_status":"closed","template":"","meta":{"footnotes":""},"class_list":["post-11","page","type-page","status-publish","hentry"],"_links":{"self":[{"href":"https:\/\/cajamar.sp.gov.br\/cidade\/wp-json\/wp\/v2\/pages\/11","targetHints":{"allow":["GET"]}}],"collection":[{"href":"https:\/\/cajamar.sp.gov.br\/cidade\/wp-json\/wp\/v2\/pages"}],"about":[{"href":"https:\/\/cajamar.sp.gov.br\/cidade\/wp-json\/wp\/v2\/types\/page"}],"author":[{"embeddable":true,"href":"https:\/\/cajamar.sp.gov.br\/cidade\/wp-json\/wp\/v2\/users\/2"}],"replies":[{"embeddable":true,"href":"https:\/\/cajamar.sp.gov.br\/cidade\/wp-json\/wp\/v2\/comments?post=11"}],"version-history":[{"count":41,"href":"https:\/\/cajamar.sp.gov.br\/cidade\/wp-json\/wp\/v2\/pages\/11\/revisions"}],"predecessor-version":[{"id":456,"href":"https:\/\/cajamar.sp.gov.br\/cidade\/wp-json\/wp\/v2\/pages\/11\/revisions\/456"}],"wp:attachment":[{"href":"https:\/\/cajamar.sp.gov.br\/cidade\/wp-json\/wp\/v2\/media?parent=11"}],"curies":[{"name":"wp","href":"https:\/\/api.w.org\/{rel}","templated":true}]}}