{"id":22,"date":"2020-02-27T14:56:07","date_gmt":"2020-02-27T17:56:07","guid":{"rendered":"https:\/\/cajamar.sp.gov.br\/cidade\/?page_id=22"},"modified":"2020-04-14T18:12:59","modified_gmt":"2020-04-14T21:12:59","slug":"padroeiro","status":"publish","type":"page","link":"https:\/\/cajamar.sp.gov.br\/cidade\/padroeiro\/","title":{"rendered":"Padroeiro"},"content":{"rendered":"\n<p>S\u00e3o Sebasti\u00e3o nasceu em Narvonne, Fran\u00e7a, no final do s\u00e9culo III, e desde muito cedo seus pais se mudaram para Mil\u00e3o, onde ele cresceu e foi educado. <\/p>\n\n\n\n<div class=\"wp-block-image\"><figure class=\"alignleft is-resized\"><img fetchpriority=\"high\" decoding=\"async\" src=\"https:\/\/cajamar.sp.gov.br\/cidade\/wp-content\/uploads\/sites\/8\/2020\/04\/sao-sebastiao-cajamar.jpg\" alt=\"\" class=\"wp-image-359\" width=\"273\" height=\"424\" \/><\/figure><\/div>\n\n\n\n<p>Atingindo a idade adulta, alistou-se como militar. A figura imponente, a prud\u00eancia e a bravura do jovem militar, tanto agradaram ao Imperador, que este o nomeou comandante de sua guarda pessoal. . Sebasti\u00e3o se tornou o grande benfeitor dos crist\u00e3os encarcerados em Roma naquele tempo. Visitava com freq\u00fc\u00eancia as pobres v\u00edtimas do \u00f3dio pag\u00e3o, e, com palavras de d\u00e1diva, consolava e animava os candidatos ao mart\u00edrio aqui na terra, que receberiam a coroa de gl\u00f3ria no c\u00e9u.<\/p>\n\n\n\n<p>Enquanto o imperador empreendia a expuls\u00e3o de todos os crist\u00e3os do seu ex\u00e9rcito, Sebasti\u00e3o foi denunciado por um soldado. Diocleciano sentiu-se tra\u00eddo, e ficou perplexo ao ouvir do pr\u00f3prio Sebasti\u00e3o que era crist\u00e3o.<\/p>\n\n\n\n<p>O Imperador, enraivecido deu ordem aos seus soldados para que o matassem a flechadas. Tal ordem foi imediatamente cumprida: num descampado, os soldados despiram-no, o amarraram a um tronco de \u00e1rvore e atiraram nele uma chuva de flechas. Depois o abandonaram para que sangrasse at\u00e9 a morte.<\/p>\n\n\n\n<p>\u00c0 noite, Irene, mulher do m\u00e1rtir Castulo, foi com algumas amigas ao lugar da execu\u00e7\u00e3o, para tirar o corpo de Sebasti\u00e3o e dar-lhe sepultura. Com assombro, comprovaram que o mesmo ainda estava vivo. Passado um tempo, j\u00e1 restabelecido, com valentia apresentou-se de novo ao imperador, censurando-o pelas injusti\u00e7as cometidas.<\/p>\n\n\n\n<p>Diocleciano ignorou os pedidos de Sebasti\u00e3o e ordenou que ele fosse espancado at\u00e9 a morte, com pauladas e golpes de bolas de chumbo e para impedir que o corpo fosse venerado pelos crist\u00e3os, jogaram-no no esgoto p\u00fablico de Roma. Uma piedosa mulher, Santa Luciana, sepultou-o nas catacumbas. Assim aconteceu no ano de 287. Naquela ocasi\u00e3o, uma terr\u00edvel peste assolava Roma, vitimando muitas pessoas. Entretanto, tal epidemia simplesmente desapareceu a partir do momento da translada\u00e7\u00e3o dos restos mortais desse m\u00e1rtir, que passou a ser venerado como o padroeiro contra a peste, fome e guerra.<br><br><\/p>\n","protected":false},"excerpt":{"rendered":"<p>Conhe\u00e7a o S\u00e3o Sebasti\u00e3o, Padroeiro de Cajamar.<\/p>\n","protected":false},"author":7,"featured_media":0,"parent":0,"menu_order":0,"comment_status":"closed","ping_status":"closed","template":"","meta":{"footnotes":""},"class_list":["post-22","page","type-page","status-publish","hentry"],"_links":{"self":[{"href":"https:\/\/cajamar.sp.gov.br\/cidade\/wp-json\/wp\/v2\/pages\/22","targetHints":{"allow":["GET"]}}],"collection":[{"href":"https:\/\/cajamar.sp.gov.br\/cidade\/wp-json\/wp\/v2\/pages"}],"about":[{"href":"https:\/\/cajamar.sp.gov.br\/cidade\/wp-json\/wp\/v2\/types\/page"}],"author":[{"embeddable":true,"href":"https:\/\/cajamar.sp.gov.br\/cidade\/wp-json\/wp\/v2\/users\/7"}],"replies":[{"embeddable":true,"href":"https:\/\/cajamar.sp.gov.br\/cidade\/wp-json\/wp\/v2\/comments?post=22"}],"version-history":[{"count":7,"href":"https:\/\/cajamar.sp.gov.br\/cidade\/wp-json\/wp\/v2\/pages\/22\/revisions"}],"predecessor-version":[{"id":363,"href":"https:\/\/cajamar.sp.gov.br\/cidade\/wp-json\/wp\/v2\/pages\/22\/revisions\/363"}],"wp:attachment":[{"href":"https:\/\/cajamar.sp.gov.br\/cidade\/wp-json\/wp\/v2\/media?parent=22"}],"curies":[{"name":"wp","href":"https:\/\/api.w.org\/{rel}","templated":true}]}}