{"id":128,"date":"2023-12-04T10:46:54","date_gmt":"2023-12-04T13:46:54","guid":{"rendered":"https:\/\/cajamar.sp.gov.br\/desenvolvimento-social\/?page_id=128"},"modified":"2025-04-03T14:57:03","modified_gmt":"2025-04-03T17:57:03","slug":"cmi","status":"publish","type":"page","link":"https:\/\/cajamar.sp.gov.br\/desenvolvimento-social\/cmi\/","title":{"rendered":"Conselho Municipal do Idoso"},"content":{"rendered":"\n<div class=\"wp-block-buttons is-content-justification-center is-layout-flex wp-container-core-buttons-is-layout-5e6b19ed wp-block-buttons-is-layout-flex\">\n<div class=\"wp-block-button is-style-outline is-style-outline--1\"><a class=\"wp-block-button__link wp-element-button\" href=\"https:\/\/cajamar.sp.gov.br\/desenvolvimento-social\/cmi\/regimento-interno-cmi\">Regimento<br>Interno<\/a><\/div>\n\n\n\n<div class=\"wp-block-button is-style-outline is-style-outline--2\"><a class=\"wp-block-button__link wp-element-button\" href=\"https:\/\/cajamar.sp.gov.br\/desenvolvimento-social\/cmi\/composicao-cmi\">Composi\u00e7\u00e3o<\/a><\/div>\n\n\n\n<div class=\"wp-block-button is-style-outline is-style-outline--3\"><a class=\"wp-block-button__link wp-element-button\" href=\"https:\/\/cajamar.sp.gov.br\/desenvolvimento-social\/cmi\/reunioes-cmi\">Reuni\u00f5es<\/a><\/div>\n\n\n\n<div class=\"wp-block-button is-style-outline is-style-outline--4\"><a class=\"wp-block-button__link wp-element-button\" href=\"https:\/\/cajamar.sp.gov.br\/desenvolvimento-social\/cmi\/resolucoes-cmi\">Resolu\u00e7\u00f5es<\/a><\/div>\n\n\n\n<div class=\"wp-block-button is-style-outline is-style-outline--5\"><a class=\"wp-block-button__link wp-element-button\" href=\"https:\/\/cajamar.sp.gov.br\/noticias\/2019\/04\/01\/primeira-conferencia-municipal-do-idoso-foi-um-sucesso\/\">Confer\u00eancias<\/a><\/div>\n<\/div>\n\n\n\n<p><\/p>\n\n\n\n<p>O Conselho Municipal do Idoso &#8211; CMI foi institu\u00eddo pela Lei n\u00ba. 1.191\/2005 como \u00f3rg\u00e3o de car\u00e1ter deliberativo e permanente, com representa\u00e7\u00e3o parit\u00e1ria, incumbido de zelar pelo cumprimento das pol\u00edticas voltadas \u00e0 popula\u00e7\u00e3o idosa do munic\u00edpio de Cajamar.<\/p>\n\n\n\n<p>O CMI de Cajamar est\u00e1 vinculado \u00e0 Secretaria Municipal de Desenvolvimento Social de Cajamar, que provem infraestrutura garantindo recursos materiais, humanos e financeiros.<\/p>\n\n\n\n<p>O CMI t\u00eam como principais atribui\u00e7\u00f5es no seu respectivo \u00e2mbito de atua\u00e7\u00e3o: coordenar, supervisionar e avaliar as pol\u00edticas p\u00fablicas que visem a defesa dos direitos do idoso; estimular estudos, debates e pesquisas; propor medidas que visem a garantia ou ampliar os direitos dos idosos; incrementar a organiza\u00e7\u00e3o e a mobiliza\u00e7\u00e3o da comunidade idosa; estimular a elabora\u00e7\u00e3o de projetos que tenham objetivo a participa\u00e7\u00e3o dos idosos nos diferentes setores da atividade social; examinar e dar encaminhamento a assuntos que envolvam problemas relacionados aos idosos e elaborar regimento interno do conselho.<\/p>\n\n\n\n<p>O Fundo Municipal do Idoso &#8211; FMI foi criado pela lei n\u00ba. 1.540\/2013 para capta\u00e7\u00e3o, repasse e aplica\u00e7\u00e3o de recursos, destinados ao desenvolvimento das a\u00e7\u00f5es de prote\u00e7\u00e3o e assist\u00eancia ao idoso. As contribui\u00e7\u00f5es efetuadas em favor do Fundo Municipal do Idoso poder\u00e3o ser deduzidas no Importo de Renda de acordo com a Lei Federal n\u00ba. 12.213\/2010.<\/p>\n\n\n\n<p>Conselho Municipal do Idoso de Cajamar<\/p>\n\n\n\n<p>Rua Antonieta Pasquarelli Penteado, 245 \u2013 Jordan\u00e9sia<\/p>\n\n\n\n<p>Fone: 11 \u2013 4446-0016<\/p>\n\n\n\n<p>Email: <a href=\"mailto:cmi@cajamar.sp.gov.br\">cmi@cajamar.sp.gov.br<\/a><\/p>\n","protected":false},"excerpt":{"rendered":"<p>O Conselho Municipal do Idoso &#8211; CMI foi institu\u00eddo pela Lei n\u00ba. 1.191\/2005 como \u00f3rg\u00e3o de car\u00e1ter deliberativo e permanente, com representa\u00e7\u00e3o parit\u00e1ria, incumbido de zelar pelo cumprimento das pol\u00edticas voltadas \u00e0 popula\u00e7\u00e3o idosa do munic\u00edpio de Cajamar. O CMI de Cajamar est\u00e1 vinculado \u00e0 Secretaria Municipal de Desenvolvimento Social de Cajamar, que provem infraestrutura [&hellip;]<\/p>\n","protected":false},"author":34,"featured_media":0,"parent":0,"menu_order":0,"comment_status":"closed","ping_status":"closed","template":"","meta":{"footnotes":""},"class_list":["post-128","page","type-page","status-publish","hentry"],"_links":{"self":[{"href":"https:\/\/cajamar.sp.gov.br\/desenvolvimento-social\/wp-json\/wp\/v2\/pages\/128","targetHints":{"allow":["GET"]}}],"collection":[{"href":"https:\/\/cajamar.sp.gov.br\/desenvolvimento-social\/wp-json\/wp\/v2\/pages"}],"about":[{"href":"https:\/\/cajamar.sp.gov.br\/desenvolvimento-social\/wp-json\/wp\/v2\/types\/page"}],"author":[{"embeddable":true,"href":"https:\/\/cajamar.sp.gov.br\/desenvolvimento-social\/wp-json\/wp\/v2\/users\/34"}],"replies":[{"embeddable":true,"href":"https:\/\/cajamar.sp.gov.br\/desenvolvimento-social\/wp-json\/wp\/v2\/comments?post=128"}],"version-history":[{"count":11,"href":"https:\/\/cajamar.sp.gov.br\/desenvolvimento-social\/wp-json\/wp\/v2\/pages\/128\/revisions"}],"predecessor-version":[{"id":577,"href":"https:\/\/cajamar.sp.gov.br\/desenvolvimento-social\/wp-json\/wp\/v2\/pages\/128\/revisions\/577"}],"wp:attachment":[{"href":"https:\/\/cajamar.sp.gov.br\/desenvolvimento-social\/wp-json\/wp\/v2\/media?parent=128"}],"curies":[{"name":"wp","href":"https:\/\/api.w.org\/{rel}","templated":true}]}}