{"id":173,"date":"2024-10-21T16:40:08","date_gmt":"2024-10-21T19:40:08","guid":{"rendered":"https:\/\/cajamar.sp.gov.br\/desenvolvimento-social\/?page_id=173"},"modified":"2025-12-16T14:59:49","modified_gmt":"2025-12-16T17:59:49","slug":"resolucoes-cmas","status":"publish","type":"page","link":"https:\/\/cajamar.sp.gov.br\/desenvolvimento-social\/cmas\/resolucoes-cmas\/","title":{"rendered":"Resolu\u00e7\u00f5es CMAS"},"content":{"rendered":"\n<details class=\"wp-block-details is-layout-flow wp-block-details-is-layout-flow\"><summary>2025<\/summary>\n<ul class=\"wp-block-list\">\n<li><a href=\"https:\/\/cajamar.sp.gov.br\/desenvolvimento-social\/wp-content\/uploads\/sites\/12\/2025\/04\/resolucao-cmas-001-2025-delibera-recursos-feas-vigilancia-socioassistencial.pdf\" target=\"_blank\" rel=\"noreferrer noopener\">Resolu\u00e7\u00e3o CMAS 001\/2025<\/a> &#8211; Delibera Recursos FEAS Vigil\u00e2ncia Socioassistencial<\/li>\n\n\n\n<li><a href=\"https:\/\/cajamar.sp.gov.br\/desenvolvimento-social\/wp-content\/uploads\/sites\/12\/2025\/04\/resolucao-cmas-002-2025-delibera-plano-de-acao-fnas-para-2025.pdf\" target=\"_blank\" rel=\"noreferrer noopener\">Resolu\u00e7\u00e3o CMAS 002\/2025<\/a> &#8211; Aprova Plano de A\u00e7\u00e3o para 2025<\/li>\n\n\n\n<li><a href=\"https:\/\/cajamar.sp.gov.br\/desenvolvimento-social\/wp-content\/uploads\/sites\/12\/2025\/04\/resolucao-cmas-003-2025-aprova-reprog-recurso-estadual-2024-2025.pdf\" target=\"_blank\" rel=\"noreferrer noopener\">Resolu\u00e7\u00e3o CMAS 003\/2025<\/a> &#8211; Aprova Reprog Recurso Estadual 2024-2025<\/li>\n\n\n\n<li><a href=\"https:\/\/cajamar.sp.gov.br\/desenvolvimento-social\/wp-content\/uploads\/sites\/12\/2025\/04\/resolucao-cmas-004-2025-institui-comissao-de-revisao-do-regimento-interno.pdf\" target=\"_blank\" rel=\"noreferrer noopener\">Resolu\u00e7\u00e3o CMAS 004\/2025<\/a> &#8211; Institui Comiss\u00e3o de Revis\u00e3o do Regimento Interno<\/li>\n\n\n\n<li><a href=\"https:\/\/cajamar.sp.gov.br\/desenvolvimento-social\/wp-content\/uploads\/sites\/12\/2025\/04\/resolucao-cmas-005-2025-institui-comissao-organizadora-14a-conferencia.pdf\" target=\"_blank\" rel=\"noreferrer noopener\">Resolu\u00e7\u00e3o CMAS 005\/2025<\/a> &#8211; Institui Comiss\u00e3o Organizadora 14\u00aa Confer\u00eancia<\/li>\n\n\n\n<li><a href=\"https:\/\/cajamar.sp.gov.br\/desenvolvimento-social\/wp-content\/uploads\/sites\/12\/2025\/04\/resolucao-cmas-006-2025-institui-comissao-de-acompanhamento-pbf-e-cad.pdf\" target=\"_blank\" rel=\"noreferrer noopener\">Resolu\u00e7\u00e3o CMAS 006\/2025<\/a> &#8211; Institui Comiss\u00e3o de Acompanhamento PBF e Cad\u00danico<\/li>\n\n\n\n<li><a href=\"https:\/\/cajamar.sp.gov.br\/desenvolvimento-social\/wp-content\/uploads\/sites\/12\/2025\/04\/resolucao-cmas-007-2025-delibera-alteracao-do-pmasweb-2025.pdf\" target=\"_blank\" rel=\"noreferrer noopener\">Resolu\u00e7\u00e3o CMAS 007\/2025<\/a> &#8211; Delibera Altera\u00e7\u00e3o do PMASWeb 2025<\/li>\n\n\n\n<li><a href=\"https:\/\/cajamar.sp.gov.br\/desenvolvimento-social\/wp-content\/uploads\/sites\/12\/2025\/04\/resolucao-cmas-008-2025-feas-cofinanciamento-be.pdf\" target=\"_blank\" rel=\"noreferrer noopener\">Resolu\u00e7\u00e3o CMAS 008\/2025<\/a> &#8211; FEAS cofinanciamento Benef\u00edcios Eventuais<\/li>\n\n\n\n<li><a href=\"https:\/\/cajamar.sp.gov.br\/desenvolvimento-social\/wp-content\/uploads\/sites\/12\/2025\/04\/resolucao-cmas-009-2025-aprova-prestacao-de-contas-feas-2024.pdf\" target=\"_blank\" rel=\"noreferrer noopener\">Resolu\u00e7\u00e3o CMAS 009\/2025<\/a> &#8211; Aprova Presta\u00e7\u00e3o de Contas FEAS 2024<\/li>\n\n\n\n<li><a href=\"https:\/\/cajamar.sp.gov.br\/desenvolvimento-social\/wp-content\/uploads\/sites\/12\/2025\/04\/resolucao-cmas-010-2025-aprova-prestacao-de-contas-fnas-2024.pdf\" target=\"_blank\" rel=\"noreferrer noopener\">Resolu\u00e7\u00e3o CMAS 010\/2025<\/a> &#8211; Aprova Presta\u00e7\u00e3o de Contas FNAS 2024<\/li>\n\n\n\n<li><a href=\"https:\/\/cajamar.sp.gov.br\/desenvolvimento-social\/wp-content\/uploads\/sites\/12\/2025\/04\/resolucao-cmas-011-2025-institui-comissao-de-monitoramento-e-avaliacao.pdf\">Resolu\u00e7\u00e3o CMAS<\/a><a href=\"https:\/\/cajamar.sp.gov.br\/desenvolvimento-social\/wp-content\/uploads\/sites\/12\/2025\/04\/resolucao-cmas-011-2025-institui-comissao-de-monitoramento-e-avaliacao.pdf\" target=\"_blank\" rel=\"noreferrer noopener\"> 011<\/a><a href=\"https:\/\/cajamar.sp.gov.br\/desenvolvimento-social\/wp-content\/uploads\/sites\/12\/2025\/04\/resolucao-cmas-011-2025-institui-comissao-de-monitoramento-e-avaliacao.pdf\">\/2025<\/a> &#8211; Institui Comiss\u00e3o de Monitoramento e Avalia\u00e7\u00e3o<\/li>\n\n\n\n<li><a href=\"https:\/\/cajamar.sp.gov.br\/desenvolvimento-social\/wp-content\/uploads\/sites\/12\/2025\/06\/resolucao-cmas-012-2025-relatorios-anuais-2024.pdf\" target=\"_blank\" rel=\"noreferrer noopener\">Resolu\u00e7\u00e3o CMAS 012\/2025<\/a> &#8211; Relat\u00f3rios Anuais 2024<\/li>\n\n\n\n<li><a href=\"https:\/\/cajamar.sp.gov.br\/desenvolvimento-social\/wp-content\/uploads\/sites\/12\/2025\/06\/resolucao-cmas-013-2025-delibera-plano-de-acao-vigilancia-socioassistencial.pdf\" target=\"_blank\" rel=\"noreferrer noopener\">Resolu\u00e7\u00e3o CMAS 013\/2025<\/a> &#8211; Delibera Plano de a\u00e7\u00e3o Vigil\u00e2ncia Socioassistencial<\/li>\n\n\n\n<li><a href=\"https:\/\/cajamar.sp.gov.br\/desenvolvimento-social\/wp-content\/uploads\/sites\/12\/2025\/07\/resolucao-cmas-014-2025-delibera-credito-suplem-feas.pdf\" target=\"_blank\" rel=\"noreferrer noopener\">Resolu\u00e7\u00e3o CMAS 014\/2025<\/a> &#8211; Delibera Cr\u00e9dito Suplementar FEAS<\/li>\n\n\n\n<li><a href=\"https:\/\/cajamar.sp.gov.br\/desenvolvimento-social\/wp-content\/uploads\/sites\/12\/2025\/07\/resolucao-cmas-015-2025-delibera-emenda-millelium.pdf\" target=\"_blank\" rel=\"noreferrer noopener\">Resolu\u00e7\u00e3o CMAS 015\/2025<\/a> &#8211; Delibera Emenda Millelium<\/li>\n\n\n\n<li><a href=\"https:\/\/cajamar.sp.gov.br\/desenvolvimento-social\/wp-content\/uploads\/sites\/12\/2025\/08\/resolucao-cmas-016-2025-delibera-plano-de-aplicacao-fnas.pdf\" target=\"_blank\" rel=\"noreferrer noopener\">Resolu\u00e7\u00e3o CMAS 016\/2025<\/a> &#8211; Delibera plano de aplica\u00e7\u00e3o FNAS<\/li>\n\n\n\n<li><a href=\"https:\/\/cajamar.sp.gov.br\/desenvolvimento-social\/wp-content\/uploads\/sites\/12\/2025\/08\/resolucao-cmas-017-2025-alt-pmasweb-prog-acolhe-cajamar.pdf\" target=\"_blank\" rel=\"noreferrer noopener\">Resolu\u00e7\u00e3o CMAS 017\/2025<\/a> &#8211; Alterar PMASWeb &#8211; programa Acolhe Cajamar<\/li>\n\n\n\n<li><a href=\"https:\/\/cajamar.sp.gov.br\/desenvolvimento-social\/wp-content\/uploads\/sites\/12\/2025\/09\/resolucao-cmas-018-2025-delibera-aplicacao-recursos-regra-de-transicao-580-2020.pdf\" target=\"_blank\" rel=\"noreferrer noopener\">Resolu\u00e7\u00e3o CMAS 018\/2025<\/a> &#8211; Delibera aplica\u00e7\u00e3o recursos regra de transi\u00e7\u00e3o 580\/2020<\/li>\n\n\n\n<li><a href=\"https:\/\/cajamar.sp.gov.br\/desenvolvimento-social\/wp-content\/uploads\/sites\/12\/2025\/12\/resolucao-cmas-019-2025-recomposicao-comissao-de-revisao-do-regimento-interno.pdf\" target=\"_blank\" rel=\"noreferrer noopener\">Resolu\u00e7\u00e3o CMAS 019\/2025<\/a> &#8211; Recomposi\u00e7\u00e3o Comiss\u00e3o de Revis\u00e3o do Regimento Interno<\/li>\n\n\n\n<li><a href=\"https:\/\/cajamar.sp.gov.br\/desenvolvimento-social\/wp-content\/uploads\/sites\/12\/2025\/12\/resolucao-cmas-020-2025-recomposicao-comissao-de-monit-pbf-e-cad.pdf\" target=\"_blank\" rel=\"noreferrer noopener\">Resolu\u00e7\u00e3o CMAS 020\/2025<\/a> &#8211; Recomposi\u00e7\u00e3o Comiss\u00e3o de Monit PBF e CAD\u00danico<\/li>\n\n\n\n<li><a href=\"https:\/\/cajamar.sp.gov.br\/desenvolvimento-social\/wp-content\/uploads\/sites\/12\/2025\/12\/resolucao-cmas-021-2025-ri-3.pdf\" target=\"_blank\" rel=\"noreferrer noopener\">Resolu\u00e7\u00e3o CMAS 021\/2025<\/a> &#8211; Alterar PMASWeb &#8211; Resid\u00eancia Inclusiva<\/li>\n\n\n\n<li><a href=\"https:\/\/cajamar.sp.gov.br\/desenvolvimento-social\/wp-content\/uploads\/sites\/12\/2025\/12\/resolucao-cmas-022-2025-delibera-aplicacao-recursos-regra-de-transicao-580-2020.pdf\" target=\"_blank\" rel=\"noreferrer noopener\">Resolu\u00e7\u00e3o CMAS 022\/2025<\/a> &#8211; Delibera aplica\u00e7\u00e3o recursos<\/li>\n\n\n\n<li><a href=\"https:\/\/cajamar.sp.gov.br\/desenvolvimento-social\/wp-content\/uploads\/sites\/12\/2025\/12\/resolucao-cmas-023-2025-alt-pmasweb-superacao-e-vigilancia.pdf\" target=\"_blank\" rel=\"noreferrer noopener\">Resolu\u00e7\u00e3o CMAS 023\/2025<\/a> &#8211; Alterar PMASWeb &#8211; SuperA\u00e7\u00e3o e Vigilancia<\/li>\n<\/ul>\n\n\n\n<p><\/p>\n<\/details>\n\n\n\n<details class=\"wp-block-details is-layout-flow wp-block-details-is-layout-flow\"><summary>2024<\/summary>\n<ul class=\"wp-block-list\">\n<li><a href=\"https:\/\/cajamar.sp.gov.br\/desenvolvimento-social\/wp-content\/uploads\/sites\/12\/2024\/10\/resolucao-cmas-001-2024-aprova-reprog-recurso-estadual-2023-2024.pdf\">Resolu\u00e7\u00e3o CMAS-001\/2024<\/a> &#8211; Aprova Reprog Recurso Estadual 2023-2024<\/li>\n\n\n\n<li><a href=\"https:\/\/cajamar.sp.gov.br\/desenvolvimento-social\/wp-content\/uploads\/sites\/12\/2024\/10\/resolucao-cmas-002-2024-aprova-plano-de-acao-2023-2024.pdf\">Resolu\u00e7\u00e3o CMAS-002\/2024<\/a> &#8211; Aprova Plano de A\u00e7\u00e3o 2023-2024<\/li>\n\n\n\n<li><a href=\"https:\/\/cajamar.sp.gov.br\/desenvolvimento-social\/wp-content\/uploads\/sites\/12\/2024\/10\/resolucao-cmas-003-2024-aprova-prestacao-de-contas-feas-2023.pdf\">Resolu\u00e7\u00e3o CMAS-003\/2024<\/a> &#8211; Aprova Presta\u00e7\u00e3o de Contas FEAS 2023<\/li>\n\n\n\n<li><a href=\"https:\/\/cajamar.sp.gov.br\/desenvolvimento-social\/wp-content\/uploads\/sites\/12\/2024\/10\/resolucao-cmas-004-2024-delibera-emenda-impositiva.pdf\">Resolu\u00e7\u00e3o CMAS-004\/2024<\/a> &#8211; Delibera Emenda Impositiva<\/li>\n\n\n\n<li><a href=\"https:\/\/cajamar.sp.gov.br\/desenvolvimento-social\/wp-content\/uploads\/sites\/12\/2024\/10\/resolucao-cmas-005-2024-plano-de-acao-para-recursos-fnas-exercicio-2024.pdf\">Resolu\u00e7\u00e3o CMAS-005\/2024<\/a> &#8211; Plano de a\u00e7\u00e3o para recursos FNAS exerc\u00edcio 2024<\/li>\n\n\n\n<li><a href=\"https:\/\/cajamar.sp.gov.br\/desenvolvimento-social\/wp-content\/uploads\/sites\/12\/2024\/10\/resolucao-cmas-006-2024-aprova-inscricao-de-servico-socioassistencial.pdf\">Resolu\u00e7\u00e3o CMAS-006\/2024<\/a> &#8211; Aprova Inscri\u00e7\u00e3o de Servi\u00e7o Socioassistencial<\/li>\n\n\n\n<li><a href=\"https:\/\/cajamar.sp.gov.br\/desenvolvimento-social\/wp-content\/uploads\/sites\/12\/2024\/10\/resolucao-cmas-007-2024-relatorios-anuais-2023.pdf\">Resolu\u00e7\u00e3o CMAS-007\/2024<\/a> &#8211; Relat\u00f3rios Anuais 2023<\/li>\n\n\n\n<li><a href=\"https:\/\/cajamar.sp.gov.br\/desenvolvimento-social\/wp-content\/uploads\/sites\/12\/2024\/10\/resolucao-cmas-008-2024-feas-acol-provisbe.pdf\">Resolu\u00e7\u00e3o CMAS-008\/2024<\/a> &#8211; FEAS Acol Provis+BE<\/li>\n\n\n\n<li><a href=\"https:\/\/cajamar.sp.gov.br\/desenvolvimento-social\/wp-content\/uploads\/sites\/12\/2024\/10\/resolucao-cmas-009-2024-delibera-emenda-apae.pdf\">Resolu\u00e7\u00e3o CMAS-009\/2024<\/a> &#8211; Delibera Emenda APAE<\/li>\n\n\n\n<li><a href=\"https:\/\/cajamar.sp.gov.br\/desenvolvimento-social\/wp-content\/uploads\/sites\/12\/2024\/10\/resolucao-cmas-010-2024-delibera-alteracao-do-pmasweb-2024.pdf\">Resolu\u00e7\u00e3o CMAS-010\/2024<\/a> &#8211; Delibera Altera\u00e7\u00e3o do PMASWeb 2024<\/li>\n\n\n\n<li><a href=\"https:\/\/cajamar.sp.gov.br\/desenvolvimento-social\/wp-content\/uploads\/sites\/12\/2024\/10\/resolucao-cmas-011-2024-delibera-pelo-cancelamento-de-inscricao-de-servico-socioassistencial.pdf\">Resolu\u00e7\u00e3o CMAS-011\/2024<\/a> &#8211; Delibera pelo cancelamento de inscri\u00e7\u00e3o de servi\u00e7o socioassistencial<\/li>\n\n\n\n<li><a href=\"https:\/\/cajamar.sp.gov.br\/desenvolvimento-social\/wp-content\/uploads\/sites\/12\/2024\/10\/resolucao-cmas-012-2024-delibera-alteracao-do-pmasweb-2024.pdf\">Resolu\u00e7\u00e3o CMAS-012\/2024<\/a> &#8211; Delibera Altera\u00e7\u00e3o do PMASWeb 2024<\/li>\n\n\n\n<li><a href=\"https:\/\/cajamar.sp.gov.br\/desenvolvimento-social\/wp-content\/uploads\/sites\/12\/2024\/10\/resolucao-cmas-013-2024-demonstrativo-sintetico-2023.pdf\">Resolu\u00e7\u00e3o CMAS-013\/2024<\/a> &#8211; Demonstrativo Sint\u00e9tico 2023<\/li>\n\n\n\n<li>Resolu\u00e7\u00e3o CMAS-014\/2024 &#8211; Recomposi\u00e7\u00e3o da Comiss\u00e3o de Monitoramento<\/li>\n\n\n\n<li>Resolu\u00e7\u00e3o CMAS-015\/2024 &#8211; Recomposi\u00e7\u00e3o Comiss\u00e3o de Revis\u00e3o do Regimento Interno<\/li>\n\n\n\n<li>Resolu\u00e7\u00e3o CMAS-016\/2024 &#8211; Delibera Expans\u00e3o de Recursos &#8211; FEAS 2024<\/li>\n\n\n\n<li>Resolu\u00e7\u00e3o CMAS-017\/2024 &#8211; Delibera Recursos Remanescentes &#8211; FEAS 2024<\/li>\n\n\n\n<li>Resolu\u00e7\u00e3o CMAS-018\/2024 &#8211; Delibera sobre o PMAS 2025<\/li>\n<\/ul>\n\n\n\n<p><\/p>\n<\/details>\n\n\n\n<details class=\"wp-block-details is-layout-flow wp-block-details-is-layout-flow\"><summary>2023<br><\/summary>\n<p><\/p>\n<\/details>\n","protected":false},"excerpt":{"rendered":"","protected":false},"author":47,"featured_media":0,"parent":126,"menu_order":0,"comment_status":"closed","ping_status":"closed","template":"","meta":{"footnotes":""},"class_list":["post-173","page","type-page","status-publish","hentry"],"_links":{"self":[{"href":"https:\/\/cajamar.sp.gov.br\/desenvolvimento-social\/wp-json\/wp\/v2\/pages\/173","targetHints":{"allow":["GET"]}}],"collection":[{"href":"https:\/\/cajamar.sp.gov.br\/desenvolvimento-social\/wp-json\/wp\/v2\/pages"}],"about":[{"href":"https:\/\/cajamar.sp.gov.br\/desenvolvimento-social\/wp-json\/wp\/v2\/types\/page"}],"author":[{"embeddable":true,"href":"https:\/\/cajamar.sp.gov.br\/desenvolvimento-social\/wp-json\/wp\/v2\/users\/47"}],"replies":[{"embeddable":true,"href":"https:\/\/cajamar.sp.gov.br\/desenvolvimento-social\/wp-json\/wp\/v2\/comments?post=173"}],"version-history":[{"count":26,"href":"https:\/\/cajamar.sp.gov.br\/desenvolvimento-social\/wp-json\/wp\/v2\/pages\/173\/revisions"}],"predecessor-version":[{"id":905,"href":"https:\/\/cajamar.sp.gov.br\/desenvolvimento-social\/wp-json\/wp\/v2\/pages\/173\/revisions\/905"}],"up":[{"embeddable":true,"href":"https:\/\/cajamar.sp.gov.br\/desenvolvimento-social\/wp-json\/wp\/v2\/pages\/126"}],"wp:attachment":[{"href":"https:\/\/cajamar.sp.gov.br\/desenvolvimento-social\/wp-json\/wp\/v2\/media?parent=173"}],"curies":[{"name":"wp","href":"https:\/\/api.w.org\/{rel}","templated":true}]}}