{"id":354,"date":"2025-02-28T16:59:00","date_gmt":"2025-02-28T19:59:00","guid":{"rendered":"https:\/\/cajamar.sp.gov.br\/desenvolvimento-social\/?page_id=354"},"modified":"2026-02-06T16:17:29","modified_gmt":"2026-02-06T19:17:29","slug":"composicao-cmi","status":"publish","type":"page","link":"https:\/\/cajamar.sp.gov.br\/desenvolvimento-social\/cmi\/composicao-cmi\/","title":{"rendered":"Composi\u00e7\u00e3o do CMI"},"content":{"rendered":"\n<h2 class=\"wp-block-heading\"><strong>Rela\u00e7\u00e3o de Membros Titulares e Suplentes<\/strong><\/h2>\n\n\n\n<figure class=\"wp-block-table aligncenter\"><table class=\"has-fixed-layout\"><tbody><tr><td class=\"has-text-align-center\" data-align=\"center\">DESENVOLVIMENTO SOCIAL<\/td><td class=\"has-text-align-left\" data-align=\"left\">Titular &#8211;<strong> <strong>Ros\u00e2ngela Silva Gon\u00e7alves Pastura<\/strong><\/strong><br>Suplente &#8211;<strong> Marielen Celestino de Lima<\/strong><\/td><\/tr><tr><td class=\"has-text-align-center\" data-align=\"center\">SA\u00daDE<\/td><td class=\"has-text-align-left\" data-align=\"left\">Titular &#8211; <strong>Fl\u00e1via Negri<\/strong><br>Suplente &#8211; <strong>Ma\u00edsa Saraiva dos Santos rosa<\/strong><\/td><\/tr><tr><td class=\"has-text-align-center\" data-align=\"center\">CULTURA<\/td><td class=\"has-text-align-left\" data-align=\"left\">Titular &#8211;<strong> Rafaela Ramires da Silva<\/strong><br>Suplente &#8211; <strong>Priscylla da Silva Quadros Fernandes<\/strong><\/td><\/tr><tr><td class=\"has-text-align-center\" data-align=\"center\">ESPORTES<\/td><td class=\"has-text-align-left\" data-align=\"left\">Titular &#8211; <strong>Jos\u00e9 Roberto Miguel\u00e3o<\/strong><br>Suplente &#8211; <strong>S\u00e9rgio Braz Silva<\/strong><\/td><\/tr><tr><td class=\"has-text-align-center\" data-align=\"center\">EDUCA\u00c7\u00c3O<\/td><td class=\"has-text-align-left\" data-align=\"left\">Titular &#8211; <strong>Silma Alessandra Pereira de Oliveira<\/strong><br>Suplente &#8211;<strong> M\u00e1rcia Cristina Prado Rocha<\/strong><\/td><\/tr><tr><td class=\"has-text-align-center\" data-align=\"center\">FUNDO SOCIAL DE SOLIDARIEDADE<\/td><td class=\"has-text-align-left\" data-align=\"left\">Titular &#8211; <strong>Leonardo Carlos Pinto<\/strong><br>Suplente &#8211; <strong>Angela Maria de Oliveira<\/strong><\/td><\/tr><\/tbody><\/table><figcaption class=\"wp-element-caption\">REPRESENTANTES DO PODER P\u00daBLICO<\/figcaption><\/figure>\n\n\n\n<figure class=\"wp-block-table aligncenter\"><table class=\"has-fixed-layout\"><tbody><tr><td class=\"has-text-align-center\" data-align=\"center\">GRUPOS ORGANIZADOS DA MELHOR IDADE<\/td><td class=\"has-text-align-left\" data-align=\"left\">Titular &#8211;<strong> S\u00e9rgio Rodrigues<\/strong><br>Suplente &#8211;<strong> Roseli Aparecida Marques da Silva<\/strong><\/td><\/tr><tr><td class=\"has-text-align-center\" data-align=\"center\">GRUPOS ORGANIZADOS DA MELHOR IDADE<\/td><td class=\"has-text-align-left\" data-align=\"left\">Titular &#8211; <strong>Zenlida Freitas das Neves<\/strong><br>Suplente &#8211; <strong>Bruna Cruz Eloi dos Reis Paulo<\/strong><\/td><\/tr><tr><td class=\"has-text-align-center\" data-align=\"center\">GRUPOS ORGANIZADOS DA MELHOR IDADE<\/td><td class=\"has-text-align-left\" data-align=\"left\">Titular &#8211; <strong>Rebecca Dias Chaves<\/strong><br>Suplente &#8211;<strong> Jo\u00e3o Bueno de Souza<\/strong><\/td><\/tr><tr><td class=\"has-text-align-center\" data-align=\"center\">ENTIDADES SOCIAIS RELACIONADAS AO IDOSO<\/td><td class=\"has-text-align-left\" data-align=\"left\">Titular &#8211; <strong>Ana Laura de Almeida<\/strong><br>Suplente &#8211; <strong>Jacqueline de Lima<\/strong><\/td><\/tr><tr><td class=\"has-text-align-center\" data-align=\"center\">ENTIDADES SOCIAIS RELACIONADAS AO IDOSO<\/td><td class=\"has-text-align-left\" data-align=\"left\">Titular &#8211;<strong> Fernanda da Silva Nogueira Cezar<\/strong><br>Suplente &#8211; <strong>Mar\u00edlia Alzira Pedroso de Souza<\/strong><\/td><\/tr><tr><td class=\"has-text-align-center\" data-align=\"center\">ASSOCIA\u00c7\u00d5ES DE APOSENTADOS E PENSIONISTAS<\/td><td class=\"has-text-align-left\" data-align=\"left\">Titular &#8211; <br>Suplente &#8211; <\/td><\/tr><\/tbody><\/table><figcaption class=\"wp-element-caption\">REPRESENTANTES DA SOCIEDADE CIVIL<\/figcaption><\/figure>\n\n\n\n<details class=\"wp-block-details is-layout-flow wp-block-details-is-layout-flow\"><summary>Decretos de nomea\u00e7\u00e3o<\/summary>\n<ul class=\"wp-block-list\">\n<li>Decreto n\u00ba <a href=\"https:\/\/cajamar.sp.gov.br\/decretos\/decretos-municipais\/decreto-7340-de-2024\/\" target=\"_blank\" rel=\"noreferrer noopener\">7340, de 1\u00ba de novembro de 2024<\/a>;<\/li>\n\n\n\n<li>Decreto n\u00ba <a href=\"https:\/\/cajamar.sp.gov.br\/decretos\/decretos-municipais\/decreto-7450-de-2025\/\">7450, de 25 de fevereiro de 2025<\/a>;<\/li>\n\n\n\n<li>Decreto n\u00ba <a href=\"https:\/\/cajamar.sp.gov.br\/decretos\/decretos-municipais\/decretos-2025\/decreto-7643-de-2025\/\" target=\"_blank\" rel=\"noreferrer noopener\">7643, de 16 de dezembro de 2025.<\/a><\/li>\n<\/ul>\n<\/details>\n\n\n\n<details class=\"wp-block-details is-layout-flow wp-block-details-is-layout-flow\"><summary>Comiss\u00f5es Tem\u00e1ticas Permanentes<\/summary>\n<figure class=\"wp-block-table\"><table class=\"has-fixed-layout\"><tbody><tr><td><\/td><td><\/td><\/tr><\/tbody><\/table><\/figure>\n\n\n\n<figure class=\"wp-block-table\"><table class=\"has-fixed-layout\"><tbody><tr><td><\/td><td><\/td><\/tr><\/tbody><\/table><\/figure>\n\n\n\n<figure class=\"wp-block-table\"><table class=\"has-fixed-layout\"><tbody><tr><td><\/td><td><\/td><\/tr><\/tbody><\/table><\/figure>\n<\/details>\n","protected":false},"excerpt":{"rendered":"<p>Rela\u00e7\u00e3o de Membros Titulares e Suplentes DESENVOLVIMENTO SOCIAL Titular &#8211; Ros\u00e2ngela Silva Gon\u00e7alves PasturaSuplente &#8211; Marielen Celestino de Lima SA\u00daDE Titular &#8211; Fl\u00e1via NegriSuplente &#8211; Ma\u00edsa Saraiva dos Santos rosa CULTURA Titular &#8211; Rafaela Ramires da SilvaSuplente &#8211; Priscylla da Silva Quadros Fernandes ESPORTES Titular &#8211; Jos\u00e9 Roberto Miguel\u00e3oSuplente &#8211; S\u00e9rgio Braz Silva EDUCA\u00c7\u00c3O Titular [&hellip;]<\/p>\n","protected":false},"author":47,"featured_media":0,"parent":128,"menu_order":0,"comment_status":"closed","ping_status":"closed","template":"","meta":{"footnotes":""},"class_list":["post-354","page","type-page","status-publish","hentry"],"_links":{"self":[{"href":"https:\/\/cajamar.sp.gov.br\/desenvolvimento-social\/wp-json\/wp\/v2\/pages\/354","targetHints":{"allow":["GET"]}}],"collection":[{"href":"https:\/\/cajamar.sp.gov.br\/desenvolvimento-social\/wp-json\/wp\/v2\/pages"}],"about":[{"href":"https:\/\/cajamar.sp.gov.br\/desenvolvimento-social\/wp-json\/wp\/v2\/types\/page"}],"author":[{"embeddable":true,"href":"https:\/\/cajamar.sp.gov.br\/desenvolvimento-social\/wp-json\/wp\/v2\/users\/47"}],"replies":[{"embeddable":true,"href":"https:\/\/cajamar.sp.gov.br\/desenvolvimento-social\/wp-json\/wp\/v2\/comments?post=354"}],"version-history":[{"count":7,"href":"https:\/\/cajamar.sp.gov.br\/desenvolvimento-social\/wp-json\/wp\/v2\/pages\/354\/revisions"}],"predecessor-version":[{"id":911,"href":"https:\/\/cajamar.sp.gov.br\/desenvolvimento-social\/wp-json\/wp\/v2\/pages\/354\/revisions\/911"}],"up":[{"embeddable":true,"href":"https:\/\/cajamar.sp.gov.br\/desenvolvimento-social\/wp-json\/wp\/v2\/pages\/128"}],"wp:attachment":[{"href":"https:\/\/cajamar.sp.gov.br\/desenvolvimento-social\/wp-json\/wp\/v2\/media?parent=354"}],"curies":[{"name":"wp","href":"https:\/\/api.w.org\/{rel}","templated":true}]}}