{"id":13434,"date":"2025-05-07T13:51:12","date_gmt":"2025-05-07T16:51:12","guid":{"rendered":"https:\/\/cajamar.sp.gov.br\/educacao\/?page_id=13434"},"modified":"2025-11-11T08:31:22","modified_gmt":"2025-11-11T11:31:22","slug":"convocacoes","status":"publish","type":"page","link":"https:\/\/cajamar.sp.gov.br\/educacao\/convocacoes\/","title":{"rendered":"Convoca\u00e7\u00f5es"},"content":{"rendered":"\n<p><a href=\"https:\/\/cajamar.sp.gov.br\/educacao\/wp-content\/uploads\/sites\/14\/2025\/11\/pmpi-convocacao-9a-reuniao-1.pdf\">PMPI &#8211; Convoca\u00e7\u00e3o &#8211; 9\u00aa Reuni\u00e3o<\/a><\/p>\n\n\n\n<p><a href=\"https:\/\/cajamar.sp.gov.br\/educacao\/wp-content\/uploads\/sites\/14\/2025\/09\/pmpi-convocacao-8a-reuniao.pdf\">PMPI &#8211; Convoca\u00e7\u00e3o &#8211; 8\u00aa Reuni\u00e3o<\/a><\/p>\n\n\n\n<p><a href=\"https:\/\/cajamar.sp.gov.br\/educacao\/wp-content\/uploads\/sites\/14\/2025\/09\/pmpi-convocacao-7a-reuniao.pdf\">PMPI &#8211; Convoca\u00e7\u00e3o &#8211; 7\u00aa Reuni\u00e3o<\/a><\/p>\n\n\n\n<p><a href=\"https:\/\/cajamar.sp.gov.br\/educacao\/wp-content\/uploads\/sites\/14\/2025\/09\/pmpi-convocacao-6a-reuniao.pdf\">PMPI &#8211; Convoca\u00e7\u00e3o &#8211; 6\u00aa Reuni\u00e3o<\/a><\/p>\n\n\n\n<p><a href=\"https:\/\/cajamar.sp.gov.br\/educacao\/wp-content\/uploads\/sites\/14\/2025\/06\/doc-20250618-wa0103.pdf\">PMPI &#8211; Convoca\u00e7\u00e3o &#8211; 5\u00aa Reuni\u00e3o<\/a><\/p>\n\n\n\n<p><a href=\"https:\/\/cajamar.sp.gov.br\/educacao\/wp-content\/uploads\/sites\/14\/2025\/06\/pmpi-convocacao-4a-reuniao.pdf\">PMPI &#8211; Convoca\u00e7\u00e3o &#8211; 4\u00aa Reuni\u00e3o<\/a><\/p>\n\n\n\n<p><a href=\"https:\/\/cajamar.sp.gov.br\/educacao\/wp-content\/uploads\/sites\/14\/2025\/06\/pmpi-convocacao-3a-reuniao-1.pdf\">PMPI &#8211; Convoca\u00e7\u00e3o &#8211; 3\u00aa Reuni\u00e3o<\/a><\/p>\n\n\n\n<p><a href=\"https:\/\/cajamar.sp.gov.br\/educacao\/wp-content\/uploads\/sites\/14\/2025\/05\/pmpi-convocacao-2a-reuniao.pdf\">PMPI &#8211; Convoca\u00e7\u00e3o &#8211; 2\u00aa Reuni\u00e3o<\/a><\/p>\n\n\n\n<p><a href=\"https:\/\/cajamar.sp.gov.br\/educacao\/wp-content\/uploads\/sites\/14\/2025\/05\/pmpi-convocacao-1a-reuniao31.pdf\">PMPI &#8211; Convoca\u00e7\u00e3o &#8211; 1\u00aa Reuni\u00e3o<\/a><\/p>\n","protected":false},"excerpt":{"rendered":"<p>PMPI &#8211; Convoca\u00e7\u00e3o &#8211; 9\u00aa Reuni\u00e3o PMPI &#8211; Convoca\u00e7\u00e3o &#8211; 8\u00aa Reuni\u00e3o PMPI &#8211; Convoca\u00e7\u00e3o &#8211; 7\u00aa Reuni\u00e3o PMPI &#8211; Convoca\u00e7\u00e3o &#8211; 6\u00aa Reuni\u00e3o PMPI &#8211; Convoca\u00e7\u00e3o &#8211; 5\u00aa Reuni\u00e3o PMPI &#8211; Convoca\u00e7\u00e3o &#8211; 4\u00aa Reuni\u00e3o PMPI &#8211; Convoca\u00e7\u00e3o &#8211; 3\u00aa Reuni\u00e3o PMPI &#8211; Convoca\u00e7\u00e3o &#8211; 2\u00aa Reuni\u00e3o PMPI &#8211; Convoca\u00e7\u00e3o &#8211; 1\u00aa Reuni\u00e3o<\/p>\n","protected":false},"author":23,"featured_media":0,"parent":0,"menu_order":0,"comment_status":"closed","ping_status":"closed","template":"","meta":{"footnotes":""},"class_list":["post-13434","page","type-page","status-publish","hentry"],"_links":{"self":[{"href":"https:\/\/cajamar.sp.gov.br\/educacao\/wp-json\/wp\/v2\/pages\/13434","targetHints":{"allow":["GET"]}}],"collection":[{"href":"https:\/\/cajamar.sp.gov.br\/educacao\/wp-json\/wp\/v2\/pages"}],"about":[{"href":"https:\/\/cajamar.sp.gov.br\/educacao\/wp-json\/wp\/v2\/types\/page"}],"author":[{"embeddable":true,"href":"https:\/\/cajamar.sp.gov.br\/educacao\/wp-json\/wp\/v2\/users\/23"}],"replies":[{"embeddable":true,"href":"https:\/\/cajamar.sp.gov.br\/educacao\/wp-json\/wp\/v2\/comments?post=13434"}],"version-history":[{"count":26,"href":"https:\/\/cajamar.sp.gov.br\/educacao\/wp-json\/wp\/v2\/pages\/13434\/revisions"}],"predecessor-version":[{"id":14176,"href":"https:\/\/cajamar.sp.gov.br\/educacao\/wp-json\/wp\/v2\/pages\/13434\/revisions\/14176"}],"wp:attachment":[{"href":"https:\/\/cajamar.sp.gov.br\/educacao\/wp-json\/wp\/v2\/media?parent=13434"}],"curies":[{"name":"wp","href":"https:\/\/api.w.org\/{rel}","templated":true}]}}