{"id":13968,"date":"2025-07-11T08:19:47","date_gmt":"2025-07-11T11:19:47","guid":{"rendered":"https:\/\/cajamar.sp.gov.br\/educacao\/?page_id=13968"},"modified":"2025-07-11T08:20:54","modified_gmt":"2025-07-11T11:20:54","slug":"legislacao","status":"publish","type":"page","link":"https:\/\/cajamar.sp.gov.br\/educacao\/legislacao\/","title":{"rendered":"Legisla\u00e7\u00e3o"},"content":{"rendered":"\n<p><a href=\"https:\/\/cajamar.sp.gov.br\/educacao\/wp-content\/uploads\/sites\/14\/2025\/06\/decreto-7221-24.pdf\" target=\"_blank\" rel=\"noreferrer noopener\">Decreto n\u00ba 7.221, De 6 de Junho de 2024 &#8211; &#8220;Disp\u00f5e Sobre a Comiss\u00e3o Municipal Intersetorial Encarregada de Coordenar a Elabora\u00e7\u00e3o do Plano Municipal pela Primeira Inf\u00e2ncia &#8211; PMPI, e d\u00e1 Outras Provid\u00eancias&#8221;<\/a><\/p>\n\n\n\n<p><a href=\"https:\/\/cajamar.sp.gov.br\/educacao\/wp-content\/uploads\/sites\/14\/2025\/06\/2459.pdf\" target=\"_blank\" rel=\"noreferrer noopener\">Portaria 2.459, De 2 de julho de 2024 &#8211; &#8220;Nomeia os Membros para a Comiss\u00e3o Municipal Intersetorial Encarregada de Coordenar a Elabora\u00e7\u00e3o do Plano Municipal pela Primeira Inf\u00e2ncia &#8211; PMPI, de que trata o Decreto n\u00ba 7.221\/2024, e d\u00e1 outras Provid\u00eancias&#8221;<\/a><\/p>\n","protected":false},"excerpt":{"rendered":"<p>Decreto n\u00ba 7.221, De 6 de Junho de 2024 &#8211; &#8220;Disp\u00f5e Sobre a Comiss\u00e3o Municipal Intersetorial Encarregada de Coordenar a Elabora\u00e7\u00e3o do Plano Municipal pela Primeira Inf\u00e2ncia &#8211; PMPI, e d\u00e1 Outras Provid\u00eancias&#8221; Portaria 2.459, De 2 de julho de 2024 &#8211; &#8220;Nomeia os Membros para a Comiss\u00e3o Municipal Intersetorial Encarregada de Coordenar a Elabora\u00e7\u00e3o [&hellip;]<\/p>\n","protected":false},"author":40,"featured_media":0,"parent":0,"menu_order":0,"comment_status":"closed","ping_status":"closed","template":"","meta":{"footnotes":""},"class_list":["post-13968","page","type-page","status-publish","hentry"],"_links":{"self":[{"href":"https:\/\/cajamar.sp.gov.br\/educacao\/wp-json\/wp\/v2\/pages\/13968","targetHints":{"allow":["GET"]}}],"collection":[{"href":"https:\/\/cajamar.sp.gov.br\/educacao\/wp-json\/wp\/v2\/pages"}],"about":[{"href":"https:\/\/cajamar.sp.gov.br\/educacao\/wp-json\/wp\/v2\/types\/page"}],"author":[{"embeddable":true,"href":"https:\/\/cajamar.sp.gov.br\/educacao\/wp-json\/wp\/v2\/users\/40"}],"replies":[{"embeddable":true,"href":"https:\/\/cajamar.sp.gov.br\/educacao\/wp-json\/wp\/v2\/comments?post=13968"}],"version-history":[{"count":1,"href":"https:\/\/cajamar.sp.gov.br\/educacao\/wp-json\/wp\/v2\/pages\/13968\/revisions"}],"predecessor-version":[{"id":13971,"href":"https:\/\/cajamar.sp.gov.br\/educacao\/wp-json\/wp\/v2\/pages\/13968\/revisions\/13971"}],"wp:attachment":[{"href":"https:\/\/cajamar.sp.gov.br\/educacao\/wp-json\/wp\/v2\/media?parent=13968"}],"curies":[{"name":"wp","href":"https:\/\/api.w.org\/{rel}","templated":true}]}}