{"id":37,"date":"2020-04-16T19:34:08","date_gmt":"2020-04-16T22:34:08","guid":{"rendered":"https:\/\/cajamar.sp.gov.br\/educacao\/?page_id=37"},"modified":"2020-05-04T11:52:03","modified_gmt":"2020-05-04T14:52:03","slug":"transporte-escolar","status":"publish","type":"page","link":"https:\/\/cajamar.sp.gov.br\/educacao\/transporte-escolar\/","title":{"rendered":"Transporte Escolar"},"content":{"rendered":"\n<p>O Servi\u00e7o de Transporte Escolar Regular \u00e9 utilizado diariamente por estudantes da rede municipal e alunos da rede estadual. S\u00e3o percorridos em m\u00e9dia 220 quil\u00f4metros pelos quatro cantos de Cajamar. A empresa Dinatur, vencedora da licita\u00e7\u00e3o tipo preg\u00e3o, executa o servi\u00e7o.<\/p>\n\n\n\n<div class=\"wp-block-image\"><figure class=\"alignleft is-resized\"><img fetchpriority=\"high\" decoding=\"async\" src=\"https:\/\/cajamar.sp.gov.br\/educacao\/wp-content\/uploads\/sites\/14\/2020\/05\/transporte-escolar-cajamar-1280x853.jpg\" alt=\"Transporte escolar \u00e9 utilizado diariamente por estudantes da rede municipal e alunos da rede estadual\" class=\"wp-image-43\" width=\"505\" height=\"337\" srcset=\"https:\/\/cajamar.sp.gov.br\/educacao\/wp-content\/uploads\/sites\/14\/2020\/05\/transporte-escolar-cajamar-1280x853.jpg 1280w, https:\/\/cajamar.sp.gov.br\/educacao\/wp-content\/uploads\/sites\/14\/2020\/05\/transporte-escolar-cajamar-768x512.jpg 768w, https:\/\/cajamar.sp.gov.br\/educacao\/wp-content\/uploads\/sites\/14\/2020\/05\/transporte-escolar-cajamar.jpg 2048w\" sizes=\"(max-width: 505px) 100vw, 505px\" \/><figcaption>Transporte escolar \u00e9 utilizado diariamente por estudantes da rede municipal e alunos da rede estadual<\/figcaption><\/figure><\/div>\n\n\n\n<p>O Setor de Transporte da SME atende ainda estudantes que residem na zona rural, em locais de dif\u00edcil acesso como parte do Ponunduva e Gamel\u00e3o com o auxilio de oito peruas do tipo Kombi. Bairros mais afastados tamb\u00e9m contam com o servi\u00e7o gratuito como KM 43, Roseira e Morro do Ros\u00e1rio (em Jordan\u00e9sia); Jurupari, Para\u00edso, Jardim Panorama I, II e III, Guaturinho e Jardim Muriano (Polvilho).<\/p>\n\n\n\n<p>H\u00e1 um transporte espec\u00edfico tamb\u00e9m para os cadeirantes, al\u00e9m de um \u00f4nibus contratado pela Prefeitura que atende aos alunos da APAE.<\/p>\n\n\n\n<p>Por m\u00eas s\u00e3o ainda fornecidos passes escolares para 60 alunos que residem em locais onde n\u00e3o h\u00e1 linha de transporte escolar, mas contam com linhas regulares do Sistema de Transporte Urbano.\n\n<\/p>\n","protected":false},"excerpt":{"rendered":"<p>O Servi\u00e7o de Transporte Escolar Regular \u00e9 utilizado diariamente por estudantes da rede municipal e alunos da rede estadual de Cajamar.<\/p>\n","protected":false},"author":7,"featured_media":43,"parent":0,"menu_order":0,"comment_status":"closed","ping_status":"closed","template":"","meta":{"footnotes":""},"class_list":["post-37","page","type-page","status-publish","has-post-thumbnail","hentry"],"_links":{"self":[{"href":"https:\/\/cajamar.sp.gov.br\/educacao\/wp-json\/wp\/v2\/pages\/37","targetHints":{"allow":["GET"]}}],"collection":[{"href":"https:\/\/cajamar.sp.gov.br\/educacao\/wp-json\/wp\/v2\/pages"}],"about":[{"href":"https:\/\/cajamar.sp.gov.br\/educacao\/wp-json\/wp\/v2\/types\/page"}],"author":[{"embeddable":true,"href":"https:\/\/cajamar.sp.gov.br\/educacao\/wp-json\/wp\/v2\/users\/7"}],"replies":[{"embeddable":true,"href":"https:\/\/cajamar.sp.gov.br\/educacao\/wp-json\/wp\/v2\/comments?post=37"}],"version-history":[{"count":8,"href":"https:\/\/cajamar.sp.gov.br\/educacao\/wp-json\/wp\/v2\/pages\/37\/revisions"}],"predecessor-version":[{"id":50,"href":"https:\/\/cajamar.sp.gov.br\/educacao\/wp-json\/wp\/v2\/pages\/37\/revisions\/50"}],"wp:featuredmedia":[{"embeddable":true,"href":"https:\/\/cajamar.sp.gov.br\/educacao\/wp-json\/wp\/v2\/media\/43"}],"wp:attachment":[{"href":"https:\/\/cajamar.sp.gov.br\/educacao\/wp-json\/wp\/v2\/media?parent=37"}],"curies":[{"name":"wp","href":"https:\/\/api.w.org\/{rel}","templated":true}]}}