{"id":6,"date":"2019-10-30T14:29:14","date_gmt":"2019-10-30T16:29:14","guid":{"rendered":"https:\/\/cajamar.sp.gov.br\/cultura\/?page_id=6"},"modified":"2025-05-13T09:37:43","modified_gmt":"2025-05-13T12:37:43","slug":"cultura","status":"publish","type":"page","link":"https:\/\/cajamar.sp.gov.br\/esportes\/","title":{"rendered":"Secretaria Municipal de Esporte e Lazer"},"content":{"rendered":"\n<p>A Secretaria Municipal de Esportes e Lazer, identificada pela sigla <strong>SMEL<\/strong>, como \u00f3rg\u00e3o de perfil final\u00edstico, est\u00e1 organizada da seguinte forma:<\/p>\n\n\n\n<ul class=\"wp-block-list\">\n<li>Departamento de Promo\u00e7\u00e3o de Esportes, composto por:<br>a) Divis\u00e3o de Atividades Esportivas;<br>b) Divis\u00e3o de Equipamentos Esportivos.<\/li>\n\n\n\n<li>Departamento de Suporte Administrativo.<\/li>\n<\/ul>\n\n\n\n<p><strong>&nbsp;Compete \u00e0 Secretaria Municipal de Esporte e Lazer:<\/strong><\/p>\n\n\n\n<ul class=\"wp-block-list\">\n<li>Planejar, coordenar, executar e acompanhar as p\u00fablicas, programas, projetos, diretrizes e metas objetivando o desenvolvimento do esporte profissional, amador e de lazer;<\/li>\n\n\n\n<li>Assegurar a organiza\u00e7\u00e3o dos Conselhos Municipais afetos a sua \u00e1rea de organiza\u00e7\u00e3o, nos termos da legisla\u00e7\u00e3o Municipal vigente, fornecendo os meios necess\u00e1rios para sua instala\u00e7\u00e3o e funcionamento;<\/li>\n\n\n\n<li>Gerir os Fundos Municipais afetos a sua \u00e1rea de organiza\u00e7\u00e3o, nos termos da legisla\u00e7\u00e3o Municipal vigente;<\/li>\n\n\n\n<li>Gerir equipamentos desportivos, em parceria com a Secretaria Municipal de Educa\u00e7\u00e3o, Meio Ambiente e Prote\u00e7\u00e3o Ambiental e Turismo.<\/li>\n\n\n\n<li>Difundir e promover o desenvolvimento do esporte e do lazer;<\/li>\n\n\n\n<li>Fomentar e apoiar projetos e a\u00e7\u00f5es que incorporem atividades f\u00edsicas, esporte e lazer aos h\u00e1bitos de vida saud\u00e1vel da popula\u00e7\u00e3o;<\/li>\n\n\n\n<li>Planejar, programar, organizar, amparar, incentivar e supervisionar as atividades esportivas, esporte-educacionais, de recrea\u00e7\u00e3o e de lazer no Munic\u00edpio;<\/li>\n\n\n\n<li>Administrar os equipamentos municipais destinados a pr\u00e1tica de esportes e lazer;<\/li>\n\n\n\n<li>Promover programas desportivos e de recrea\u00e7\u00e3o, de interesse da popula\u00e7\u00e3o;<\/li>\n\n\n\n<li>Promover campeonatos municipais e\/ou intermunicipais;<\/li>\n\n\n\n<li>Promover os Jogos Escolares entre as escolas da Rede Municipal de Ensino de Cajamar;<\/li>\n\n\n\n<li>Promover e incentivar a\u00e7\u00f5es para a pr\u00e1tica de atividades inclusivas para 3\u00aa idade e pessoas com defici\u00eancia e transtorno do espectro autista;<\/li>\n\n\n\n<li>Exercer outras atribui\u00e7\u00f5es correlatas e complementares em sua \u00e1rea de atua\u00e7\u00e3o.<\/li>\n<\/ul>\n\n\n\n<p><strong>Compete ao Departamento de Promo\u00e7\u00e3o de Esportes:<\/strong><\/p>\n\n\n\n<ul class=\"wp-block-list\">\n<li>Formular, implementar e avaliar as pol\u00edticas p\u00fablicas de esportes no Munic\u00edpio;<\/li>\n\n\n\n<li>Elaborar o Plano Municipal de Esportes com diretrizes, objetivos e metas a serem alcan\u00e7ados com indicadores de acompanhamento;<\/li>\n\n\n\n<li>Coordenar as atividades de esportes e lazer desenvolvidas no Munic\u00edpio, organizando competi\u00e7\u00f5es, eventos e atividades previamente planejadas;<\/li>\n\n\n\n<li>Promover a participar de crian\u00e7as, jovens e adultos nas pr\u00e1ticas de esportes coletivos e indiv\u00edduos;<\/li>\n\n\n\n<li>Propor a cria\u00e7\u00e3o de equipamentos de esportes e lazer, quadras poliesportivas, eventos, competi\u00e7\u00f5es locais e regionais e outros eventos relacionados;<\/li>\n\n\n\n<li>Desenvolver e implementar programas e projetos voltados \u00e0 pr\u00e1tica de diversas modalidades de esportes ou meios que possam viabiliz\u00e1-la no Munic\u00edpio;<\/li>\n\n\n\n<li>Zelar e gerir equipamentos p\u00fablicos de esportes, assim como instala\u00e7\u00f5es de pr\u00e1ticas de exerc\u00edcio e atividade f\u00edsica em pra\u00e7as e parques municipais;<\/li>\n\n\n\n<li>Colaborar, de maneira transversal com outras Secretarias, na manuten\u00e7\u00e3o e aperfei\u00e7oamento dos parques municipais;<\/li>\n\n\n\n<li>Criar e atrair condi\u00e7\u00f5es e recursos para que o Munic\u00edpio melhore sua infraestrutura desportiva;<\/li>\n\n\n\n<li>Elaborar e publicar editais de chamamento p\u00fablico;<\/li>\n\n\n\n<li>Realizar outras atividades afins.<\/li>\n<\/ul>\n\n\n\n<p><strong>Compete \u00e0 Divis\u00e3o de Atividades Esportivas:<\/strong><\/p>\n\n\n\n<ul class=\"wp-block-list\">\n<li>Formular e executar projetos referente \u00e0s pr\u00e1ticas e \u00e0s atividades f\u00edsicas e esportivas nas escolas e institui\u00e7\u00f5es desportivas municipais;<\/li>\n\n\n\n<li>Realizar a\u00e7\u00f5es voltadas \u00e0 realiza\u00e7\u00e3o de pr\u00e1ticas esportivas desenvolvidas e ofertadas pela Secretaria;<\/li>\n\n\n\n<li>Promover e organizar competi\u00e7\u00f5es esportivas de diversas modalidades no Munic\u00edpio;<\/li>\n\n\n\n<li>Fomentar e auxiliar na participa\u00e7\u00e3o dos mun\u00edcipes em competi\u00e7\u00f5es esportivas regionais;<\/li>\n\n\n\n<li>Realizar campanhas de comunica\u00e7\u00e3o p\u00fablica e divulga\u00e7\u00e3o das a\u00e7\u00f5es esportivas desenvolvidas e ofertadas pela Secretaria;<\/li>\n\n\n\n<li>Promover as atividades esportivas e cursos destinadas \u00e0s crian\u00e7as, adolescentes, adultos e idosos;<\/li>\n\n\n\n<li>Realizar eventos e atividades esportivas para a comunidade local;<\/li>\n\n\n\n<li>Fomentar a forma\u00e7\u00e3o de atletas e equipes de alto rendimento;<\/li>\n\n\n\n<li>Realizar outras atividades afins.<\/li>\n<\/ul>\n\n\n\n<p><strong>Compete \u00e0 Divis\u00e3o de Equipamentos Esportivos:<\/strong><\/p>\n\n\n\n<ul class=\"wp-block-list\">\n<li>Administrar e operacionalizar equipamentos e espa\u00e7os de produ\u00e7\u00e3o e promo\u00e7\u00e3o de pr\u00e1ticas desportivas e de lazer;<\/li>\n\n\n\n<li>Realizar campanhas de comunica\u00e7\u00e3o p\u00fablica e divulga\u00e7\u00e3o das a\u00e7\u00f5es em prol da realiza\u00e7\u00e3o de pr\u00e1ticas esportivas desenvolvidas junto \u00e0 comunidade e ofertadas pela Secretaria;<\/li>\n\n\n\n<li>Gerir os equipamentos e espa\u00e7os esportivos e de lazer sob responsabilidade da Secretaria;<\/li>\n\n\n\n<li>Desenvolver atividades interativas junto \u00e0 comunidade, que fortale\u00e7am a import\u00e2ncia da pr\u00e1tica esportiva e do lazer no Munic\u00edpio;<\/li>\n\n\n\n<li>Gerir os recursos voltados \u00e0 aquisi\u00e7\u00e3o de equipamentos e acess\u00f3rios desportivos e lazer, assim como daqueles com a finalidade de melhorar a infraestrutura desportiva do Munic\u00edpio<\/li>\n\n\n\n<li>Desenvolver, formular e executar, com a participa\u00e7\u00e3o da comunidade local, projetos referentes \u00e0s atividades e \u00e0s pr\u00e1ticas de lazer nos espa\u00e7os p\u00fablicos dos bairros do Munic\u00edpio;<\/li>\n\n\n\n<li>Gerir os parques municipais e gin\u00e1sios poliesportivos sob responsabilidade da Secretaria;<\/li>\n\n\n\n<li>Providenciar, quando da ocorr\u00eancia de furtos e\/ou roubos, relat\u00f3rio e boletim de ocorr\u00eancia;<\/li>\n\n\n\n<li>Realizar outras atividades afins.<\/li>\n<\/ul>\n\n\n\n<p><strong>Compete ao Departamento de Suporte Administrativo:<\/strong><\/p>\n\n\n\n<ul class=\"wp-block-list\">\n<li>Formular, promover e implementar pol\u00edticas e diretrizes relativas \u00e0s atividades de administra\u00e7\u00e3o de gest\u00e3o de recursos, suprimentos e infraestrutura necess\u00e1rias \u00e0 efetividade dos resultados no \u00e2mbito da Secretaria e dos seus equipamentos;<\/li>\n\n\n\n<li>Planejar, executar e controlar todas as atividades administrativas relacionadas \u00e0s necessidades de compras e distribui\u00e7\u00e3o da Secretaria;<\/li>\n\n\n\n<li>Promover a manuten\u00e7\u00e3o geral dos pr\u00f3prios equipamentos e unidades da Secretaria, administrar e controlar o patrim\u00f4nio mobili\u00e1rio e imobili\u00e1rio, inclusive em rela\u00e7\u00e3o \u00e0 manuten\u00e7\u00e3o e conserva\u00e7\u00e3o;<\/li>\n\n\n\n<li>Administrar, controlar e acompanhar a gest\u00e3o dos contratos, conv\u00eanios e parcerias, em especial quanto ao aspecto financeiro e aos prazos;<\/li>\n\n\n\n<li>Administrar e controlar o uso de ve\u00edculos da Secretaria;<\/li>\n\n\n\n<li>Subsidiar programas de valoriza\u00e7\u00e3o dos servidores, bem como fornecer suporte e apoio aos servidores;<\/li>\n\n\n\n<li>Coordenar os servi\u00e7os de recep\u00e7\u00e3o, organiza\u00e7\u00e3o, limpeza, telefonia e acesso \u00e0 internet;<\/li>\n\n\n\n<li>Assegurar o gerenciamento dos dados para realiza\u00e7\u00e3o do pagamento dos servidores p\u00fablicos da Secretaria;<\/li>\n\n\n\n<li>Planejar e fazer a gest\u00e3o or\u00e7ament\u00e1ria da rede de assist\u00eancia social Municipal, participando na elabora\u00e7\u00e3o do Plano Plurianual \u2013 PPA, da Lei de Diretrizes Or\u00e7ament\u00e1rias \u2013 LDO e da Lei or\u00e7ament\u00e1ria anual \u2013 LOA da Secretaria, de forma que atinja as metas estabelecidas no plano de governo para a \u00e1rea;<\/li>\n\n\n\n<li>Atender cidad\u00e3os, usu\u00e1rios e servidores, no limite de sua atua\u00e7\u00e3o;<\/li>\n\n\n\n<li>Gerir as parcerias firmadas entre a Prefeitura e \u00f3rg\u00e3os para promo\u00e7\u00e3o ao desporto;<\/li>\n\n\n\n<li>Promover, no \u00e2mbito de sua atribui\u00e7\u00e3o, o apoio administrativo em rela\u00e7\u00e3o aos contratos p\u00fablicos de servi\u00e7os gerais em andamento pelo Munic\u00edpio;<\/li>\n\n\n\n<li>Realizar outras atividades afins.<\/li>\n<\/ul>\n\n\n\n<p><strong>A estrutura organizacional da Secretaria Municipal de Esporte e Lazer \u00e9 dividida em:<\/strong><\/p>\n\n\n\n<ul class=\"wp-block-list\">\n<li>Subsecret\u00e1rio<\/li>\n\n\n\n<li>Diretor de Departamento<\/li>\n\n\n\n<li>Chefe de Divis\u00e3o<\/li>\n\n\n\n<li>Apoio Or\u00e7ament\u00e1rio<\/li>\n\n\n\n<li>Apoio de Gest\u00e3o de Recursos Humanos<\/li>\n\n\n\n<li>Apoio Operacional<\/li>\n<\/ul>\n","protected":false},"excerpt":{"rendered":"<p>A SMCEL tem por finalidade planejar, definir e implementar pol\u00edticas p\u00fablicas, programas, planos, projetos, diretrizes e metas objetivando o desenvolvimento da cultura e a pr\u00e1tica do desporto assim como, garantir \u00e0 popula\u00e7\u00e3o a pr\u00e1tica do esporte e lazer.<\/p>\n","protected":false},"author":2,"featured_media":0,"parent":0,"menu_order":0,"comment_status":"closed","ping_status":"closed","template":"","meta":{"footnotes":""},"class_list":["post-6","page","type-page","status-publish","hentry"],"_links":{"self":[{"href":"https:\/\/cajamar.sp.gov.br\/esportes\/wp-json\/wp\/v2\/pages\/6","targetHints":{"allow":["GET"]}}],"collection":[{"href":"https:\/\/cajamar.sp.gov.br\/esportes\/wp-json\/wp\/v2\/pages"}],"about":[{"href":"https:\/\/cajamar.sp.gov.br\/esportes\/wp-json\/wp\/v2\/types\/page"}],"author":[{"embeddable":true,"href":"https:\/\/cajamar.sp.gov.br\/esportes\/wp-json\/wp\/v2\/users\/2"}],"replies":[{"embeddable":true,"href":"https:\/\/cajamar.sp.gov.br\/esportes\/wp-json\/wp\/v2\/comments?post=6"}],"version-history":[{"count":34,"href":"https:\/\/cajamar.sp.gov.br\/esportes\/wp-json\/wp\/v2\/pages\/6\/revisions"}],"predecessor-version":[{"id":815,"href":"https:\/\/cajamar.sp.gov.br\/esportes\/wp-json\/wp\/v2\/pages\/6\/revisions\/815"}],"wp:attachment":[{"href":"https:\/\/cajamar.sp.gov.br\/esportes\/wp-json\/wp\/v2\/media?parent=6"}],"curies":[{"name":"wp","href":"https:\/\/api.w.org\/{rel}","templated":true}]}}