{"id":10283,"date":"2025-08-15T10:09:42","date_gmt":"2025-08-15T13:09:42","guid":{"rendered":"https:\/\/cajamar.sp.gov.br\/fazenda\/?page_id=10283"},"modified":"2026-03-25T15:46:03","modified_gmt":"2026-03-25T18:46:03","slug":"loa-2027","status":"publish","type":"page","link":"https:\/\/cajamar.sp.gov.br\/fazenda\/loa-2027\/","title":{"rendered":"Projeto de Lei\u00a0Or\u00e7ament\u00e1ria Anual\u00a0\u2013 LOA 2027"},"content":{"rendered":"\n<div class=\"wp-block-columns is-layout-flex wp-container-core-columns-is-layout-9d6595d7 wp-block-columns-is-layout-flex\">\n<div class=\"wp-block-column is-vertically-aligned-bottom is-layout-flow wp-block-column-is-layout-flow\" style=\"flex-basis:50%\">\n<div class=\"wp-block-group\"><div class=\"wp-block-group__inner-container is-layout-constrained wp-block-group-is-layout-constrained\">\n<h2 class=\"wp-block-heading\" id=\"h.nvci876aglpk_l\" style=\"letter-spacing:0px\">Popula\u00e7\u00e3o&nbsp;<\/h2>\n\n\n\n<p>Entre 2010 e 2022, o n\u00famero de moradores de Cajamar aumentou&nbsp;<strong>44%<\/strong>, a uma taxa de crescimento anual de 3,12%, a oitava maior do estado de S\u00e3o Paulo.<\/p>\n\n\n\n<p>Em&nbsp;2025&nbsp;, segundo a estimativa do IBGE, a popula\u00e7\u00e3o teve um aumento de&nbsp;<strong>6,12%&nbsp;<\/strong>em rela\u00e7\u00e3o \u00e0&nbsp; 2022. Isso significa que o munic\u00edpio continua crescendo, com mais pessoas vivendo e utilizando os servi\u00e7os p\u00fablicos da cidade.<\/p>\n<\/div><\/div>\n<\/div>\n\n\n\n<div class=\"wp-block-column is-vertically-aligned-bottom is-layout-flow wp-block-column-is-layout-flow\" style=\"flex-basis:50%\">\n<figure class=\"wp-block-image size-full\"><img fetchpriority=\"high\" decoding=\"async\" width=\"688\" height=\"425\" src=\"https:\/\/cajamar.sp.gov.br\/fazenda\/wp-content\/uploads\/sites\/15\/2026\/03\/graficoloa-1.png\" alt=\"\" class=\"wp-image-10390\" \/><\/figure>\n<\/div>\n<\/div>\n\n\n\n<h2 class=\"wp-block-heading\">Cen\u00e1rio Econ\u00f4mico&nbsp;<\/h2>\n\n\n\n\n\n<p>Com base nos relat\u00f3rios mais recentes do Boletim Focus, as perspectivas de mercado para os pr\u00f3ximos anos da economia nacional indicam um cen\u00e1rio de gradual acomoda\u00e7\u00e3o da infla\u00e7\u00e3o, ap\u00f3s um per\u00edodo prolongado de taxas de juros em patamares elevados, combinado a um crescimento econ\u00f4mico moderado.&nbsp;<\/p>\n\n\n\n<p>A capacidade fiscal do munic\u00edpio depende, direta e indiretamente, do comportamento desses fatores macroecon\u00f4micos, tanto pelo lado das receitas quanto pelo lado das despesas p\u00fablicas.<\/p>\n\n\n\n<figure class=\"wp-block-image size-large\"><img decoding=\"async\" width=\"1280\" height=\"358\" src=\"https:\/\/cajamar.sp.gov.br\/fazenda\/wp-content\/uploads\/sites\/15\/2026\/03\/focus-1-1280x358.jpg\" alt=\"\" class=\"wp-image-10477\" srcset=\"https:\/\/cajamar.sp.gov.br\/fazenda\/wp-content\/uploads\/sites\/15\/2026\/03\/focus-1-1280x358.jpg 1280w, https:\/\/cajamar.sp.gov.br\/fazenda\/wp-content\/uploads\/sites\/15\/2026\/03\/focus-1-768x215.jpg 768w, https:\/\/cajamar.sp.gov.br\/fazenda\/wp-content\/uploads\/sites\/15\/2026\/03\/focus-1-1536x430.jpg 1536w, https:\/\/cajamar.sp.gov.br\/fazenda\/wp-content\/uploads\/sites\/15\/2026\/03\/focus-1.jpg 1741w\" sizes=\"(max-width: 1280px) 100vw, 1280px\" \/><\/figure>\n\n\n\n<h2 class=\"wp-block-heading\" id=\"h.jvgdug15osur_l\"><strong>Reforma Tribut\u00e1ria<\/strong><\/h2>\n\n\n\n<p>A reforma tribut\u00e1ria trar\u00e1 desafios significativos para os Munic\u00edpios brasileiros, exigindo um esfor\u00e7o de adapta\u00e7\u00e3o para minimizar perdas e buscar novas estrat\u00e9gias de fortalecimento econ\u00f4mico.&nbsp;<\/p>\n\n\n\n<p>A atua\u00e7\u00e3o proativa da Prefeitura de Cajamar ser\u00e1 fundamental para garantir que a transi\u00e7\u00e3o seja feita de forma equilibrada, assegurando a continuidade da presta\u00e7\u00e3o de servi\u00e7os p\u00fablicos essenciais \u00e0 popula\u00e7\u00e3o.&nbsp;<\/p>\n\n\n\n<p>As principais fontes de arrecada\u00e7\u00e3o municipal impactadas pela Reforma Tribut\u00e1ria s\u00e3o os repasses do ICMS, cuja Constitui\u00e7\u00e3o Federal estabelece que 25% pertencem aos munic\u00edpios, e o Imposto sobre Servi\u00e7os (ISS), que ser\u00e1 substitu\u00eddo pelo Imposto sobre Bens e Servi\u00e7os (IBS).<\/p>\n\n\n\n<p>Conforme o cronograma da Reforma, n\u00e3o haver\u00e1 altera\u00e7\u00f5es nessas importantes fontes de recursos at\u00e9 2028. A transi\u00e7\u00e3o ter\u00e1 in\u00edcio em 2029, com finaliza\u00e7\u00e3o prevista para 2033.<\/p>\n\n\n\n<hr class=\"wp-block-separator has-text-color has-cyan-bluish-gray-color has-alpha-channel-opacity has-cyan-bluish-gray-background-color has-background\" \/>\n\n\n\n<h2 class=\"wp-block-heading\" id=\"h.jvgdug15osur_l\"><strong>Agenda 2030 &#8211; Para o Desenvolvimento Sustent\u00e1vel(ODS)&nbsp; ONU<\/strong><\/h2>\n\n\n\n<div class=\"wp-block-columns is-layout-flex wp-container-core-columns-is-layout-9d6595d7 wp-block-columns-is-layout-flex\">\n<div class=\"wp-block-column is-layout-flow wp-block-column-is-layout-flow\" style=\"flex-basis:100%\">\n<div class=\"wp-block-columns is-layout-flex wp-container-core-columns-is-layout-9d6595d7 wp-block-columns-is-layout-flex\">\n<div class=\"wp-block-column is-layout-flow wp-block-column-is-layout-flow\" style=\"flex-basis:66.66%\">\n<p><\/p>\n\n\n\n<p class=\"has-text-align-left\">A Agenda 2030 \u00e9 um plano de a\u00e7\u00e3o global estabelecido pela Organiza\u00e7\u00e3o das Na\u00e7\u00f5es Unidas (ONU) em  setembro de 2015 para erradicar a pobreza, proteger o planeta e garantir a prosperidade para todos. Ela \u00e9 composta por 17 Objetivos de Desenvolvimento Sustent\u00e1vel (ODS) e 169 metas a serem alcan\u00e7adas at\u00e9 2030.<\/p>\n<\/div>\n\n\n\n<div class=\"wp-block-column is-layout-flow wp-block-column-is-layout-flow\"><\/div>\n\n\n\n<div class=\"wp-block-column is-layout-flow wp-block-column-is-layout-flow\"><\/div>\n\n\n\n<div class=\"wp-block-column is-vertically-aligned-center is-layout-flow wp-block-column-is-layout-flow\" style=\"flex-basis:33.33%\">\n<figure class=\"wp-block-image size-full is-resized\"><img decoding=\"async\" width=\"257\" height=\"274\" src=\"https:\/\/cajamar.sp.gov.br\/fazenda\/wp-content\/uploads\/sites\/15\/2026\/03\/graficocirculo-9.png\" alt=\"\" class=\"wp-image-10401\" style=\"aspect-ratio:0.9380061594616175;width:259px;height:auto\" \/><\/figure>\n\n\n\n<div class=\"wp-block-columns is-layout-flex wp-container-core-columns-is-layout-9d6595d7 wp-block-columns-is-layout-flex\">\n<div class=\"wp-block-column is-layout-flow wp-block-column-is-layout-flow\" style=\"flex-basis:33.33%\"><\/div>\n\n\n\n<div class=\"wp-block-column is-layout-flow wp-block-column-is-layout-flow\" style=\"flex-basis:66.66%\"><\/div>\n<\/div>\n<\/div>\n\n\n\n<div class=\"wp-block-column is-layout-flow wp-block-column-is-layout-flow\"><\/div>\n\n\n\n<div class=\"wp-block-column is-layout-flow wp-block-column-is-layout-flow\"><\/div>\n\n\n\n<div class=\"wp-block-column is-layout-flow wp-block-column-is-layout-flow\"><\/div>\n\n\n\n<div class=\"wp-block-column is-layout-flow wp-block-column-is-layout-flow\"><\/div>\n<\/div>\n<\/div>\n<\/div>\n\n\n\n<div class=\"wp-block-columns is-layout-flex wp-container-core-columns-is-layout-9d6595d7 wp-block-columns-is-layout-flex\">\n<div class=\"wp-block-column is-layout-flow wp-block-column-is-layout-flow\" style=\"flex-basis:30%\">\n<blockquote class=\"wp-block-quote is-layout-flow wp-block-quote-is-layout-flow\">\n<h2 class=\"wp-block-heading\" id=\"h.oeyg6acpt1l3_l\"><strong>Ciclo do Planejamento<\/strong><\/h2>\n<\/blockquote>\n<\/div>\n\n\n\n<div class=\"wp-block-column is-layout-flow wp-block-column-is-layout-flow\" style=\"flex-basis:70%\">\n<figure class=\"wp-block-image size-full\"><img loading=\"lazy\" decoding=\"async\" width=\"732\" height=\"301\" src=\"https:\/\/cajamar.sp.gov.br\/fazenda\/wp-content\/uploads\/sites\/15\/2026\/03\/ciclo.jpg\" alt=\"\" class=\"wp-image-10392\" \/><\/figure>\n<\/div>\n<\/div>\n\n\n\n<p><\/p>\n\n\n\n<h2 class=\"wp-block-heading\"><strong>Elabora\u00e7\u00e3o da Lei de Diretrizes Or\u00e7ament\u00e1rias 2027.&nbsp;<\/strong><\/h2>\n\n\n\n<p>A gest\u00e3o p\u00fablica tem o papel de conduzir a elabora\u00e7\u00e3o das<strong>&nbsp;Pe\u00e7as Or\u00e7ament\u00e1rias&nbsp;<\/strong>&nbsp;de forma participativa e transparente, os estudos abrangem a an\u00e1lise do cen\u00e1rio econ\u00f4mico, as metas estabelecidas no Plano de Governo e nos Planos Setoriais, com a participa\u00e7\u00e3o da popula\u00e7\u00e3o na defini\u00e7\u00e3o das prioridades.&nbsp;<\/p>\n\n\n\n<p>Dessa forma, \u00e9 poss\u00edvel garantir que os recursos p\u00fablicos sejam aplicados de forma eficiente e que as pol\u00edticas p\u00fablicas atendam \u00e0s necessidades e demandas da sociedade.<\/p>\n\n\n\n<p>Neste processo, a sua sugest\u00e3o \u00e9 importante para aprimorar a LDO que ser\u00e1 encaminhada para a C\u00e2mara Municipal. Em seguida, o projeto de lei ser\u00e1 analisado, debatido e se necess\u00e1rio modificado. Por fim, ap\u00f3s ser aprovado pelos vereadores, seguir\u00e1 para a san\u00e7\u00e3o do Prefeito.<\/p>\n\n\n\n<p><\/p>\n\n\n\n<div class=\"wp-block-buttons is-content-justification-center is-layout-flex wp-container-core-buttons-is-layout-16018d1d wp-block-buttons-is-layout-flex\">\n<div class=\"wp-block-button has-custom-width wp-block-button__width-50 is-style-fill\"><a class=\"wp-block-button__link has-white-color has-text-color has-background has-link-color wp-element-button\" href=\"https:\/\/cajamar.sp.gov.br\/fazenda\/ldo-2027\/\" style=\"border-radius:5px;background-color:#1f3c72\" target=\"_blank\" rel=\"noreferrer noopener\">Confira as a\u00e7\u00f5es para o ano 2027<\/a><\/div>\n<\/div>\n\n\n\n<p><\/p>\n","protected":false},"excerpt":{"rendered":"<p>Popula\u00e7\u00e3o&nbsp; Entre 2010 e 2022, o n\u00famero de moradores de Cajamar aumentou&nbsp;44%, a uma taxa de crescimento anual de 3,12%, a oitava maior do estado de S\u00e3o Paulo. Em&nbsp;2025&nbsp;, segundo a estimativa do IBGE, a popula\u00e7\u00e3o teve um aumento de&nbsp;6,12%&nbsp;em rela\u00e7\u00e3o \u00e0&nbsp; 2022. Isso significa que o munic\u00edpio continua crescendo, com mais pessoas vivendo e [&hellip;]<\/p>\n","protected":false},"author":40,"featured_media":0,"parent":0,"menu_order":0,"comment_status":"closed","ping_status":"closed","template":"","meta":{"footnotes":""},"class_list":["post-10283","page","type-page","status-publish","hentry"],"_links":{"self":[{"href":"https:\/\/cajamar.sp.gov.br\/fazenda\/wp-json\/wp\/v2\/pages\/10283","targetHints":{"allow":["GET"]}}],"collection":[{"href":"https:\/\/cajamar.sp.gov.br\/fazenda\/wp-json\/wp\/v2\/pages"}],"about":[{"href":"https:\/\/cajamar.sp.gov.br\/fazenda\/wp-json\/wp\/v2\/types\/page"}],"author":[{"embeddable":true,"href":"https:\/\/cajamar.sp.gov.br\/fazenda\/wp-json\/wp\/v2\/users\/40"}],"replies":[{"embeddable":true,"href":"https:\/\/cajamar.sp.gov.br\/fazenda\/wp-json\/wp\/v2\/comments?post=10283"}],"version-history":[{"count":50,"href":"https:\/\/cajamar.sp.gov.br\/fazenda\/wp-json\/wp\/v2\/pages\/10283\/revisions"}],"predecessor-version":[{"id":10487,"href":"https:\/\/cajamar.sp.gov.br\/fazenda\/wp-json\/wp\/v2\/pages\/10283\/revisions\/10487"}],"wp:attachment":[{"href":"https:\/\/cajamar.sp.gov.br\/fazenda\/wp-json\/wp\/v2\/media?parent=10283"}],"curies":[{"name":"wp","href":"https:\/\/api.w.org\/{rel}","templated":true}]}}