{"id":8351,"date":"2022-03-31T10:08:31","date_gmt":"2022-03-31T13:08:31","guid":{"rendered":"https:\/\/cajamar.sp.gov.br\/fazenda\/?page_id=8351"},"modified":"2022-03-31T10:47:00","modified_gmt":"2022-03-31T13:47:00","slug":"elaboracao-do-projeto-de-lei-de-diretrizes-orcamentaria-para-o-exerciciode-2023","status":"publish","type":"page","link":"https:\/\/cajamar.sp.gov.br\/fazenda\/elaboracao-do-projeto-de-lei-de-diretrizes-orcamentaria-para-o-exerciciode-2023\/","title":{"rendered":"Elabora\u00e7\u00e3o do Projeto de Lei de Diretrizes Or\u00e7ament\u00e1ria para o Exerc\u00edcio de 2023"},"content":{"rendered":"\n<p><a href=\"https:\/\/docs.google.com\/presentation\/d\/1d-tOlSsNvIjlaKmVnwinfBDGcVzIcOEDMkEsF0e1gVI\/edit#slide=id.p\">CARTILHA<\/a><\/p>\n\n\n\n<p><a href=\"https:\/\/docs.google.com\/presentation\/d\/1tPlvtc8S4-4jrBOSxj12J9tlM1OPXztdga_J0UfEhDE\/edit#slide=id.g11d3e37f756_0_1066\">APRESENTA\u00c7\u00c3O<\/a><\/p>\n\n\n\n<p><a href=\"https:\/\/docs.google.com\/forms\/d\/18g9reKVNcTF0XB3Z1853wKIsSPfroUaz-qdLd29bgEQ\/viewform?edit_requested=true\">FORMUL\u00c1RIO ELETR\u00d4NICO<\/a><\/p>\n","protected":false},"excerpt":{"rendered":"<p>CARTILHA APRESENTA\u00c7\u00c3O FORMUL\u00c1RIO ELETR\u00d4NICO<\/p>\n","protected":false},"author":10,"featured_media":0,"parent":0,"menu_order":0,"comment_status":"closed","ping_status":"closed","template":"","meta":{"footnotes":""},"class_list":["post-8351","page","type-page","status-publish","hentry"],"_links":{"self":[{"href":"https:\/\/cajamar.sp.gov.br\/fazenda\/wp-json\/wp\/v2\/pages\/8351","targetHints":{"allow":["GET"]}}],"collection":[{"href":"https:\/\/cajamar.sp.gov.br\/fazenda\/wp-json\/wp\/v2\/pages"}],"about":[{"href":"https:\/\/cajamar.sp.gov.br\/fazenda\/wp-json\/wp\/v2\/types\/page"}],"author":[{"embeddable":true,"href":"https:\/\/cajamar.sp.gov.br\/fazenda\/wp-json\/wp\/v2\/users\/10"}],"replies":[{"embeddable":true,"href":"https:\/\/cajamar.sp.gov.br\/fazenda\/wp-json\/wp\/v2\/comments?post=8351"}],"version-history":[{"count":5,"href":"https:\/\/cajamar.sp.gov.br\/fazenda\/wp-json\/wp\/v2\/pages\/8351\/revisions"}],"predecessor-version":[{"id":8364,"href":"https:\/\/cajamar.sp.gov.br\/fazenda\/wp-json\/wp\/v2\/pages\/8351\/revisions\/8364"}],"wp:attachment":[{"href":"https:\/\/cajamar.sp.gov.br\/fazenda\/wp-json\/wp\/v2\/media?parent=8351"}],"curies":[{"name":"wp","href":"https:\/\/api.w.org\/{rel}","templated":true}]}}