{"id":97,"date":"2020-04-22T16:35:30","date_gmt":"2020-04-22T19:35:30","guid":{"rendered":"https:\/\/cajamar.sp.gov.br\/fazenda\/?page_id=97"},"modified":"2023-11-09T10:36:37","modified_gmt":"2023-11-09T13:36:37","slug":"servicos-online","status":"publish","type":"page","link":"https:\/\/cajamar.sp.gov.br\/fazenda\/servicos-online\/","title":{"rendered":"Servi\u00e7os Online"},"content":{"rendered":"\n<ul class=\"wp-block-list\">\n<li><a href=\"http:\/\/tributos.cajamar.sp.gov.br\/EMISSOES\/certidaoprincipaliptu.aspx\">Certid\u00e3o negativa de IPTU;<\/a><\/li>\n\n\n\n<li><a href=\"http:\/\/tributos.cajamar.sp.gov.br\/EMISSOES\/certidaoprincipaliss.aspx\">Certid\u00e3o negativa de ISS Fixo e Taxas;<\/a><\/li>\n\n\n\n<li><a href=\"https:\/\/geisweb.com.br\/cajamar\/publico\/php\/login.php\">Certid\u00e3o negativa de ISS Vari\u00e1vel;<\/a><\/li>\n<\/ul>\n\n\n\n<ul class=\"wp-block-list\">\n<li><a href=\"http:\/\/tributos.cajamar.sp.gov.br\/EMISSOES\/certidaoprincipaliptuvenal.aspx\">Certid\u00e3o de valor venal<\/a><span style=\"color: initial\">;<\/span><\/li>\n\n\n\n<li><a href=\"http:\/\/tributos.cajamar.sp.gov.br\/EMISSOES\/bolexercicioiptu.aspx\">Segunda via do IPTU;<\/a><\/li>\n<\/ul>\n\n\n\n<ul class=\"wp-block-list\">\n<li><a href=\"https:\/\/geisweb.com.br\/cajamar\/nfse\/php\/login.php\">Emiss\u00e3o de nota fiscal eletr\u00f4nica;<\/a><\/li>\n\n\n\n<li><a href=\"https:\/\/geisweb.com.br\/cajamar\/contribuinte\/php\/login.php\">Escritura\u00e7\u00e3o fiscal;<\/a><\/li>\n\n\n\n<li><a href=\"http:\/\/geisweb.com.br\/cajamar\/contribuinte\/cadastramento.php\" target=\"_blank\" rel=\"noreferrer noopener\">Formul\u00e1rio de autoriza\u00e7\u00e3o para emiss\u00e3o de nota fiscal eletr\u00f4nica;<\/a><\/li>\n\n\n\n<li><a href=\"https:\/\/cajamar.sp.gov.br\/decretos\/wp-content\/uploads\/sites\/28\/2023\/01\/decreto-6896-23.pdf\" target=\"_blank\" rel=\"noreferrer noopener\">Decreto com a lista de servi\u00e7os do ISS e as respectivas al\u00edquotas;<\/a><\/li>\n\n\n\n<li><a href=\"https:\/\/leismunicipais.com.br\/codigo-tributario-cajamar-sp\">C\u00f3digo Tribut\u00e1rio Municipal;<\/a><\/li>\n<\/ul>\n","protected":false},"excerpt":{"rendered":"","protected":false},"author":7,"featured_media":0,"parent":0,"menu_order":0,"comment_status":"closed","ping_status":"closed","template":"","meta":{"footnotes":""},"class_list":["post-97","page","type-page","status-publish","hentry"],"_links":{"self":[{"href":"https:\/\/cajamar.sp.gov.br\/fazenda\/wp-json\/wp\/v2\/pages\/97","targetHints":{"allow":["GET"]}}],"collection":[{"href":"https:\/\/cajamar.sp.gov.br\/fazenda\/wp-json\/wp\/v2\/pages"}],"about":[{"href":"https:\/\/cajamar.sp.gov.br\/fazenda\/wp-json\/wp\/v2\/types\/page"}],"author":[{"embeddable":true,"href":"https:\/\/cajamar.sp.gov.br\/fazenda\/wp-json\/wp\/v2\/users\/7"}],"replies":[{"embeddable":true,"href":"https:\/\/cajamar.sp.gov.br\/fazenda\/wp-json\/wp\/v2\/comments?post=97"}],"version-history":[{"count":28,"href":"https:\/\/cajamar.sp.gov.br\/fazenda\/wp-json\/wp\/v2\/pages\/97\/revisions"}],"predecessor-version":[{"id":9482,"href":"https:\/\/cajamar.sp.gov.br\/fazenda\/wp-json\/wp\/v2\/pages\/97\/revisions\/9482"}],"wp:attachment":[{"href":"https:\/\/cajamar.sp.gov.br\/fazenda\/wp-json\/wp\/v2\/media?parent=97"}],"curies":[{"name":"wp","href":"https:\/\/api.w.org\/{rel}","templated":true}]}}