{"id":14,"date":"2020-04-16T23:02:16","date_gmt":"2020-04-17T02:02:16","guid":{"rendered":"https:\/\/cajamar.sp.gov.br\/governo\/?page_id=14"},"modified":"2023-08-31T16:52:12","modified_gmt":"2023-08-31T19:52:12","slug":"fundo-social-de-solidariedade","status":"publish","type":"page","link":"https:\/\/cajamar.sp.gov.br\/governo\/fundo-social-de-solidariedade\/","title":{"rendered":"Fundo Social de Solidariedade"},"content":{"rendered":"\n<figure class=\"wp-block-image size-large\"><a href=\"https:\/\/cajamar.sp.gov.br\/governo\/wp-content\/uploads\/sites\/16\/2023\/08\/dsc5573.jpg\"><img fetchpriority=\"high\" decoding=\"async\" width=\"1280\" height=\"853\" src=\"https:\/\/cajamar.sp.gov.br\/governo\/wp-content\/uploads\/sites\/16\/2023\/08\/dsc5573-1280x853.jpg\" alt=\"\" class=\"wp-image-113\" srcset=\"https:\/\/cajamar.sp.gov.br\/governo\/wp-content\/uploads\/sites\/16\/2023\/08\/dsc5573-1280x853.jpg 1280w, https:\/\/cajamar.sp.gov.br\/governo\/wp-content\/uploads\/sites\/16\/2023\/08\/dsc5573-768x512.jpg 768w, https:\/\/cajamar.sp.gov.br\/governo\/wp-content\/uploads\/sites\/16\/2023\/08\/dsc5573-1536x1024.jpg 1536w, https:\/\/cajamar.sp.gov.br\/governo\/wp-content\/uploads\/sites\/16\/2023\/08\/dsc5573.jpg 2048w\" sizes=\"(max-width: 1280px) 100vw, 1280px\" \/><\/a><\/figure>\n\n\n\n<p><strong>FUNDO SOCIAL DE SOLIDARIEDADE<\/strong><\/p>\n\n\n\n<p>O Fundo Social de Solidariedade possui atendimento presencial de segunda a sexta (exceto feriado), das 08h \u00e0s 17h. Os mun\u00edcipes devem estar munidos dos seguintes documentos:<\/p>\n\n\n\n<p>&#8211; Carteira de identidade<\/p>\n\n\n\n<p>&#8211; Comprovante de resid\u00eancia (atualizado e em nome do solicitante)<\/p>\n\n\n\n<p>&#8211; Carteira de trabalho<\/p>\n\n\n\n<p><strong>FUNDO SOCIAL NOS BAIRROS<\/strong><\/p>\n\n\n\n<p>O Projeto Fundo Social nos Bairros \u00e9 uma proposta inovadora que tem como objetivo levar para os locais mais afastados os servi\u00e7os e projetos que s\u00e3o desenvolvidos na sede. Dentre as atividades oferecidas est\u00e3o a realiza\u00e7\u00e3o de cursos e oficinas de capacita\u00e7\u00e3o, rodas de conversa e durante a realiza\u00e7\u00e3o da campanha do Inverno Solid\u00e1rio, a doa\u00e7\u00e3o de roupas e agasalhos para as fam\u00edlias participantes.<br>Atrav\u00e9s desse projeto, o Fundo Social de Solidariedade refor\u00e7a o compromisso com a qualidade de vida dos moradores, promovendo a\u00e7\u00f5es que abrangem diferentes aspectos fundamentais, levando ao alcance das fam\u00edlias de diversos pontos da cidade.<\/p>\n\n\n\n<p><strong>CAMPANHA INVERNO SOLID\u00c1RIO<\/strong><\/p>\n\n\n\n<p>A &#8220;Campanha Inverno Solid\u00e1rio&#8221; \u00e9 realizada anualmente com um prop\u00f3sito de assegurar que todas as fam\u00edlias do munic\u00edpio tenham acesso a roupas quentes e itens essenciais para enfrentar a esta\u00e7\u00e3o mais fria do ano. Sabemos que as baixas temperaturas podem trazer desconforto e dificuldades, especialmente para aqueles em situa\u00e7\u00e3o de vulnerabilidade.<\/p>\n\n\n\n<p>Para arrecadar cobertores e agasalhos, o Fundo Social conta com a parceria de diversas empresas do munic\u00edpio que mant\u00e9m as caixas de arrecada\u00e7\u00e3o nos estabelecimentos para que a popula\u00e7\u00e3o possa contribuir. Acreditamos que, ao unir nossos esfor\u00e7os, podemos criar um impacto positivo e duradouro, mostrando que em Cajamar, cuidamos uns dos outros, proporcionando al\u00edvio para os mais necessitados.<\/p>\n\n\n\n<p><strong>CORA\u00c7\u00c3O DE M\u00c3E<\/strong><\/p>\n\n\n\n<p>O Programa Cora\u00e7\u00e3o de M\u00e3e \u00e9 uma a\u00e7\u00e3o integrada, atrav\u00e9s da parceria entre o Fundo Social de Solidariedade, Secretaria Municipal de Sa\u00fade e Secretaria Municipal de Desenvolvimento Social. A iniciativa tem como objetivo realizar o acompanhamento humanizado do pr\u00e9-natal, para que as mulheres tenham todo o respaldo que necessitam durante o per\u00edodo gestacional, promovendo a sa\u00fade mental e f\u00edsica da m\u00e3e e do beb\u00ea.<\/p>\n\n\n\n<p>O acompanhamento \u00e9 feito atrav\u00e9s de encontros peri\u00f3dicos, realizados nas Unidades de Sa\u00fade do munic\u00edpio. Durante os encontros s\u00e3o discutidos temas de interesse da gestante, al\u00e9m de atendimentos especializados com equipes de enfermagem, enfermeira obst\u00e9trica, nutricionista cl\u00ednica, assistente social e psic\u00f3loga e tamb\u00e9m atividades complementares.<\/p>\n\n\n\n<p>Como participar: procure a unidade de sa\u00fade mais pr\u00f3xima de sua resid\u00eancia e comunique o desejo de participar dos encontros.<\/p>\n\n\n\n<p><strong>OFICINA DOCE INF\u00c2NCIA<\/strong><\/p>\n\n\n\n<p>A &#8220;Oficina Doce Inf\u00e2ncia&#8221; \u00e9 um espa\u00e7o especial voltado para crian\u00e7as, onde a criatividade, o aprendizado e a divers\u00e3o se encontram em uma tenda montada especialmente para a garotada colocar a m\u00e3o na massa.<\/p>\n\n\n\n<p>A oficina normalmente \u00e9 indicada para crian\u00e7as de 5 a 10 anos e a participa\u00e7\u00e3o \u00e9 gratuita. A atividade j\u00e1 foi realizada em diversos bairros e sempre quando \u00e9 programada uma nova edi\u00e7\u00e3o, o Fundo Social abre inscri\u00e7\u00f5es antecipadas atrav\u00e9s da divulga\u00e7\u00e3o no site e redes sociais para que as crian\u00e7as possam participar<\/p>\n\n\n\n<p><strong>ARRECADA\u00c7\u00c3O PERMANENTE<\/strong><\/p>\n\n\n\n<p>O Fundo Social de Solidariedade de Cajamar realiza doa\u00e7\u00f5es ao longo do ano, auxiliando as fam\u00edlias em situa\u00e7\u00e3o de vulnerabilidade social do munic\u00edpio, portanto, mant\u00e9m as arrecada\u00e7\u00f5es permanente, ou seja, as doa\u00e7\u00f5es s\u00e3o sempre bem-vindas. O objetivo \u00e9 manter um estoque regular de alimentos para atender todas as fam\u00edlias.<\/p>\n\n\n\n<p>As doa\u00e7\u00f5es podem ser feitas diretamente na sede do Fundo Social, localizada na Av. Arnaldo Rojek n\u00ba 403. A participa\u00e7\u00e3o de todos \u00e9 fundamental para o sucesso da campanha. Fa\u00e7a sua parte e ajude a construir uma cidade mais solid\u00e1ria e justa para todos. Junte-se ao Fundo Social de Solidariedade de Cajamar e fa\u00e7a a diferen\u00e7a na vida de muitas pessoas!<\/p>\n\n\n\n<p><strong>GASTRONOMIA SOLID\u00c1RIA<\/strong><\/p>\n\n\n\n<p>O centro profissionalizante na \u201cGastronomia Solid\u00e1ria\u201d visa oferecer cursos dentro da \u00e1rea de gastronomia a mun\u00edcipes em vulnerabilidade social e econ\u00f4mica, dando a eles um rumo \u00e0 autonomia financeira. Os cursos oferecidos gratuitamente tornam os novos profissionais de cozinha aptos a realizar suas fun\u00e7\u00f5es de acordo com as necessidades do mercado, oferecendo excel\u00eancia, disciplina e inova\u00e7\u00e3o.<br>Al\u00e9m da forma\u00e7\u00e3o profissional, a \u201cGastronomia Solid\u00e1ria\u201d apresenta diferentes ferramentas de conscientiza\u00e7\u00e3o sobre desperd\u00edcio e aproveitamento total dos alimentos, gerando possibilidades de empreender e conectar pessoas atrav\u00e9s da gastronomia e tornar o ambiente em que vivem mais sustent\u00e1vel.<\/p>\n\n\n\n<p><strong>VIVA LEITE<\/strong><\/p>\n\n\n\n<p>O Projeto Vivaleite \u00e9 o maior programa de distribui\u00e7\u00e3o gratuita de leite pasteurizado do Brasil. O Fundo Social de Solidariedade \u00e9 o respons\u00e1vel pela entrega dos leites para as fam\u00edlias em nossa cidade.<\/p>\n\n\n\n<p>Podem participar, mediante a disponibilidade de vagas pelo Governo do Estado de S\u00e3o Paulo, as fam\u00edlias com crian\u00e7as de 6 meses at\u00e9 5 anos e 11 meses que estejam inscritos no Cadastro \u00danico como respons\u00e1vel familiar e estar com o cadastro atualizado. Para se inscrever, basta levar a ficha resumo do Cadastro \u00danico na sede do Fundo Social.<\/p>\n","protected":false},"excerpt":{"rendered":"<p>FUNDO SOCIAL DE SOLIDARIEDADE O Fundo Social de Solidariedade possui atendimento presencial de segunda a sexta (exceto feriado), das 08h \u00e0s 17h. Os mun\u00edcipes devem estar munidos dos seguintes documentos: &#8211; Carteira de identidade &#8211; Comprovante de resid\u00eancia (atualizado e em nome do solicitante) &#8211; Carteira de trabalho FUNDO SOCIAL NOS BAIRROS O Projeto Fundo [&hellip;]<\/p>\n","protected":false},"author":7,"featured_media":0,"parent":0,"menu_order":0,"comment_status":"closed","ping_status":"closed","template":"","meta":{"footnotes":""},"class_list":["post-14","page","type-page","status-publish","hentry"],"_links":{"self":[{"href":"https:\/\/cajamar.sp.gov.br\/governo\/wp-json\/wp\/v2\/pages\/14","targetHints":{"allow":["GET"]}}],"collection":[{"href":"https:\/\/cajamar.sp.gov.br\/governo\/wp-json\/wp\/v2\/pages"}],"about":[{"href":"https:\/\/cajamar.sp.gov.br\/governo\/wp-json\/wp\/v2\/types\/page"}],"author":[{"embeddable":true,"href":"https:\/\/cajamar.sp.gov.br\/governo\/wp-json\/wp\/v2\/users\/7"}],"replies":[{"embeddable":true,"href":"https:\/\/cajamar.sp.gov.br\/governo\/wp-json\/wp\/v2\/comments?post=14"}],"version-history":[{"count":12,"href":"https:\/\/cajamar.sp.gov.br\/governo\/wp-json\/wp\/v2\/pages\/14\/revisions"}],"predecessor-version":[{"id":114,"href":"https:\/\/cajamar.sp.gov.br\/governo\/wp-json\/wp\/v2\/pages\/14\/revisions\/114"}],"wp:attachment":[{"href":"https:\/\/cajamar.sp.gov.br\/governo\/wp-json\/wp\/v2\/media?parent=14"}],"curies":[{"name":"wp","href":"https:\/\/api.w.org\/{rel}","templated":true}]}}