{"id":6,"date":"2019-10-29T18:30:32","date_gmt":"2019-10-29T20:30:32","guid":{"rendered":"https:\/\/cajamar.sp.gov.br\/prefeitura\/?page_id=6"},"modified":"2022-06-01T10:34:12","modified_gmt":"2022-06-01T13:34:12","slug":"prefeitura","status":"publish","type":"page","link":"https:\/\/cajamar.sp.gov.br\/prefeitura\/","title":{"rendered":"Apresenta\u00e7\u00e3o"},"content":{"rendered":"\n<p>A sede do Poder Executivo est\u00e1 localizada na Pra\u00e7a Jos\u00e9 Rodrigues do Nascimento, 30 \u2013 Centro de Cajamar. Nas instala\u00e7\u00f5es funcionam o Gabinete da Prefeito, Secretarias de Administra\u00e7\u00e3o; Justi\u00e7a; Infraestrutura e Servi\u00e7os P\u00fablicos; Governo; Educa\u00e7\u00e3o; Gest\u00e3o e Desenvolvimento de Recursos Humanos; Moderniza\u00e7\u00e3o, Comunica\u00e7\u00e3o e Gest\u00e3o de Eventos e Fazenda e Gest\u00e3o Estrat\u00e9gica (onde \u00e9 poss\u00edvel efetuar pagamento de tributos).<\/p>\n\n\n<div class=\"wp-block-image\">\n<figure class=\"aligncenter is-resized\"><img fetchpriority=\"high\" decoding=\"async\" src=\"https:\/\/cajamar.sp.gov.br\/prefeitura\/wp-content\/uploads\/sites\/9\/2019\/10\/fachada_prefeitura-1-1280x821.jpg\" alt=\"\" class=\"wp-image-11\" width=\"452\" height=\"289\" srcset=\"https:\/\/cajamar.sp.gov.br\/prefeitura\/wp-content\/uploads\/sites\/9\/2019\/10\/fachada_prefeitura-1-1280x821.jpg 1280w, https:\/\/cajamar.sp.gov.br\/prefeitura\/wp-content\/uploads\/sites\/9\/2019\/10\/fachada_prefeitura-1-768x492.jpg 768w\" sizes=\"(max-width: 452px) 100vw, 452px\" \/><figcaption> Pa\u00e7o Municipal da Prefeitura no Centro de Cajamar <\/figcaption><\/figure>\n<\/div>\n\n\n<p>No mesmo endere\u00e7o est\u00e3o localizados: Ouvidoria, Departamento de Apoio T\u00e9cnico e Legislativo. Conta ainda com um posto de atendimento para servidores do Banco Bradesco. <\/p>\n\n\n<div class=\"wp-block-image\">\n<figure class=\"aligncenter is-resized\"><img decoding=\"async\" src=\"https:\/\/cajamar.sp.gov.br\/prefeitura\/wp-content\/uploads\/sites\/9\/2019\/10\/praca-prefeitura-1280x827.jpg\" alt=\"\" class=\"wp-image-13\" width=\"456\" height=\"294\" srcset=\"https:\/\/cajamar.sp.gov.br\/prefeitura\/wp-content\/uploads\/sites\/9\/2019\/10\/praca-prefeitura-1280x827.jpg 1280w, https:\/\/cajamar.sp.gov.br\/prefeitura\/wp-content\/uploads\/sites\/9\/2019\/10\/praca-prefeitura-768x496.jpg 768w, https:\/\/cajamar.sp.gov.br\/prefeitura\/wp-content\/uploads\/sites\/9\/2019\/10\/praca-prefeitura.jpg 2048w\" sizes=\"(max-width: 456px) 100vw, 456px\" \/><figcaption>Pra\u00e7a Jos\u00e9 Rodrigues do Nascimento <\/figcaption><\/figure>\n<\/div>","protected":false},"excerpt":{"rendered":"<p>A sede do Poder Executivo est\u00e1 localizada na Pra\u00e7a Jos\u00e9 Rodrigues do Nascimento, 30 \u2013 Centro de Cajamar.<\/p>\n","protected":false},"author":2,"featured_media":0,"parent":0,"menu_order":0,"comment_status":"closed","ping_status":"closed","template":"","meta":{"footnotes":""},"class_list":["post-6","page","type-page","status-publish","hentry"],"_links":{"self":[{"href":"https:\/\/cajamar.sp.gov.br\/prefeitura\/wp-json\/wp\/v2\/pages\/6","targetHints":{"allow":["GET"]}}],"collection":[{"href":"https:\/\/cajamar.sp.gov.br\/prefeitura\/wp-json\/wp\/v2\/pages"}],"about":[{"href":"https:\/\/cajamar.sp.gov.br\/prefeitura\/wp-json\/wp\/v2\/types\/page"}],"author":[{"embeddable":true,"href":"https:\/\/cajamar.sp.gov.br\/prefeitura\/wp-json\/wp\/v2\/users\/2"}],"replies":[{"embeddable":true,"href":"https:\/\/cajamar.sp.gov.br\/prefeitura\/wp-json\/wp\/v2\/comments?post=6"}],"version-history":[{"count":17,"href":"https:\/\/cajamar.sp.gov.br\/prefeitura\/wp-json\/wp\/v2\/pages\/6\/revisions"}],"predecessor-version":[{"id":161,"href":"https:\/\/cajamar.sp.gov.br\/prefeitura\/wp-json\/wp\/v2\/pages\/6\/revisions\/161"}],"wp:attachment":[{"href":"https:\/\/cajamar.sp.gov.br\/prefeitura\/wp-json\/wp\/v2\/media?parent=6"}],"curies":[{"name":"wp","href":"https:\/\/api.w.org\/{rel}","templated":true}]}}