{"id":177,"date":"2022-09-08T16:42:22","date_gmt":"2022-09-08T19:42:22","guid":{"rendered":"https:\/\/cajamar.sp.gov.br\/saude\/?page_id=177"},"modified":"2023-03-21T15:34:31","modified_gmt":"2023-03-21T18:34:31","slug":"material-de-capacitacao","status":"publish","type":"page","link":"https:\/\/cajamar.sp.gov.br\/saude\/saude\/conselho-municipal-de-saude\/material-de-capacitacao\/","title":{"rendered":"CAPACITA\u00c7\u00d5ES DO CMS"},"content":{"rendered":"\n<p>Capacita\u00e7\u00e3o do CMS no Tribunal de Contas do Estado -TCE abril\/2.022.<\/p>\n\n\n\n<p><\/p>\n\n\n\n<figure class=\"wp-block-gallery has-nested-images columns-default is-cropped wp-block-gallery-1 is-layout-flex wp-block-gallery-is-layout-flex\">\n<figure class=\"wp-block-image size-large\"><img fetchpriority=\"high\" decoding=\"async\" width=\"1273\" height=\"960\" data-id=\"287\" src=\"https:\/\/cajamar.sp.gov.br\/saude\/wp-content\/uploads\/sites\/22\/2022\/09\/image_6483441-2-1273x960.jpg\" alt=\"\" class=\"wp-image-287\" srcset=\"https:\/\/cajamar.sp.gov.br\/saude\/wp-content\/uploads\/sites\/22\/2022\/09\/image_6483441-2-1273x960.jpg 1273w, https:\/\/cajamar.sp.gov.br\/saude\/wp-content\/uploads\/sites\/22\/2022\/09\/image_6483441-2-300x225.jpg 300w, https:\/\/cajamar.sp.gov.br\/saude\/wp-content\/uploads\/sites\/22\/2022\/09\/image_6483441-2-768x579.jpg 768w, https:\/\/cajamar.sp.gov.br\/saude\/wp-content\/uploads\/sites\/22\/2022\/09\/image_6483441-2.jpg 1440w\" sizes=\"(max-width: 1273px) 100vw, 1273px\" \/><\/figure>\n<\/figure>\n\n\n\n<figure class=\"wp-block-gallery has-nested-images columns-default is-cropped wp-block-gallery-2 is-layout-flex wp-block-gallery-is-layout-flex\">\n<figure class=\"wp-block-image size-large\"><img decoding=\"async\" width=\"772\" height=\"583\" data-id=\"288\" src=\"https:\/\/cajamar.sp.gov.br\/saude\/wp-content\/uploads\/sites\/22\/2022\/09\/image_6483441-1-1.jpg\" alt=\"\" class=\"wp-image-288\" srcset=\"https:\/\/cajamar.sp.gov.br\/saude\/wp-content\/uploads\/sites\/22\/2022\/09\/image_6483441-1-1.jpg 772w, https:\/\/cajamar.sp.gov.br\/saude\/wp-content\/uploads\/sites\/22\/2022\/09\/image_6483441-1-1-768x580.jpg 768w\" sizes=\"(max-width: 772px) 100vw, 772px\" \/><\/figure>\n<\/figure>\n\n\n\n<p>Capacita\u00e7\u00e3o de Sa\u00fade Coletiva &#8211; setembro\/2.022.<\/p>\n\n\n\n<figure class=\"wp-block-gallery has-nested-images columns-default is-cropped wp-block-gallery-3 is-layout-flex wp-block-gallery-is-layout-flex\">\n<figure class=\"wp-block-image size-large\"><img decoding=\"async\" width=\"1024\" height=\"768\" data-id=\"353\" src=\"https:\/\/cajamar.sp.gov.br\/saude\/wp-content\/uploads\/sites\/22\/2022\/09\/image_6483441-3-2.jpg\" alt=\"\" class=\"wp-image-353\" srcset=\"https:\/\/cajamar.sp.gov.br\/saude\/wp-content\/uploads\/sites\/22\/2022\/09\/image_6483441-3-2.jpg 1024w, https:\/\/cajamar.sp.gov.br\/saude\/wp-content\/uploads\/sites\/22\/2022\/09\/image_6483441-3-2-300x225.jpg 300w, https:\/\/cajamar.sp.gov.br\/saude\/wp-content\/uploads\/sites\/22\/2022\/09\/image_6483441-3-2-768x576.jpg 768w\" sizes=\"(max-width: 1024px) 100vw, 1024px\" \/><\/figure>\n<\/figure>\n\n\n\n<figure class=\"wp-block-gallery has-nested-images columns-default is-cropped wp-block-gallery-4 is-layout-flex wp-block-gallery-is-layout-flex\">\n<figure class=\"wp-block-image size-large\"><img loading=\"lazy\" decoding=\"async\" width=\"720\" height=\"960\" data-id=\"354\" src=\"https:\/\/cajamar.sp.gov.br\/saude\/wp-content\/uploads\/sites\/22\/2022\/09\/image_6483441-4-1-720x960.jpg\" alt=\"\" class=\"wp-image-354\" srcset=\"https:\/\/cajamar.sp.gov.br\/saude\/wp-content\/uploads\/sites\/22\/2022\/09\/image_6483441-4-1-720x960.jpg 720w, https:\/\/cajamar.sp.gov.br\/saude\/wp-content\/uploads\/sites\/22\/2022\/09\/image_6483441-4-1.jpg 768w\" sizes=\"(max-width: 720px) 100vw, 720px\" \/><\/figure>\n<\/figure>\n\n\n\n<figure class=\"wp-block-gallery has-nested-images columns-default is-cropped wp-block-gallery-5 is-layout-flex wp-block-gallery-is-layout-flex\">\n<figure class=\"wp-block-image size-large\"><img loading=\"lazy\" decoding=\"async\" width=\"1024\" height=\"768\" data-id=\"355\" src=\"https:\/\/cajamar.sp.gov.br\/saude\/wp-content\/uploads\/sites\/22\/2022\/09\/image_6483441-1-2.jpg\" alt=\"\" class=\"wp-image-355\" srcset=\"https:\/\/cajamar.sp.gov.br\/saude\/wp-content\/uploads\/sites\/22\/2022\/09\/image_6483441-1-2.jpg 1024w, https:\/\/cajamar.sp.gov.br\/saude\/wp-content\/uploads\/sites\/22\/2022\/09\/image_6483441-1-2-300x225.jpg 300w, https:\/\/cajamar.sp.gov.br\/saude\/wp-content\/uploads\/sites\/22\/2022\/09\/image_6483441-1-2-768x576.jpg 768w\" sizes=\"(max-width: 1024px) 100vw, 1024px\" \/><\/figure>\n<\/figure>\n\n\n\n<figure class=\"wp-block-gallery has-nested-images columns-default is-cropped wp-block-gallery-6 is-layout-flex wp-block-gallery-is-layout-flex\">\n<figure class=\"wp-block-image size-large\"><img loading=\"lazy\" decoding=\"async\" width=\"1280\" height=\"904\" data-id=\"390\" src=\"https:\/\/cajamar.sp.gov.br\/saude\/wp-content\/uploads\/sites\/22\/2022\/09\/img-1847-1280x904.jpg\" alt=\"\" class=\"wp-image-390\" srcset=\"https:\/\/cajamar.sp.gov.br\/saude\/wp-content\/uploads\/sites\/22\/2022\/09\/img-1847-1280x904.jpg 1280w, https:\/\/cajamar.sp.gov.br\/saude\/wp-content\/uploads\/sites\/22\/2022\/09\/img-1847-768x543.jpg 768w, https:\/\/cajamar.sp.gov.br\/saude\/wp-content\/uploads\/sites\/22\/2022\/09\/img-1847.jpg 1298w\" sizes=\"(max-width: 1280px) 100vw, 1280px\" \/><figcaption class=\"wp-element-caption\">CONSELHEIROS RECEBENDO O CERTIFICADO DA CAPACITA\u00c7\u00c3O DE SA\u00daDE COLETIVA &#8211; SETEMBRO\/2.022<\/figcaption><\/figure>\n<\/figure>\n\n\n\n<figure class=\"wp-block-gallery has-nested-images columns-default is-cropped wp-block-gallery-7 is-layout-flex wp-block-gallery-is-layout-flex\">\n<figure class=\"wp-block-image size-large\"><img loading=\"lazy\" decoding=\"async\" width=\"768\" height=\"960\" data-id=\"621\" src=\"https:\/\/cajamar.sp.gov.br\/saude\/wp-content\/uploads\/sites\/22\/2023\/03\/site-1-768x960.jpg\" alt=\"\" class=\"wp-image-621\" srcset=\"https:\/\/cajamar.sp.gov.br\/saude\/wp-content\/uploads\/sites\/22\/2023\/03\/site-1-768x960.jpg 768w, https:\/\/cajamar.sp.gov.br\/saude\/wp-content\/uploads\/sites\/22\/2023\/03\/site-1-1229x1536.jpg 1229w, https:\/\/cajamar.sp.gov.br\/saude\/wp-content\/uploads\/sites\/22\/2023\/03\/site-1.jpg 1639w\" sizes=\"(max-width: 768px) 100vw, 768px\" \/><figcaption class=\"wp-element-caption\">CAPACITA\u00c7\u00c3O ESTRUTURA E FUNCIONAMENTO DO CONSELHO DE SA\u00daDE 21\/03\/2023<\/figcaption><\/figure>\n<\/figure>\n","protected":false},"excerpt":{"rendered":"<p>Capacita\u00e7\u00e3o do CMS no Tribunal de Contas do Estado -TCE abril\/2.022. Capacita\u00e7\u00e3o de Sa\u00fade Coletiva &#8211; setembro\/2.022.<\/p>\n","protected":false},"author":10,"featured_media":0,"parent":135,"menu_order":0,"comment_status":"closed","ping_status":"closed","template":"","meta":{"footnotes":""},"class_list":["post-177","page","type-page","status-publish","hentry"],"_links":{"self":[{"href":"https:\/\/cajamar.sp.gov.br\/saude\/wp-json\/wp\/v2\/pages\/177","targetHints":{"allow":["GET"]}}],"collection":[{"href":"https:\/\/cajamar.sp.gov.br\/saude\/wp-json\/wp\/v2\/pages"}],"about":[{"href":"https:\/\/cajamar.sp.gov.br\/saude\/wp-json\/wp\/v2\/types\/page"}],"author":[{"embeddable":true,"href":"https:\/\/cajamar.sp.gov.br\/saude\/wp-json\/wp\/v2\/users\/10"}],"replies":[{"embeddable":true,"href":"https:\/\/cajamar.sp.gov.br\/saude\/wp-json\/wp\/v2\/comments?post=177"}],"version-history":[{"count":11,"href":"https:\/\/cajamar.sp.gov.br\/saude\/wp-json\/wp\/v2\/pages\/177\/revisions"}],"predecessor-version":[{"id":1155,"href":"https:\/\/cajamar.sp.gov.br\/saude\/wp-json\/wp\/v2\/pages\/177\/revisions\/1155"}],"up":[{"embeddable":true,"href":"https:\/\/cajamar.sp.gov.br\/saude\/wp-json\/wp\/v2\/pages\/135"}],"wp:attachment":[{"href":"https:\/\/cajamar.sp.gov.br\/saude\/wp-json\/wp\/v2\/media?parent=177"}],"curies":[{"name":"wp","href":"https:\/\/api.w.org\/{rel}","templated":true}]}}