{"id":29,"date":"2020-04-01T11:57:20","date_gmt":"2020-04-01T14:57:20","guid":{"rendered":"https:\/\/cajamar.sp.gov.br\/saude\/?page_id=29"},"modified":"2026-04-15T10:53:58","modified_gmt":"2026-04-15T13:53:58","slug":"unidades-basicas-de-saude","status":"publish","type":"page","link":"https:\/\/cajamar.sp.gov.br\/saude\/saude\/unidades-basicas-de-saude\/","title":{"rendered":"Unidades de Sa\u00fade de Cajamar"},"content":{"rendered":"\n<p><strong>Unidade B\u00e1sica de Sa\u00fade (UBS) Dra. Izabel Gratieri e Unidade de Sa\u00fade da Fam\u00edlia (USF) Panorama<\/strong><br>Atendimento de segunda a sexta, das 7h \u00e0s 18h.<br>Rua Timburi, n\u00ba 121. Panorama. Polvilho. CEP 07792-725.<br>(11) 4446-0108<\/p>\n\n\n\n<p><strong>Unidade B\u00e1sica de Sa\u00fade (UBS) Enf\u00aa. Leontina Martins Fran\u00e7a<\/strong><br>Atendimento de segunda a sexta, das 7h \u00e0s 18h.<br>Avenida Dr. Jose Luis Leme Maciel, n\u00ba 179. Santa Terezinha. Jordan\u00e9sia. CEP: 07786-450.<br>(11) 4446-0109<\/p>\n\n\n\n<p><strong>Unidade B\u00e1sica de Sa\u00fade (UBS) Enf\u00ba. Carlos Moreira da Silva e Unidade de Sa\u00fade da Fam\u00edlia (USF) Jordan\u00e9sia<\/strong><br>Atendimento de segunda a sexta, das 7h \u00e0s 18h.<br>Avenida Ant\u00f4nio C\u00e2ndido Machado, n\u00ba 1769. Jordan\u00e9sia. CEP 07776-415.<br>(11) 4446-0107<\/p>\n\n\n\n<p><strong>Unidade de Sa\u00fade da Fam\u00edlia (USF) Vereador Joaquim Alves de Castro<\/strong><br>Atendimento de segunda a sexta, das 7h \u00e0s 18h.<br>Avenida Prof. Walter Ribas de Andrade, n\u00ba 544. \u00c1gua Fria. CEP 07752-000.<br>(11) 4446-0110<\/p>\n\n\n\n<p><strong>Unidade de Sa\u00fade da Fam\u00edlia (USF) Nad\u00edlia de Oliveira Santos<\/strong><br>Atendimento de segunda a sexta, das 7h \u00e0s 18h.<br>Rua Bela Vista, n\u00ba 1200. S\u00e3o Benedito. Jordan\u00e9sia. CEP 07778-795.&nbsp;&nbsp;<br>(11) 4446-0115<\/p>\n\n\n\n<p><strong>Unidade de Sa\u00fade da Fam\u00edlia (USF) Maria Aparecida Miss\u00e9<\/strong><br>Atendimento de segunda a sexta, das 7h \u00e0s 18h.<br>Rua Joaquim Rodrigues Pontes, n\u00ba 203. Ponunduva. CEP 07768-485.<br>(11) 4446-0114<\/p>\n\n\n\n<p><strong>Unidade de Sa\u00fade da Fam\u00edlia (USF) Edivaldo Soares Massagardi<\/strong><br>Atendimento de segunda a sexta, das 7h \u00e0s 18h.<br>Rua Barueri, n\u00ba 198. Guaturinho. CEP 07756-625.&nbsp;<br>(11)&nbsp; 4446-0111<\/p>\n\n\n\n<p><strong>Unidade de Sa\u00fade da Fam\u00edlia (USF) Dra. Maria de Lourdes Mendon\u00e7a Bravo<\/strong><br>Atendimento de segunda a sexta, das 7h \u00e0s 18h.<br>Avenida Aruj\u00e1, n\u00ba 208. Colina Maria Luiza. Jordan\u00e9sia. CEP 07787-530.&nbsp;&nbsp;<br>(11) 4446-0116<\/p>\n\n\n\n<p><strong>Unidade de Sa\u00fade da Fam\u00edlia (USF) Manoel In\u00e1cio da Silva<\/strong><br>Atendimento de segunda a sexta, das 7h \u00e0s 18h.<br>Avenida das Juritis, n\u00ba 385. Para\u00edso. Polvilho. CEP 07793-530.<br>(11) 4446-0117<\/p>\n\n\n\n<p><strong>Unidade de Sa\u00fade da Fam\u00edlia (USF) Belo Planalto<\/strong><br>Atendimento de segunda a sexta, das 7h \u00e0s 18h.<br>Rua Nerc\u00edlio Jose dos Santos, n\u00ba 58. S\u00e3o Luiz. Polvilho. CEP 07793-445.&nbsp;<br>(11) 4446-0112<\/p>\n\n\n\n<p><strong>Unidade de Sa\u00fade da Fam\u00edlia (USF) Carlos dos Santos<\/strong><br>Atendimento de segunda a sexta, das 7h \u00e0s 18h.<br>Rua das Cravinas, n\u00b0 198. Portais. Polvilho. CEP 07791-190.<br>(11) 4446-0124<\/p>\n\n\n\n<p><strong>Unidade de Pronto Atendimento (UPA 24 Horas) Vereador Luiz dos Santos Faria<\/strong><br>Atendimento 24h<br>Rua Alfredo Del\u2019Vigna, n\u00ba 253. Jordan\u00e9sia. CEP 07776-395.<br>(11) 4447-4058<\/p>\n\n\n\n<p><strong>Hospital Municipal Enf\u00ba Ant\u00f4nio Policarpo de Oliveira \u2013 HMEAPO<\/strong><br>Atendimento 24h<br>Avenida Bento da Silva Bueno, n\u00ba 202. Para\u00edso. Polvilho. CEP 07793-665.<br>(11) 3135-5521<\/p>\n\n\n\n<p><strong>Centro de Aten\u00e7\u00e3o Psicossocial &#8211; CAPS INFANTO JUVENIL<\/strong><br>Atendimento de segunda a sexta, das 7h \u00e0s 17h.<br>Rua das Mor\u00e9ias, n\u00ba 55. Portais. Polvilho. CEP 07791-015.<br>(11) 4446-0121<\/p>\n\n\n\n<p><strong>Centro de Aten\u00e7\u00e3o Psicossocial &#8211; CAPS ADULTO<\/strong><br>Atendimento de segunda a sexta, das 8h \u00e0s 18h.<br>Rua Rita Maria de Jesus, n\u00ba 20. Jd. Santa Rita. Polvilho. CEP 07790-515.<br>(11) 4446-0122<\/p>\n\n\n\n<p><strong>Farm\u00e1cia Municipal 24 horas \u2013 Polvilho<\/strong><br>Atendimento 24h<br>Rua Ant\u00f4nio Rizardi, 42. Jd. Santa Rita. Polvilho. CEP 07790-525.<br>(11) 4446-0123<\/p>\n\n\n\n<p><strong>Vigil\u00e2ncia em Sa\u00fade (Sanit\u00e1ria e Epidemiol\u00f3gica)<\/strong><br>Av. Dr. Ant\u00f4nio Jo\u00e3o Abdalla, n\u00ba 1500. Cristais. Jordan\u00e9sia. CEP 07776-700.<br>(11) 4446-0120<br>E-mail: <a href=\"mailto:visa@cajamar.sp.gov.br\">visa@cajamar.sp.gov.br<\/a><\/p>\n\n\n\n<p><strong>Centro de Testagem e Aconselhamento &#8211; CTA<\/strong><br>Av. Dr. Ant\u00f4nio Jo\u00e3o Abdalla, n\u00ba 1500. Cristais. Jordan\u00e9sia. CEP 07776-700.<br>(11) 4446-0119<br>E-mail: <a href=\"mailto:cta.saude@cajamar.sp.gov.br\">cta.saude@cajamar.sp.gov.br<\/a><\/p>\n\n\n\n<p><strong>Zoonoses<\/strong><br>Av. Dr. Ant\u00f4nio Jo\u00e3o Abdalla, n\u00ba 1500. Cristais. Jordan\u00e9sia. CEP 07776-700.<br>(11) 4446-0118<br>E-mail: <a href=\"mailto:zoo.saude@cajamar.sp.gov.br\">zoo.saude@cajamar.sp.gov.br<\/a><\/p>\n\n\n\n<p><strong>Servi\u00e7o de Atendimento M\u00f3vel de Urg\u00eancia \u2013 SAMU.<\/strong><br>Av. Dr. Ant\u00f4nio Jo\u00e3o Abdalla, n\u00ba 1500. Cristais. Jordan\u00e9sia, Cajamar &#8211; SP, CEP 07776-700.<br>(11) 4446-0192.<\/p>\n\n\n\n<p><strong>Transporte do SUS<\/strong><br>0800-770-7000 \/ (11) 4446-0102<\/p>\n","protected":false},"excerpt":{"rendered":"<p>Unidade B\u00e1sica de Sa\u00fade (UBS) Dra. Izabel Gratieri e Unidade de Sa\u00fade da Fam\u00edlia (USF) PanoramaAtendimento de segunda a sexta, das 7h \u00e0s 18h.Rua Timburi, n\u00ba 121. Panorama. Polvilho. CEP 07792-725.(11) 4446-0108 Unidade B\u00e1sica de Sa\u00fade (UBS) Enf\u00aa. Leontina Martins Fran\u00e7aAtendimento de segunda a sexta, das 7h \u00e0s 18h.Avenida Dr. Jose Luis Leme Maciel, n\u00ba [&hellip;]<\/p>\n","protected":false},"author":7,"featured_media":0,"parent":6,"menu_order":0,"comment_status":"closed","ping_status":"closed","template":"","meta":{"footnotes":""},"class_list":["post-29","page","type-page","status-publish","hentry"],"_links":{"self":[{"href":"https:\/\/cajamar.sp.gov.br\/saude\/wp-json\/wp\/v2\/pages\/29","targetHints":{"allow":["GET"]}}],"collection":[{"href":"https:\/\/cajamar.sp.gov.br\/saude\/wp-json\/wp\/v2\/pages"}],"about":[{"href":"https:\/\/cajamar.sp.gov.br\/saude\/wp-json\/wp\/v2\/types\/page"}],"author":[{"embeddable":true,"href":"https:\/\/cajamar.sp.gov.br\/saude\/wp-json\/wp\/v2\/users\/7"}],"replies":[{"embeddable":true,"href":"https:\/\/cajamar.sp.gov.br\/saude\/wp-json\/wp\/v2\/comments?post=29"}],"version-history":[{"count":34,"href":"https:\/\/cajamar.sp.gov.br\/saude\/wp-json\/wp\/v2\/pages\/29\/revisions"}],"predecessor-version":[{"id":1297,"href":"https:\/\/cajamar.sp.gov.br\/saude\/wp-json\/wp\/v2\/pages\/29\/revisions\/1297"}],"up":[{"embeddable":true,"href":"https:\/\/cajamar.sp.gov.br\/saude\/wp-json\/wp\/v2\/pages\/6"}],"wp:attachment":[{"href":"https:\/\/cajamar.sp.gov.br\/saude\/wp-json\/wp\/v2\/media?parent=29"}],"curies":[{"name":"wp","href":"https:\/\/api.w.org\/{rel}","templated":true}]}}