{"id":6,"date":"2019-10-30T18:00:24","date_gmt":"2019-10-30T20:00:24","guid":{"rendered":"https:\/\/cajamar.sp.gov.br\/saude\/?page_id=6"},"modified":"2026-04-15T11:00:34","modified_gmt":"2026-04-15T14:00:34","slug":"saude","status":"publish","type":"page","link":"https:\/\/cajamar.sp.gov.br\/saude\/","title":{"rendered":"Secretaria Municipal de Sa\u00fade"},"content":{"rendered":"<\/p>\n\n\n<p>A Secretaria Municipal de Sa\u00fade, identificadas pela sigla <strong>SMS<\/strong>, como \u00f3rg\u00e3o de perfil de final\u00edstica, est\u00e1 organizada da seguinte forma:<\/p>\n\n\n\n<ul class=\"wp-block-list\">\n<li>Departamento de Suporte Administrativo, composto por:<br>a) Divis\u00e3o de Gest\u00e3o de Pessoas;<br>b) Divis\u00e3o de Almoxarifado;<br>c) Divis\u00e3o de Licita\u00e7\u00f5es, Contratos e Conv\u00eanios.<\/li>\n<\/ul>\n\n\n\n<ul class=\"wp-block-list\">\n<li>Departamento de Gest\u00e3o Or\u00e7ament\u00e1ria da Sa\u00fade.<\/li>\n<\/ul>\n\n\n\n<ul class=\"wp-block-list\">\n<li>Departamento de Vigil\u00e2ncia em Sa\u00fade, composto por:<br>a) Divis\u00e3o de Zoonoses e Controle de Vetores;<br>b) Divis\u00e3o de Vigil\u00e2ncia Sanit\u00e1ria;<br>c) Divis\u00e3o de Vigil\u00e2ncia Epidemiol\u00f3gica.<\/li>\n<\/ul>\n\n\n\n<ul class=\"wp-block-list\">\n<li>Departamento de Aten\u00e7\u00e3o Prim\u00e1ria, composto por:<br>a) Divis\u00e3o de Unidades B\u00e1sicas e Estrat\u00e9gias de Sa\u00fade da Fam\u00edlia;<br>b) Divis\u00e3o de Sa\u00fade Bucal.<\/li>\n<\/ul>\n\n\n\n<ul class=\"wp-block-list\">\n<li>Departamento de Aten\u00e7\u00e3o Especializada, composto por:<br>a) Divis\u00e3o de Sa\u00fade Mental;<br>b) Divis\u00e3o de Ambulat\u00f3rio e Especialidades M\u00e9dicas.<\/li>\n<\/ul>\n\n\n\n<ul class=\"wp-block-list\">\n<li>Departamento de Aten\u00e7\u00e3o Hospitalar, Urg\u00eancia e Emerg\u00eancia, composto por:<br>a) Divis\u00e3o de Pronto Atendimento.<\/li>\n<\/ul>\n\n\n\n<ul class=\"wp-block-list\">\n<li>Departamento de Planejamento e Controle Social, composto por:<br>a) Divis\u00e3o de Controle Social, Planejamento e Indicadores;<br>b) Divis\u00e3o de Unidade de Avalia\u00e7\u00e3o e Controle;<br>c) Divis\u00e3o de Regula\u00e7\u00e3o.<\/li>\n<\/ul>\n\n\n\n<p><strong>Compete \u00e0 Secretaria Municipal de Sa\u00fade:<\/strong><\/p>\n\n\n\n<ul class=\"wp-block-list\">\n<li>Planejar, organizar, controlar e avaliar as a\u00e7\u00f5es e os servi\u00e7os de sa\u00fade e gerir e executar os servi\u00e7os p\u00fablicos de sa\u00fade;<\/li>\n\n\n\n<li>Participar do planejamento, programa\u00e7\u00e3o e organiza\u00e7\u00e3o da rede regionalizada e hierarquizada do Sistema \u00danico de Sa\u00fade (SUS);<\/li>\n\n\n\n<li>Promover a execu\u00e7\u00e3o, controle e avalia\u00e7\u00e3o das a\u00e7\u00f5es referentes \u00e0s condi\u00e7\u00f5es e aos ambientes de trabalho;<\/li>\n\n\n\n<li>Executar servi\u00e7os de controle de zoonoses, vigil\u00e2ncia epidemiol\u00f3gica, vigil\u00e2ncia sanit\u00e1ria, alimenta\u00e7\u00e3o, nutri\u00e7\u00e3o e vigil\u00e2ncia de sa\u00fade do trabalhador;<\/li>\n\n\n\n<li>Executar, no \u00e2mbito Municipal, a pol\u00edtica de insumos e equipamentos para a sa\u00fade;<\/li>\n\n\n\n<li>Controlar e avaliar a execu\u00e7\u00e3o de contratos e conv\u00eanios firmados pelo Munic\u00edpio com as entidades prestadoras de servi\u00e7os privados de sa\u00fade;<\/li>\n\n\n\n<li>Assegurar a organiza\u00e7\u00e3o dos Conselhos Municipais afetos a sua \u00e1rea de organiza\u00e7\u00e3o, nos termos da legisla\u00e7\u00e3o Municipal vigente, fornecendo os meios necess\u00e1rios para sua instala\u00e7\u00e3o e funcionamento;<\/li>\n\n\n\n<li>Gerir os Fundos Municipais afetos a sua \u00e1rea de organiza\u00e7\u00e3o, nos termos da legisla\u00e7\u00e3o Municipal vigente;<\/li>\n\n\n\n<li>Controlar e fiscalizar os procedimentos dos servi\u00e7os privados de sa\u00fade.<\/li>\n\n\n\n<li>Exercer outras atribui\u00e7\u00f5es correlatas e complementares em sua \u00e1rea de atua\u00e7\u00e3o.<\/li>\n<\/ul>\n\n\n\n<p><strong>Compete ao Departamento de Suporte Administrativo:<\/strong><\/p>\n\n\n\n<ul class=\"wp-block-list\">\n<li>Formular, implementar, monitorar e avaliar as pol\u00edticas p\u00fablicas de gest\u00e3o administrativa e operacional em sa\u00fade no Munic\u00edpio;<\/li>\n\n\n\n<li>Executar, no \u00e2mbito Municipal, a pol\u00edtica de insumos e equipamentos para a sa\u00fade;<\/li>\n\n\n\n<li>Controlar e abastecer os estoques de medicamentos das farm\u00e1cias populares, das UBS, UPAS e dos Ambulat\u00f3rios;<\/li>\n\n\n\n<li>Organizar e implementar a log\u00edstica e a distribui\u00e7\u00e3o dos materiais, suprimentos e da alimenta\u00e7\u00e3o hospitalar pela Rede Municipal de Sa\u00fade;<\/li>\n\n\n\n<li>Organizar, coordenar e ordenar a substitui\u00e7\u00e3o ou manuten\u00e7\u00e3o do mobili\u00e1rio hospitalar, al\u00e9m de fazer a preserva\u00e7\u00e3o do patrim\u00f4nio das unidades da Rede Municipal de Sa\u00fade;<\/li>\n\n\n\n<li>Controlar e avaliar a execu\u00e7\u00e3o de contratos e conv\u00eanios firmados pelo Munic\u00edpio com as entidades prestadoras de servi\u00e7os privados e de sa\u00fade;<\/li>\n\n\n\n<li>Administrar e monitorar os contratos de fornecimento de insumos e servi\u00e7os da Secretaria Municipal de Sa\u00fade;<\/li>\n\n\n\n<li>Planejar, coordenar e orientar a gest\u00e3o financeira e de compras de suprimentos da Rede Municipal de Sa\u00fade, fazendo a devida presta\u00e7\u00e3o de contas dos repasses e uso dos recursos;<\/li>\n\n\n\n<li>Manter atualizado mensalmente o cadastro de equipes, profissionais, carga hor\u00e1ria, servi\u00e7os disponibilizados, equipamentos e outros do Munic\u00edpio no Sistema de Cadastro Nacional de Estabelecimentos de Sa\u00fade vigente, conforme regulamenta\u00e7\u00e3o espec\u00edfica;<\/li>\n\n\n\n<li>Realizar outras atividades afins.<\/li>\n<\/ul>\n\n\n\n<p><strong>Compete ao Departamento de Gest\u00e3o Or\u00e7ament\u00e1ria da Sa\u00fade:<\/strong><\/p>\n\n\n\n<ul class=\"wp-block-list\">\n<li>Planejar, coordenar e executar o Programa or\u00e7ament\u00e1rio e financeiro da Secretaria Municipal de Sa\u00fade;<\/li>\n\n\n\n<li>Elaborar e revisar periodicamente o or\u00e7amento, cumprindo as regras de responsabilidade fiscal, aloca\u00e7\u00e3o eficiente dos recursos e transpar\u00eancia nos gastos p\u00fablicos;<\/li>\n\n\n\n<li>Estabelecer metas e indicadores para a presta\u00e7\u00e3o de contas dos recursos utilizados na Secretaria;<\/li>\n\n\n\n<li>Controlar e avaliar a execu\u00e7\u00e3o do or\u00e7amento da Sa\u00fade, analisando as receitas e despesas;<\/li>\n\n\n\n<li>Disponibilizar informa\u00e7\u00f5es aos \u00f3rg\u00e3os de controle quando solicitado;<\/li>\n\n\n\n<li>Emitir pareceres t\u00e9cnicos sobre a viabilidade de novas despesas quando solicitado;<\/li>\n\n\n\n<li>Realizar a presta\u00e7\u00e3o de contas no Sistema de Informa\u00e7\u00f5es sobre Or\u00e7amentos P\u00fablicos em Sa\u00fade -SIOPS dentro dos prazos estabelecidos, respeitando a legisla\u00e7\u00e3o vigente;<\/li>\n\n\n\n<li>Realizar outras atividades afins.<\/li>\n<\/ul>\n\n\n\n<p><strong>Compete ao Departamento de Vigil\u00e2ncia em Sa\u00fade:<\/strong><\/p>\n\n\n\n<ul class=\"wp-block-list\">\n<li>Formular, implementar, monitorar e avaliar as pol\u00edticas p\u00fablicas de vigil\u00e2ncia sanit\u00e1ria, epidemiol\u00f3gica, zoonoses e de sa\u00fade Municipal;<\/li>\n\n\n\n<li>Elaborar, assessorar e implementar, junto \u00e0s demais unidades de dire\u00e7\u00e3o, o Plano Municipal de Sa\u00fade de Cajamar;<\/li>\n\n\n\n<li>Executar a n\u00edvel Municipal a Pol\u00edtica Nacional de Vigil\u00e2ncia em Sa\u00fade, seguindo as diretrizes e princ\u00edpios do SUS e determina\u00e7\u00f5es e normas do Minist\u00e9rio da Sa\u00fade;<\/li>\n\n\n\n<li>Organizar, coordenar e executar os servi\u00e7os de vigil\u00e2ncia epidemiol\u00f3gica, de vigil\u00e2ncia sanit\u00e1ria, de alimenta\u00e7\u00e3o e nutri\u00e7\u00e3o, de vigil\u00e2ncia de sa\u00fade do trabalhador;<\/li>\n\n\n\n<li>Conceber e propor normas, complementares, das a\u00e7\u00f5es e servi\u00e7os p\u00fablicos de sa\u00fade no seu \u00e2mbito de atua\u00e7\u00e3o;<\/li>\n\n\n\n<li>Conceber e planejar a rede de atua\u00e7\u00e3o de vigil\u00e2ncia e sa\u00fade Municipal;<\/li>\n\n\n\n<li>Assessorar o Secret\u00e1rio da Sa\u00fade em assuntos de Vigil\u00e2ncia Epidemiol\u00f3gica;<\/li>\n\n\n\n<li>Promover o processo cont\u00ednuo e sistem\u00e1tico de coleta, consolida\u00e7\u00e3o, dissemina\u00e7\u00e3o de dados sobre eventos relacionados \u00e0 sa\u00fade, visando o planejamento e a implementa\u00e7\u00e3o de medidas de sa\u00fade p\u00fablica para a prote\u00e7\u00e3o de sa\u00fade da popula\u00e7\u00e3o, a preven\u00e7\u00e3o e controle de agravos e doen\u00e7as.<\/li>\n\n\n\n<li>Realizar outras atividades afins.<\/li>\n<\/ul>\n\n\n\n<p><strong>Compete ao Departamento de Aten\u00e7\u00e3o Prim\u00e1ria:<\/strong><\/p>\n\n\n\n<ul class=\"wp-block-list\">\n<li>Formular, implementar, monitorar e avaliar as pol\u00edticas p\u00fablicas de apoio \u00e0 aten\u00e7\u00e3o prim\u00e1ria da sa\u00fade Municipal;<\/li>\n\n\n\n<li>Desenvolver e executar as pol\u00edticas de Aten\u00e7\u00e3o Prim\u00e1ria da sa\u00fade Municipal;<\/li>\n\n\n\n<li>Conceber e planejar a rede de atua\u00e7\u00e3o de apoio \u00e0 Aten\u00e7\u00e3o Prim\u00e1ria da sa\u00fade Municipal;<\/li>\n\n\n\n<li>Planejar e supervisionar o gerenciamento \u00e0 rede das Unidades B\u00e1sicas de Sa\u00fade \u2013 UBS, oferecendo apoio administrativo;<\/li>\n\n\n\n<li>Planejar, organizar e executar a Estrat\u00e9gia de Sa\u00fade da Fam\u00edlia no Munic\u00edpio;<\/li>\n\n\n\n<li>Supervisionar o atendimento dos servi\u00e7os de Sa\u00fade Bucal oferecidas pelo Munic\u00edpio;<\/li>\n\n\n\n<li>Garantir e ampliar a infraestrutura adequada e com boas condi\u00e7\u00f5es para o funcionamento das UBS, garantindo espa\u00e7o, mobili\u00e1rio e equipamentos, al\u00e9m de acessibilidade de pessoas com defici\u00eancia, de acordo com as normas vigentes;<\/li>\n\n\n\n<li>Estudar, elaborar e definir processos e m\u00e9todos de atendimento aos usu\u00e1rios pelos servi\u00e7os prestados, com o objetivo de agilizar atendimentos, diminuir a fila de espera de usu\u00e1rios e dispor de tratamento objetivo;<\/li>\n\n\n\n<li>Supervisionar e monitorar os servi\u00e7os e atendimentos da rede das Unidades B\u00e1sicas de Sa\u00fade \u2013 UBS do Munic\u00edpio;<\/li>\n\n\n\n<li>Controlar e administrar as farm\u00e1cias populares distribu\u00eddas pelo Munic\u00edpio, presentes nas UBS, hospitais municipais, UPAS e farm\u00e1cias p\u00fablicas 24 horas;<\/li>\n\n\n\n<li>Gerir e coordenar os servi\u00e7os, de forma integral e permanente, do programa \u201cFarm\u00e1cia 24 horas\u201d, que tem como intuito fornecer medicamentos gratuitos \u00e0 popula\u00e7\u00e3o durante 24 horas di\u00e1rias por 07 (sete) dias da semana;<\/li>\n\n\n\n<li>Atualizar a rela\u00e7\u00e3o de medicamentos a serem fornecidos pelo Munic\u00edpio;<\/li>\n\n\n\n<li>Propor melhorias de infraestrutura das farm\u00e1cias, bem como a abertura de novas unidades;<\/li>\n\n\n\n<li>Gerir as equipes de trabalho vinculadas aos equipamentos de assist\u00eancia farmac\u00eautica do Munic\u00edpio;<\/li>\n\n\n\n<li>Realizar outras atividades afins.<\/li>\n<\/ul>\n\n\n\n<p><strong>Compete ao Departamento de Aten\u00e7\u00e3o Especializada:<\/strong><\/p>\n\n\n\n<ul class=\"wp-block-list\">\n<li>Formular, implementar, monitorar e avaliar as pol\u00edticas p\u00fablicas de Apoio \u00e0 Aten\u00e7\u00e3o Especializada da Rede Municipal de Sa\u00fade;<\/li>\n\n\n\n<li>Propor normas e regulamentos complementares voltadas \u00e0 Aten\u00e7\u00e3o Especializada no Munic\u00edpio, em conformidade com as diretrizes e princ\u00edpios do SUS;<\/li>\n\n\n\n<li>Recomendar e seguir os protocolos de encaminhamento da Aten\u00e7\u00e3o B\u00e1sica para a Aten\u00e7\u00e3o Especializada;<\/li>\n\n\n\n<li>Garantir a forma\u00e7\u00e3o continuada nas Unidades B\u00e1sicas de Sa\u00fade aos estudantes e trabalhadores de sa\u00fade;<\/li>\n\n\n\n<li>Elaborar campanhas de conscientiza\u00e7\u00e3o acerca de sa\u00fade especializada e prestar informa\u00e7\u00f5es sobre o processo de atendimento;<\/li>\n\n\n\n<li>Garantir e prestar apoio administrativo e operacional voltado aos servi\u00e7os especializados da Rede Municipal de Sa\u00fade;<\/li>\n\n\n\n<li>Estudar, elaborar e definir processos e m\u00e9todos de atendimento aos usu\u00e1rios pelos servi\u00e7os prestados, com o objetivo de agilizar atendimentos, diminuir a fila de espera de usu\u00e1rios e dispor de tratamento objetivo;<\/li>\n\n\n\n<li>Gerir, coordenar e avaliar a rede de Centro de Aten\u00e7\u00e3o Psicossocial \u2013 CAPS, Adulto e Infantil, do Munic\u00edpio, no que diz respeito aos servi\u00e7os prestados \u00e0 popula\u00e7\u00e3o, satisfa\u00e7\u00e3o dos usu\u00e1rios, os resultados obtidos e cumprimento de metas;<\/li>\n\n\n\n<li>Realizar outras atividades afins.<\/li>\n<\/ul>\n\n\n\n<p><strong>Compete ao Departamento de Aten\u00e7\u00e3o Hospitalar, Urg\u00eancia e Emerg\u00eancia:<\/strong><\/p>\n\n\n\n<ul class=\"wp-block-list\">\n<li>Formular, implementar, monitorar e avaliar as pol\u00edticas p\u00fablicas de sa\u00fade de Urg\u00eancia e Emerg\u00eancia do Munic\u00edpio;<\/li>\n\n\n\n<li>Propor normas e regulamentos complementares voltadas ao servi\u00e7o de Urg\u00eancia e Emerg\u00eancia no Munic\u00edpio, em conformidade com as diretrizes e princ\u00edpios do SUS;<\/li>\n\n\n\n<li>Executar a n\u00edvel Municipal a Pol\u00edtica Nacional de Aten\u00e7\u00e3o \u00e0s Urg\u00eancias e Emerg\u00eancias, seguindo as diretrizes e princ\u00edpios do SUS e determina\u00e7\u00f5es e normas do Minist\u00e9rio da Sa\u00fade;<\/li>\n\n\n\n<li>Coordenar e garantir a integridade do cadastro de pacientes sob aten\u00e7\u00e3o hospitalar, urg\u00eancia e emerg\u00eancia no Munic\u00edpio;<\/li>\n\n\n\n<li>Organizar e coordenar a pol\u00edtica do Servi\u00e7o de Atendimento M\u00f3vel e Urg\u00eancia &#8211; SAMU do Munic\u00edpio;<\/li>\n\n\n\n<li>Executar a pol\u00edtica de atendimento pr\u00e9-hospitalar fixo e pr\u00e9-hospitalar m\u00f3vel na Rede Municipal de Sa\u00fade;<\/li>\n\n\n\n<li>Garantir e manter as condi\u00e7\u00f5es f\u00edsicas dos equipamentos e ve\u00edculos de Atendimento M\u00f3vel;<\/li>\n\n\n\n<li>Realizar outras atividades afins.<\/li>\n<\/ul>\n\n\n\n<p><strong>Compete ao Departamento de Planejamento e Controle Social:<\/strong><\/p>\n\n\n\n<ul class=\"wp-block-list\">\n<li>Promover e supervisionar a pol\u00edtica de Controle Social do Sistema \u00danico de Sa\u00fade &#8211; SUS no Munic\u00edpio;<\/li>\n\n\n\n<li>Desenvolver o planejamento das pol\u00edticas Rede Municipal de Sa\u00fade, mediante o acompanhamento e controle dos indicadores do Munic\u00edpio no sistema do DATASUS e da Rede Nacional de Dados em Sa\u00fade &#8211; RNDS;<\/li>\n\n\n\n<li>Promover a regula\u00e7\u00e3o interna e externa das vagas administradas pela Rede Municipal de Sa\u00fade;<\/li>\n\n\n\n<li>Realizar a integra\u00e7\u00e3o dos Conselhos Gestores e o Conselho Municipal de Sa\u00fade;<\/li>\n\n\n\n<li>Oferecer suporte, administrativo e operacional, \u00e0s atividades promovidas pelo Conselho Municipal de Sa\u00fade do Munic\u00edpio;<\/li>\n\n\n\n<li>Efetuar a administra\u00e7\u00e3o e alimenta\u00e7\u00e3o dos dados em sa\u00fade produzidos pelo Munic\u00edpio;<\/li>\n\n\n\n<li>Realizar outras atividades afins.<\/li>\n<\/ul>\n\n\n\n<p><strong>A estrutura organizacional da Secretaria Municipal de Sa\u00fade \u00e9 dividida em:<\/strong><\/p>\n\n\n\n<ul class=\"wp-block-list\">\n<li>Subsecret\u00e1rio<\/li>\n\n\n\n<li>Diretor de Departamento<\/li>\n\n\n\n<li>Ouvidor do SUS<\/li>\n\n\n\n<li>Chefe de Divis\u00e3o de Complexidade<\/li>\n\n\n\n<li>Chefe de Divis\u00e3o<\/li>\n\n\n\n<li>Respons\u00e1vel T\u00e9cnico (M\u00e9dico)<\/li>\n\n\n\n<li>Respons\u00e1vel T\u00e9cnico<\/li>\n\n\n\n<li>Apoio \u00e0 Contrata\u00e7\u00e3o<\/li>\n\n\n\n<li>Apoio Operacional<\/li>\n<\/ul>\n\n\n\n<p><\/p>\n","protected":false},"excerpt":{"rendered":"<p>A SMS\ufeff tem por finalidade planejar, organizar, controlar, avaliar as a\u00e7\u00f5es e os servi\u00e7os de sa\u00fade, bem como gerir e executar os servi\u00e7os p\u00fablicos de sa\u00fade dos mun\u00edcipes de Cajamar.<\/p>\n","protected":false},"author":2,"featured_media":0,"parent":0,"menu_order":0,"comment_status":"closed","ping_status":"closed","template":"","meta":{"footnotes":""},"class_list":["post-6","page","type-page","status-publish","hentry"],"_links":{"self":[{"href":"https:\/\/cajamar.sp.gov.br\/saude\/wp-json\/wp\/v2\/pages\/6","targetHints":{"allow":["GET"]}}],"collection":[{"href":"https:\/\/cajamar.sp.gov.br\/saude\/wp-json\/wp\/v2\/pages"}],"about":[{"href":"https:\/\/cajamar.sp.gov.br\/saude\/wp-json\/wp\/v2\/types\/page"}],"author":[{"embeddable":true,"href":"https:\/\/cajamar.sp.gov.br\/saude\/wp-json\/wp\/v2\/users\/2"}],"replies":[{"embeddable":true,"href":"https:\/\/cajamar.sp.gov.br\/saude\/wp-json\/wp\/v2\/comments?post=6"}],"version-history":[{"count":28,"href":"https:\/\/cajamar.sp.gov.br\/saude\/wp-json\/wp\/v2\/pages\/6\/revisions"}],"predecessor-version":[{"id":1298,"href":"https:\/\/cajamar.sp.gov.br\/saude\/wp-json\/wp\/v2\/pages\/6\/revisions\/1298"}],"wp:attachment":[{"href":"https:\/\/cajamar.sp.gov.br\/saude\/wp-json\/wp\/v2\/media?parent=6"}],"curies":[{"name":"wp","href":"https:\/\/api.w.org\/{rel}","templated":true}]}}