{"id":4249,"date":"2025-07-25T15:51:29","date_gmt":"2025-07-25T18:51:29","guid":{"rendered":"https:\/\/cajamar.sp.gov.br\/seguranca\/?page_id=4249"},"modified":"2025-09-10T18:16:10","modified_gmt":"2025-09-10T21:16:10","slug":"radares","status":"publish","type":"page","link":"https:\/\/cajamar.sp.gov.br\/seguranca\/transito\/radares\/","title":{"rendered":"Fiscaliza\u00e7\u00e3o Eletr\u00f4nica (Radares)"},"content":{"rendered":"\n<div id=\"links-rapidos\" class=\"clearfix borda-cinza border-radius-10\">\n\n\n\t\t\t\t<ul class=\"links-lista\">\n\n\t\t\t\t\t<li class=\"link\">\n\t\t\t\t\t\t\t<a class=\"link-link border-radius-5\" href=\"#radares\" rel=\"noopener\">\n\t\t\t\t\t\t\t\t<img decoding=\"async\" src=\"https:\/\/cajamar.sp.gov.br\/seguranca\/wp-content\/uploads\/sites\/23\/2025\/01\/indicacoes100.png\" class=\"attachment-full size-full wp-post-image\" alt=\"\" loading=\"lazy\">\t\t\t\t\t\t\t\t\t<div class=\"link-titulo\">RELA\u00c7\u00c3O DE RADARES<\/div>\n\t\t\t\t\t\t\t<\/a>\n\t\t\t\t\t\t<\/li>\t\n\n\n\t\t\t\t\t\n\t\t\t\t\t\t<li class=\"link\">\n\t\t\t\t\t\t\t<a class=\"link-link border-radius-5\" href=\"#desacelere\">\n\t\t\t\t\t\t\t\t<img decoding=\"async\" src=\"https:\/\/cajamar.sp.gov.br\/seguranca\/wp-content\/uploads\/sites\/23\/2025\/01\/educacao100.png\" class=\"attachment-full size-full wp-post-image\" alt=\"\" loading=\"lazy\">\t\t\t\t\t\t\t\t<div class=\"link-titulo\">DESACELERE<\/div>\n\t\t\t\t\t\t\t<\/a>\n\t\t\t\t\t\t<\/li>\n\n\n\t\t\t\t\t\t<li class=\"link\">\n\t\t\t\t\t\t\t<a class=\"link-link border-radius-5\" href=\"https:\/\/cajamar.sp.gov.br\/seguranca\/multas\/\" rel=\"noopener\">\n\t\t\t\t\t\t\t\t<img decoding=\"async\" src=\"https:\/\/cajamar.sp.gov.br\/seguranca\/wp-content\/uploads\/sites\/23\/2025\/02\/base-icone-menu_20250204_215119_0000.png\" class=\"attachment-full size-full wp-post-image\" alt=\"\" loading=\"lazy\">\t\t\t\t\t\t\t\t<div class=\"link-titulo\">MULTAS DE TR\u00c2NSITO E RECURSOS<\/div>\n\t\t\t\t\t\t\t<\/a>\n\t\t\t\t\t\t<\/li>\n\n\t\t\t\t\t\n\t\t\t\t\t\t\n\t\t\t\t\t\t\n\n\n\n\t\t\t\t\t\t<li class=\"link\">\n\t\t\t\t\t\t\t<a class=\"link-link border-radius-5\" href=\"https:\/\/cajamar.sp.gov.br\/seguranca\/contato\/\">\n\t\t\t\t\t\t\t\t<img decoding=\"async\" src=\"https:\/\/cajamar.sp.gov.br\/seguranca\/wp-content\/uploads\/sites\/23\/2025\/01\/contato-telefonico-100.png\" class=\"attachment-full size-full wp-post-image\" alt=\"\" loading=\"lazy\">\t\t\t\t\t\t\t\t<div class=\"link-titulo\">FALE COM O DEMUTRAN<\/div>\n\t\t\t\t\t\t\t<\/a>\n\t\t\t\t\t\t<\/li>\n\n\t\t\t\t\t<li class=\"link\">\n\t\t\t\t\t\t\t<a class=\"link-link border-radius-5\" href=\"https:\/\/cajamar.sp.gov.br\/seguranca\/transito\/#serv\">\n\t\t\t\t\t\t\t\t<img decoding=\"async\" src=\"https:\/\/cajamar.sp.gov.br\/seguranca\/wp-content\/uploads\/sites\/23\/2025\/01\/multas100.png\" class=\"attachment-full size-full wp-post-image\" alt=\"\" loading=\"lazy\">\t\t\t\t\t\t\t\t<div class=\"link-titulo\">DEMAIS SERVI\u00c7OS<\/div>\n\t\t\t\t\t\t\t<\/a>\n\t\t\t\t\t\t<\/li>\n\n\t\t\t\n\t\t\t\t<\/ul>\n\n\n\n\t\t\t<\/div>\n\n\n\n<div class=\"wp-block-media-text is-stacked-on-mobile\"><figure class=\"wp-block-media-text__media\"><img fetchpriority=\"high\" decoding=\"async\" width=\"960\" height=\"960\" src=\"https:\/\/cajamar.sp.gov.br\/seguranca\/wp-content\/uploads\/sites\/23\/2025\/09\/radares-960x960.png\" alt=\"\" class=\"wp-image-5400 size-full\" srcset=\"https:\/\/cajamar.sp.gov.br\/seguranca\/wp-content\/uploads\/sites\/23\/2025\/09\/radares-960x960.png 960w, https:\/\/cajamar.sp.gov.br\/seguranca\/wp-content\/uploads\/sites\/23\/2025\/09\/radares-100x100.png 100w, https:\/\/cajamar.sp.gov.br\/seguranca\/wp-content\/uploads\/sites\/23\/2025\/09\/radares-768x768.png 768w, https:\/\/cajamar.sp.gov.br\/seguranca\/wp-content\/uploads\/sites\/23\/2025\/09\/radares.png 1024w\" sizes=\"(max-width: 960px) 100vw, 960px\" \/><\/figure><div class=\"wp-block-media-text__content\">\n<h3 class=\"wp-block-heading\">O que \u00e9?<\/h3>\n\n\n\n<p><\/p>\n\n\n\n<p>A fiscaliza\u00e7\u00e3o eletr\u00f4nica no tr\u00e2nsito \u00e9 realizada por meio de equipamentos instalados em pontos estrat\u00e9gicos da cidade, com o objetivo de monitorar o respeito \u00e0s leis de tr\u00e2nsito, especialmente os limites de velocidade, e promover a seguran\u00e7a vi\u00e1ria.<\/p>\n\n\n\n<p>A utiliza\u00e7\u00e3o de radares e controladores de velocidade visa reduzir acidentes, proteger a vida de todos os usu\u00e1rios das vias p\u00fablicas e incentivar a condu\u00e7\u00e3o respons\u00e1vel. Os locais de instala\u00e7\u00e3o s\u00e3o definidos com base em crit\u00e9rios t\u00e9cnicos, como volume de tr\u00e1fego, \u00edndices de acidentes e caracter\u00edsticas da via.<\/p>\n<\/div><\/div>\n\n\n\n<hr class=\"wp-block-separator has-alpha-channel-opacity\" \/>\n\n\n\n<p><\/p>\n\n\n\n<h3 class=\"wp-block-heading\">Como funciona?<\/h3>\n\n\n\n<p><\/p>\n\n\n\n<p>Os equipamentos de fiscaliza\u00e7\u00e3o eletr\u00f4nica operam por meio de sensores e c\u00e2meras que registram automaticamente infra\u00e7\u00f5es cometidas pelos condutores. Quando \u00e9 detectado um excesso de velocidade ou outra irregularidade, uma imagem \u00e9 capturada e a infra\u00e7\u00e3o \u00e9 processada conforme previsto no C\u00f3digo de Tr\u00e2nsito Brasileiro (CTB).<\/p>\n\n\n\n<p>Em Cajamar, os radares fiscalizam o cometimento das seguintes infra\u00e7\u00f5es:<\/p>\n\n\n\n<ul class=\"wp-block-list\">\n<li>Avan\u00e7o ao sinal vermelho nos sem\u00e1foros;<\/li>\n\n\n\n<li>Circula\u00e7\u00e3o irregular de caminh\u00f5es e carretas durante os per\u00edodos de restri\u00e7\u00e3o;<\/li>\n\n\n\n<li>Excesso de velocidade atrav\u00e9s de radares fixos e lombadas eletr\u00f4nicas.<\/li>\n<\/ul>\n\n\n\n<p><\/p>\n\n\n\n<a name=\"desacelere\"><\/a>\n\n\n\n<hr class=\"wp-block-separator has-alpha-channel-opacity\" \/>\n\n\n\n<p><\/p>\n\n\n\n<h3 class=\"wp-block-heading\">Respeitar a sinaliza\u00e7\u00e3o n\u00e3o s\u00f3 evita multas: salva vidas!<\/h3>\n\n\n\n<p><\/p>\n\n\n\n<p>Respeitar os limites de velocidade \u00e9 essencial para a seguran\u00e7a no tr\u00e2nsito. O excesso de velocidade aumenta o risco e a gravidade dos acidentes, sendo uma das principais causas de mortes e invalidez permanente. Estudos mostram que, em caso de atropelamento, a chance de sobreviv\u00eancia de um pedestre a 80 km\/h \u00e9 quase nula. Reduzir a velocidade salva vidas: inclusive a sua.<\/p>\n\n\n\n<p>Avan\u00e7ar o sinal vermelho \u00e9 uma infra\u00e7\u00e3o grav\u00edssima que coloca em risco todos os usu\u00e1rios da via. Esse tipo de comportamento est\u00e1 diretamente ligado a colis\u00f5es em cruzamentos, muitas vezes com v\u00edtimas fatais. Os radares instalados em pontos estrat\u00e9gicos atuam para coibir essa pr\u00e1tica e proteger a integridade de motoristas, ciclistas e pedestres.<\/p>\n\n\n\n<p>A circula\u00e7\u00e3o de caminh\u00f5es e carretas fora dos hor\u00e1rios permitidos tamb\u00e9m representa riscos \u00e0 seguran\u00e7a e \u00e0 mobilidade urbana. Em hor\u00e1rios de restri\u00e7\u00e3o, esses ve\u00edculos comprometem o fluxo, causam lentid\u00e3o e aumentam a possibilidade de acidentes. \u00c9 fundamental que os condutores respeitem as regras espec\u00edficas de circula\u00e7\u00e3o.<\/p>\n\n\n\n<p>A fiscaliza\u00e7\u00e3o eletr\u00f4nica tem como foco a preven\u00e7\u00e3o. Ela contribui para um tr\u00e2nsito mais seguro, ordenado e humano. Respeitar as leis de tr\u00e2nsito \u00e9 um ato de responsabilidade coletiva. Desacelere, siga as regras e valorize a vida.<\/p>\n\n\n\n<p><a href=\"https:\/\/cajamar.sp.gov.br\/seguranca\/transito\/etransito\/\" data-type=\"page\" data-id=\"102\"><strong>Saiba mais aqui!<\/strong><\/a><\/p>\n\n\n\n<p><\/p>\n\n\n\n<a name=\"radares\"><\/a>\n\n\n\n<hr class=\"wp-block-separator has-alpha-channel-opacity\" \/>\n\n\n\n<p><\/p>\n\n\n\n<h3 class=\"wp-block-heading\">Rela\u00e7\u00e3o dos Radares Operacionais<\/h3>\n\n\n\n<p><\/p>\n\n\n\n<p>Acompanhe abaixo (<a href=\"https:\/\/cajamar.sp.gov.br\/seguranca\/wp-content\/uploads\/sites\/23\/2025\/07\/relacao-de-radares-de-cajamar-sp.pdf\" target=\"_blank\" rel=\"noreferrer noopener\"><strong>ou baixe aqui<\/strong><\/a>) a rela\u00e7\u00e3o de equipamentos eletr\u00f4nicos de fiscaliza\u00e7\u00e3o de tr\u00e2nsito operacionais em Cajamar:<\/p>\n\n\n\n<p>EQUIPAMENTO: 255<br>TIPO DE FISCALIZA\u00c7\u00c3O: CAMINH\u00c3O<br>LOCAL: Av. Jordano Mendes, oposto ao N. 1200<br>SENTIDO: BASE DER &#8211; VIADUTO KM 38<\/p>\n\n\n\n<p>EQUIPAMENTO: 257<br>TIPO DE FISCALIZA\u00c7\u00c3O: CAMINH\u00c3O<br>LOCAL: Av. Dr. Jo\u00e3o Abdalla, pr\u00f3x. 1231 &#8211; Ap\u00f3s Vila Uni\u00e3o<br>SENTIDO: CENTRO-BAIRRO<\/p>\n\n\n\n<p>EQUIPAMENTO: 253<br>TIPO DE FISCALIZA\u00c7\u00c3O: VELOCIDADE<br>LOCAL: Av. Dr. Ant\u00f4nio Jo\u00e3o Abdalla, a 300m. do N. 3945 (Olaria)<br>SENTIDO: BAIRRO-CENTRO<\/p>\n\n\n\n<p>EQUIPAMENTO: 254<br>TIPO DE FISCALIZA\u00c7\u00c3O: CAMINH\u00c3O<br>LOCAL: Rua Jos\u00e9 Marques Ribeiro, 412<br>SENTIDO: CENTRO-BAIRRO<\/p>\n\n\n\n<p>EQUIPAMENTO: 1557<br>TIPO DE FISCALIZA\u00c7\u00c3O: VELOCIDADE<br>LOCAL: Av. Jos\u00e9 Marques Ribeiro &#8211; Antes da rotat\u00f3ria da Ponte<br>SENTIDO: BAIRRO-CENTRO<\/p>\n\n\n\n<p>EQUIPAMENTO: 1558<br>TIPO DE FISCALIZA\u00c7\u00c3O: VELOCIDADE<br>LOCAL: Av. Jos\u00e9 Marques Ribeiro &#8211; Antes da rotat\u00f3ria do SPANI<br>SENTIDO: CENTRO-BAIRRO<\/p>\n\n\n\n<p>EQUIPAMENTO: 256<br>TIPO DE FISCALIZA\u00c7\u00c3O: CAMINH\u00c3O<br>LOCAL: Av. Jos\u00e9 Marques Ribeiro, pr\u00f3x. 2447 &#8211; Ap\u00f3s rotatoria Rua dos Pinheiros<br>SENTIDO: BAIRRO-CENTRO<\/p>\n\n\n\n<p>EQUIPAMENTO: 258<br>TIPO DE FISCALIZA\u00c7\u00c3O: VELOCIDADE<br>LOCAL: Av. Tenente Marques, 4760<br>SENTIDO: CAJAMAR-SANTANA<\/p>\n\n\n\n<p>EQUIPAMENTO: 252<br>TIPO DE FISCALIZA\u00c7\u00c3O: VELOCIDADE (LOMBADA ELETR\u00d4NICA)<br>LOCAL: Av. Tenente Marques, 4011 &#8211; Pr\u00f3ximo ao Parque Cajamar Feliz<br>SENTIDO: CENTRO-BAIRRO<\/p>\n\n\n\n<p>EQUIPAMENTO: 251<br>TIPO DE FISCALIZA\u00c7\u00c3O: VELOCIDADE (LOMBADA ELETR\u00d4NICA)<br>LOCAL: Av. Tenente Marques, 5072 &#8211; Pr\u00f3ximo ao Parque Cajamar Feliz<br>SENTIDO: BAIRRO-CENTRO<\/p>\n\n\n\n<p>EQUIPAMENTO: 259<br>TIPO DE FISCALIZA\u00c7\u00c3O: AVAN\u00c7O SEM\u00c1FORO\/CAMINH\u00c3O<br>LOCAL: Av. Tenente Marques x R. Campos do Jord\u00e3o<br>SENTIDO: CENTRO-BAIRRO<\/p>\n\n\n\n<p>EQUIPAMENTO: 247<br>TIPO DE FISCALIZA\u00c7\u00c3O: AVAN\u00c7O SEM\u00c1FORO\/CAMINH\u00c3O<br>LOCAL: Av. Tenente Marques x R. Rita Jos\u00e9 da Silva<br>SENTIDO: BAIRRO-CENTRO<\/p>\n\n\n\n<p>EQUIPAMENTO: 248<br>TIPO DE FISCALIZA\u00c7\u00c3O: AVAN\u00c7O SEM\u00c1FORO\/VELOCIDADE<br>LOCAL: Av. Tenente Marques, 2350 &#8211; Pr\u00f3ximo Rua Flademir Roberto Lopes<br>SENTIDO: AMBOS<\/p>\n\n\n\n<p>EQUIPAMENTO: 246<br>TIPO DE FISCALIZA\u00c7\u00c3O: AVAN\u00c7O<br>LOCAL: Av. Tenente Marques, 1160 &#8211; Pr\u00f3ximo Avenida das Juritis<br>SENTIDO: CENTRO-BAIRRO<\/p>\n\n\n\n<p>EQUIPAMENTO: 245<br>TIPO DE FISCALIZA\u00c7\u00c3O: AVAN\u00c7O<br>LOCAL: Av. Tenente Marques, oposto ao N. 1077 &#8211; Pr\u00f3ximo Avenida das Juritis<br>SENTIDO: BAIRRO-CENTRO<\/p>\n\n\n\n<p>EQUIPAMENTO: 249<br>TIPO DE FISCALIZA\u00c7\u00c3O: VELOCIDADE (LOMBADA ELETR\u00d4NICA)<br>LOCAL: Av. Bento da Silva Bueno, oposto ao N. 22 &#8211; Pr\u00f3ximo Hospital Regional<br>SENTIDO: CENTRO-BAIRRO<\/p>\n\n\n\n<p>EQUIPAMENTO: 250<br>TIPO DE FISCALIZA\u00c7\u00c3O: VELOCIDADE (LOMBADA ELETR\u00d4NICA)<br>LOCAL: Av. Bento da Silva Bueno, 102 &#8211; Pr\u00f3ximo Hospital Regional<br>SENTIDO: BAIRRO-CENTRO<\/p>\n\n\n\n<p>EQUIPAMENTO: 242<br>TIPO DE FISCALIZA\u00c7\u00c3O: VELOCIDADE<br>LOCAL: Rua Charqueada, 469<br>SENTIDO: AMBOS<\/p>\n\n\n\n<p><\/p>\n\n\n\n<div class=\"wp-block-buttons is-layout-flex wp-block-buttons-is-layout-flex\">\n<div class=\"wp-block-button is-style-fill\"><a class=\"wp-block-button__link has-white-color has-text-color has-background has-link-color has-custom-font-size wp-element-button\" href=\"https:\/\/cajamar.sp.gov.br\/seguranca\/wp-content\/uploads\/sites\/23\/2025\/07\/relacao-de-radares-de-cajamar-sp.pdf\" style=\"border-radius:5px;background-color:#4cc399;font-size:16px;font-style:normal;font-weight:700\" target=\"_blank\" rel=\"noreferrer noopener\">BAIXE AQUI A RELA\u00c7\u00c3O<\/a><\/div>\n<\/div>\n\n\n\n<p><\/p>\n\n\n\n<hr class=\"wp-block-separator has-alpha-channel-opacity\" \/>\n\n\n\n<p><\/p>\n\n\n\n<h4 class=\"wp-block-heading has-text-align-center has-black-color has-luminous-vivid-amber-background-color has-text-color has-background has-link-color has-medium-font-size wp-elements-f2fd0014aad14706316ae40386c606e3\"><strong>DESACELERE. SEU BEM MAIOR \u00c9 A VIDA.<\/strong><\/h4>\n","protected":false},"excerpt":{"rendered":"<p>RELA\u00c7\u00c3O DE RADARES DESACELERE MULTAS DE TR\u00c2NSITO E RECURSOS FALE COM O DEMUTRAN DEMAIS SERVI\u00c7OS O que \u00e9? A fiscaliza\u00e7\u00e3o eletr\u00f4nica no tr\u00e2nsito \u00e9 realizada por meio de equipamentos instalados em pontos estrat\u00e9gicos da cidade, com o objetivo de monitorar o respeito \u00e0s leis de tr\u00e2nsito, especialmente os limites de velocidade, e promover a seguran\u00e7a [&hellip;]<\/p>\n","protected":false},"author":39,"featured_media":5399,"parent":61,"menu_order":0,"comment_status":"closed","ping_status":"closed","template":"","meta":{"footnotes":""},"class_list":["post-4249","page","type-page","status-publish","has-post-thumbnail","hentry"],"_links":{"self":[{"href":"https:\/\/cajamar.sp.gov.br\/seguranca\/wp-json\/wp\/v2\/pages\/4249","targetHints":{"allow":["GET"]}}],"collection":[{"href":"https:\/\/cajamar.sp.gov.br\/seguranca\/wp-json\/wp\/v2\/pages"}],"about":[{"href":"https:\/\/cajamar.sp.gov.br\/seguranca\/wp-json\/wp\/v2\/types\/page"}],"author":[{"embeddable":true,"href":"https:\/\/cajamar.sp.gov.br\/seguranca\/wp-json\/wp\/v2\/users\/39"}],"replies":[{"embeddable":true,"href":"https:\/\/cajamar.sp.gov.br\/seguranca\/wp-json\/wp\/v2\/comments?post=4249"}],"version-history":[{"count":24,"href":"https:\/\/cajamar.sp.gov.br\/seguranca\/wp-json\/wp\/v2\/pages\/4249\/revisions"}],"predecessor-version":[{"id":5401,"href":"https:\/\/cajamar.sp.gov.br\/seguranca\/wp-json\/wp\/v2\/pages\/4249\/revisions\/5401"}],"up":[{"embeddable":true,"href":"https:\/\/cajamar.sp.gov.br\/seguranca\/wp-json\/wp\/v2\/pages\/61"}],"wp:featuredmedia":[{"embeddable":true,"href":"https:\/\/cajamar.sp.gov.br\/seguranca\/wp-json\/wp\/v2\/media\/5399"}],"wp:attachment":[{"href":"https:\/\/cajamar.sp.gov.br\/seguranca\/wp-json\/wp\/v2\/media?parent=4249"}],"curies":[{"name":"wp","href":"https:\/\/api.w.org\/{rel}","templated":true}]}}