{"id":6,"date":"2019-10-30T18:03:30","date_gmt":"2019-10-30T20:03:30","guid":{"rendered":"https:\/\/cajamar.sp.gov.br\/segurancaurbana\/?page_id=6"},"modified":"2026-05-01T16:16:14","modified_gmt":"2026-05-01T19:16:14","slug":"seguranca-urbana","status":"publish","type":"page","link":"https:\/\/cajamar.sp.gov.br\/seguranca\/","title":{"rendered":"Secretaria Municipal de Seguran\u00e7a, Defesa e Mobilidade"},"content":{"rendered":"\n<figure class=\"wp-block-image size-full\"><a href=\"https:\/\/cajamar.sp.gov.br\/seguranca\/etransito\/#maio\"><img fetchpriority=\"high\" decoding=\"async\" width=\"1171\" height=\"878\" src=\"https:\/\/cajamar.sp.gov.br\/seguranca\/wp-content\/uploads\/sites\/23\/2026\/05\/maioeamarelo.png\" alt=\"\" class=\"wp-image-6711\" srcset=\"https:\/\/cajamar.sp.gov.br\/seguranca\/wp-content\/uploads\/sites\/23\/2026\/05\/maioeamarelo.png 1171w, https:\/\/cajamar.sp.gov.br\/seguranca\/wp-content\/uploads\/sites\/23\/2026\/05\/maioeamarelo-300x225.png 300w, https:\/\/cajamar.sp.gov.br\/seguranca\/wp-content\/uploads\/sites\/23\/2026\/05\/maioeamarelo-768x576.png 768w\" sizes=\"(max-width: 1171px) 100vw, 1171px\" \/><\/a><\/figure>\n\n\n\n<p>A Secretaria Municipal de Seguran\u00e7a, Defesa e Mobilidade, identificada pela sigla <strong>SMSDM<\/strong>, como \u00f3rg\u00e3o de perfil de final\u00edstico, est\u00e1 organizada da seguinte forma:<\/p>\n\n\n\n<ul class=\"wp-block-list\">\n<li>Comando da Guarda Civil Municipal;<\/li>\n\n\n\n<li>Departamento de Defesa e Seguran\u00e7a Civil, composto por:<br>a) Divis\u00e3o Operacional.<\/li>\n\n\n\n<li>Departamento de Mobilidade Urbana e Tr\u00e2nsito, composto por:<br>a) Divis\u00e3o de Fiscaliza\u00e7\u00e3o de Tr\u00e2nsito e Transporte;<br>b) Divis\u00e3o de Pol\u00edticas e Gest\u00e3o de Tr\u00e2nsito e Transportes.<\/li>\n\n\n\n<li>Departamento de Bem-estar Animal;<\/li>\n\n\n\n<li>Departamento de Suporte Administrativo.<\/li>\n<\/ul>\n\n\n\n<p><strong>Compete \u00e0 Secretaria Municipal Seguran\u00e7a, Defesa e Mobilidade:<\/strong><\/p>\n\n\n\n<ul class=\"wp-block-list\">\n<li>Formular, executar e avaliar a Pol\u00edtica Municipal de Defesa e Conviv\u00eancia Social, em conson\u00e2ncia com as diretrizes gerais do Governo Municipal e da legisla\u00e7\u00e3o vigente, inclusive na \u00e1rea de intelig\u00eancia em Seguran\u00e7a P\u00fablica;<\/li>\n\n\n\n<li>Formular, coordenar, executar e avaliar planos, programas e a\u00e7\u00f5es que visem garantir a Defesa e Conviv\u00eancia Social e a prote\u00e7\u00e3o e seguran\u00e7a cidad\u00e3 no \u00e2mbito das compet\u00eancias constitucionais e legais do Munic\u00edpio;<\/li>\n\n\n\n<li>Formular, coordenar e executar a\u00e7\u00f5es para prevenir, proibir, inibir e restringir a\u00e7\u00f5es que atentem contra os servi\u00e7os e o patrim\u00f4nio p\u00fablico Municipal;<\/li>\n\n\n\n<li>Coordenar, orientar e acompanhar a elabora\u00e7\u00e3o, revis\u00e3o e a execu\u00e7\u00e3o do Plano Municipal de Seguran\u00e7a Urbana, em conson\u00e2ncia com as diretrizes gerais do Governo Municipal e a legisla\u00e7\u00e3o vigente;<\/li>\n\n\n\n<li>Formular, coordenar e executar a\u00e7\u00f5es de preven\u00e7\u00e3o da viol\u00eancia urbana, visando \u00e0 resolu\u00e7\u00e3o pac\u00edfica de conflitos e a prote\u00e7\u00e3o dos direitos humanos no \u00e2mbito das atribui\u00e7\u00f5es do Munic\u00edpio;<\/li>\n\n\n\n<li>Coordenar, em parceria com os \u00f3rg\u00e3os estaduais e federais afins, o desenvolvimento e as a\u00e7\u00f5es de Seguran\u00e7a P\u00fablica no Munic\u00edpio, visando cessar atividades que atentem contra o respeito \u00e0 legisla\u00e7\u00e3o vigente;<\/li>\n\n\n\n<li>Planejar, orientar e coordenar a execu\u00e7\u00e3o da Pol\u00edtica Municipal de Seguran\u00e7a P\u00fablica;<\/li>\n\n\n\n<li>Executar, por meio do Comando da Guarda Civil Municipal, a pol\u00edtica de seguran\u00e7a p\u00fablica Municipal e de prote\u00e7\u00e3o do patrim\u00f4nio Municipal;<\/li>\n\n\n\n<li>Desenvolver e executar a pol\u00edtica Municipal de Defesa Civil, em articula\u00e7\u00e3o com o Sistema Estadual e Federal de preven\u00e7\u00e3o e combate a eventos de desastre natural;<\/li>\n\n\n\n<li>Estabelecer, organizar, coordenar e executar as a\u00e7\u00f5es necess\u00e1rias para atender as necessidades da popula\u00e7\u00e3o afetada por situa\u00e7\u00f5es de calamidades p\u00fablicas, desastres e sinistros;<\/li>\n\n\n\n<li>Organizar o Quadro de Bombeiros Civis, em articula\u00e7\u00e3o com o Governo Estadual;<\/li>\n\n\n\n<li>Articular a pol\u00edtica de Seguran\u00e7a P\u00fablica com o Governo Estadual e Federal;<\/li>\n\n\n\n<li>Acompanhar e apoiar as atividades dos \u00f3rg\u00e3os colegiados afins com vistas a colher subs\u00eddios para a defini\u00e7\u00e3o de pol\u00edticas, diretrizes e estrat\u00e9gias para o desenvolvimento da defesa e conviv\u00eancia social do Munic\u00edpio;<\/li>\n\n\n\n<li>Realizar a\u00e7\u00f5es de capta\u00e7\u00e3o de recursos que permitam a viabiliza\u00e7\u00e3o do financiamento dos programas e a\u00e7\u00f5es dentro de sua compet\u00eancia;<\/li>\n\n\n\n<li>Coordenar e dirigir a Guarda Civil Municipal;<\/li>\n\n\n\n<li>Buscar e estabelecer parcerias e conv\u00eanios visando equipar e melhorar a Guarda Civil Municipal \u2013 GCM;<\/li>\n\n\n\n<li>Formular, executar e avaliar a Pol\u00edtica Municipal de Tr\u00e2nsito e Transporte, em conson\u00e2ncia com as diretrizes gerais do Governo Municipal;<\/li>\n\n\n\n<li>Formular, coordenar, executar e avaliar, em articula\u00e7\u00e3o com a Secretaria Municipal de Servi\u00e7os P\u00fablicos Municipais, planos, programas e projetos que visem o planejamento e execu\u00e7\u00e3o de sinaliza\u00e7\u00e3o de tr\u00e2nsito horizontal e vertical;<\/li>\n\n\n\n<li>Programar e executar as atividades administrativas de regulamenta\u00e7\u00e3o vi\u00e1ria no Munic\u00edpio;<\/li>\n\n\n\n<li>Controlar e fiscalizar a execu\u00e7\u00e3o, direta ou indiretamente, em articula\u00e7\u00e3o com a Secretaria Municipal de Infraestrutura de Obras P\u00fablicas, os projetos vi\u00e1rios;<\/li>\n\n\n\n<li>Planejar e executar o controle e fiscaliza\u00e7\u00e3o do tr\u00e2nsito, em conson\u00e2ncia com o disposto nas Leis Federais e Estaduais, autuando os infratores e aplicando as medidas administrativas cab\u00edveis relativas a infra\u00e7\u00f5es de tr\u00e2nsito;<\/li>\n\n\n\n<li>Atuar na regula\u00e7\u00e3o e fiscaliza\u00e7\u00e3o de tr\u00e2nsito e transporte no \u00e2mbito do Munic\u00edpio de Cajamar;<\/li>\n\n\n\n<li>Promover e executar pol\u00edticas de Bem-Estar Animal;<\/li>\n\n\n\n<li>Gerir equipamentos e programas de Bem-Estar Animal no \u00e2mbito do Munic\u00edpio de Cajamar.<\/li>\n\n\n\n<li>Assegurar a organiza\u00e7\u00e3o dos Conselhos Municipais afetos a sua \u00e1rea de organiza\u00e7\u00e3o, nos termos da legisla\u00e7\u00e3o Municipal vigente, fornecendo os meios necess\u00e1rios para sua instala\u00e7\u00e3o e funcionamento;<\/li>\n\n\n\n<li>Gerir os Fundos Municipais afetos a sua \u00e1rea de organiza\u00e7\u00e3o, nos termos da legisla\u00e7\u00e3o Municipal vigente;<\/li>\n\n\n\n<li>Planejar, organizar, controlar e assessorar a gest\u00e3o Municipal, bem como executar a\u00e7\u00f5es e tarefas pertinentes a \u00e1rea de atua\u00e7\u00e3o;<\/li>\n\n\n\n<li>Implementar programas e projetos, monitorar prazos e a\u00e7\u00f5es;<\/li>\n\n\n\n<li>Verificar os procedimentos, as normas e legisla\u00e7\u00f5es aplicadas;<\/li>\n\n\n\n<li>Identificar n\u00e3o conformidades e propor adequadas medidas corretivas e preventivas.<\/li>\n\n\n\n<li>Exercer outras atribui\u00e7\u00f5es correlatas e complementares em sua \u00e1rea de atua\u00e7\u00e3o.<\/li>\n\n\n\n<li>Par\u00e1grafo \u00fanico. Integram igualmente a estrutura de gest\u00e3o da Secretaria, bem como seu rol de compet\u00eancias, as constantes da Lei que trata da organiza\u00e7\u00e3o, estatuto e plano de cargos e carreiras da Guarda Civil Municipal.<\/li>\n<\/ul>\n\n\n\n<p><strong>Compete ao Comando da Guarda Civil Municipal, observado o disposto na Lei Complementar n\u00ba 165, de 11 de outubro de 2018 e outra que vier a substituir:<\/strong><\/p>\n\n\n\n<ul class=\"wp-block-list\">\n<li>Desenvolver e implementar as pol\u00edticas p\u00fablicas de seguran\u00e7a p\u00fablica do Munic\u00edpio, bem como de capacita\u00e7\u00e3o e treinamento de seu quadro de pessoal;<\/li>\n\n\n\n<li>Realizar a\u00e7\u00f5es efetivas, dentro dos limites de sua compet\u00eancia, com vistas \u00e0 redu\u00e7\u00e3o dos \u00edndices de criminalidade;<\/li>\n\n\n\n<li>Estabelecer e implementar novas t\u00e9cnicas para a seguran\u00e7a p\u00fablica, bem como o uso das tecnologias, visando maior efetividade na atua\u00e7\u00e3o;<\/li>\n\n\n\n<li>Representar, sempre que solicitado, o Munic\u00edpio nos diversos f\u00f3runs e eventos oficiais de seguran\u00e7a p\u00fablica para os quais o Munic\u00edpio for convidado ou for participante;<\/li>\n\n\n\n<li>Colaborar em investiga\u00e7\u00f5es e a\u00e7\u00f5es de Seguran\u00e7a P\u00fablica;<\/li>\n\n\n\n<li>Realizar campanhas de conscientiza\u00e7\u00e3o e socioeducativas de sua compet\u00eancia;<\/li>\n\n\n\n<li>Desenvolver e implementar programas e projetos de sua compet\u00eancia;<\/li>\n\n\n\n<li>Realizar outras atividades afins.<\/li>\n<\/ul>\n\n\n\n<p><strong>Compete ao Departamento de Defesa e Seguran\u00e7a Civil, observado o disposto na Lei Complementar n\u00ba 55, de 28 de janeiro de 2005:<\/strong><\/p>\n\n\n\n<ul class=\"wp-block-list\">\n<li>Formular, implementar, monitorar e avaliar as Pol\u00edticas P\u00fablicas de Defesa Civil no Munic\u00edpio;<\/li>\n\n\n\n<li>Coordenar e supervisionar o quadro de bombeiros civis;<\/li>\n\n\n\n<li>Planejar e articular a atua\u00e7\u00e3o da Defesa Civil quando for exigido e nas hip\u00f3teses de calamidade p\u00fablica, de forma integrada com o Coordenador Municipal de Prote\u00e7\u00e3o e Defesa Civil, nos termos da Lei Complementar n\u00ba 55, de 28 de janeiro de 2005;<\/li>\n\n\n\n<li>Desenvolver e executar a pol\u00edtica Municipal de Defesa Civil, em articula\u00e7\u00e3o com o Sistema Estadual e Federal de preven\u00e7\u00e3o e combate a eventos de desastre natural;<\/li>\n\n\n\n<li>Alertar previamente a popula\u00e7\u00e3o quanto aos riscos de desastres naturais que podem ocorrer no Munic\u00edpio;<\/li>\n\n\n\n<li>Monitorar, de forma permanente, o \u00edndice de chuvas e pontos de potencial de desastres naturais no Munic\u00edpio;<\/li>\n\n\n\n<li>Promover a presta\u00e7\u00e3o de socorro e atendimento prontamente sempre que solicitado ou necess\u00e1rio;<\/li>\n\n\n\n<li>Mobilizar equipes, incluindo articula\u00e7\u00e3o com Munic\u00edpios vizinhos, para atender as demandas locais ou da regi\u00e3o no \u00e2mbito de sua atua\u00e7\u00e3o;<\/li>\n\n\n\n<li>Promover mobiliza\u00e7\u00e3o comunit\u00e1ria visando \u00e0 implanta\u00e7\u00e3o de N\u00facleos Comunit\u00e1rios de Defesa Civil, nos bairros.<\/li>\n\n\n\n<li>Sensibilizar a comunidade sobre preven\u00e7\u00e3o e combate a eventos de desastre natural;<\/li>\n\n\n\n<li>Promover campanhas p\u00fablicas e educativas para estimular o envolvimento da popula\u00e7\u00e3o, motivando a\u00e7\u00f5es relacionadas com a defesa civil, atrav\u00e9s da m\u00eddia local;<\/li>\n\n\n\n<li>Realizar outras atividades afins.<\/li>\n<\/ul>\n\n\n\n<p><strong>Compete \u00e0 Divis\u00e3o Operacional:<\/strong><\/p>\n\n\n\n<ul class=\"wp-block-list\">\n<li>Controlar e avaliar procedimentos administrativos e operacionais que viabilizem o atendimento exigido \u00e0 implementa\u00e7\u00e3o e execu\u00e7\u00e3o dos programas, projetos e a\u00e7\u00f5es estabelecidos no planejamento do Departamento;<\/li>\n\n\n\n<li>Desempenhar as atividades de Fiscaliza\u00e7\u00e3o objetivando a preven\u00e7\u00e3o de desequil\u00edbrios que possam afetar o meio ambiente e as pessoas que nele vivem, principalmente no que se refere a produ\u00e7\u00e3o, manuseio ou transporte de produtos perigosos, etc.<\/li>\n\n\n\n<li>Elaborar planos e projetos de a\u00e7\u00e3o referentes \u00e0 unidade gestora de Defesa e Seguran\u00e7a Civil;<\/li>\n\n\n\n<li>Promover a efici\u00eancia operacional de sua \u00e1rea de atua\u00e7\u00e3o, especialmente quanto ao controle de suprimentos necess\u00e1rios em situa\u00e7\u00f5es de normalidade e anormalidades;<\/li>\n\n\n\n<li>Manter atualizado o banco de dados e elaborar os mapas tem\u00e1ticos sobre amea\u00e7as, vulnerabilidades e riscos de desastres;<\/li>\n\n\n\n<li>Executar o fluxo permanente de informa\u00e7\u00f5es gerenciais entre a divis\u00e3o e as demais unidades pertencentes \u00e0 Secretaria;<\/li>\n\n\n\n<li>Realizar outras atividades afins.<\/li>\n<\/ul>\n\n\n\n<p><strong>Compete ao Departamento de Mobilidade Urbana e Tr\u00e2nsito, identificado pela sigla DEMUTRAN:<\/strong><\/p>\n\n\n\n<ul class=\"wp-block-list\">\n<li>Formular, implementar, monitorar e avaliar as pol\u00edticas p\u00fablicas de mobilidade urbana e gest\u00e3o do tr\u00e2nsito;<\/li>\n\n\n\n<li>Promover conv\u00eanios, acordos de coopera\u00e7\u00e3o t\u00e9cnica, cons\u00f3rcios instrumentos e cong\u00eaneres com institui\u00e7\u00f5es diversas, relativos \u00e0s quest\u00f5es de transportes e tr\u00e2nsito;<\/li>\n\n\n\n<li>Integrar a outros \u00f3rg\u00e3os e entidades do Sistema Nacional de Tr\u00e2nsito para fins de arrecada\u00e7\u00e3o e compensa\u00e7\u00e3o de multas impostas na \u00e1rea de sua compet\u00eancia, com vistas \u00e0 unifica\u00e7\u00e3o do licenciamento, \u00e0 simplifica\u00e7\u00e3o e \u00e0 celeridade das transfer\u00eancias de ve\u00edculos e de prontu\u00e1rios dos condutores de uma para outra unidade da federa\u00e7\u00e3o;<\/li>\n\n\n\n<li>Estabelecer, em conjunto com os \u00f3rg\u00e3os de pol\u00edcia ostensiva de tr\u00e2nsito, as diretrizes para o policiamento ostensivo de tr\u00e2nsito;<\/li>\n\n\n\n<li>Coordenar a fiscaliza\u00e7\u00e3o de tr\u00e2nsito Municipal, supervisionando e oferendo apoio aos agentes de tr\u00e2nsito;<\/li>\n\n\n\n<li>Supervisionar o trabalho de autua\u00e7\u00e3o e suas revis\u00f5es;<\/li>\n\n\n\n<li>Planejar, projetar e regulamentar o tr\u00e2nsito de ve\u00edculos de passeio e de carga, motocicletas, ciclistas, pedestres e animais;<\/li>\n\n\n\n<li>Planejar, promover e implantar a pol\u00edtica de circula\u00e7\u00e3o e de seguran\u00e7a de ciclistas, pedestres e animais;<\/li>\n\n\n\n<li>Incrementar a\u00e7\u00f5es e medidas que visam a melhoria da circula\u00e7\u00e3o de pessoas, mercadorias, ve\u00edculos e bens;<\/li>\n\n\n\n<li>Elaborar e implementar a pol\u00edtica de educa\u00e7\u00e3o no tr\u00e2nsito;<\/li>\n\n\n\n<li>Realizar outras atividades afins.<\/li>\n<\/ul>\n\n\n\n<p><strong>Compete \u00e0 Divis\u00e3o de Fiscaliza\u00e7\u00e3o de Tr\u00e2nsito e Transporte:<\/strong><\/p>\n\n\n\n<ul class=\"wp-block-list\">\n<li>Planejar e operacionalizar a fiscaliza\u00e7\u00e3o do tr\u00e2nsito no Munic\u00edpio;<\/li>\n\n\n\n<li>Organizar e promover a fiscaliza\u00e7\u00e3o de infra\u00e7\u00f5es de tr\u00e2nsito com a devida aplica\u00e7\u00e3o de multas;<\/li>\n\n\n\n<li>Planejar e executar a fiscaliza\u00e7\u00e3o das \u00e1reas destinadas para estacionamento rotativo p\u00fablico de ve\u00edculos no \u00e2mbito do Munic\u00edpio;<\/li>\n\n\n\n<li>Planejar e executar a fiscaliza\u00e7\u00e3o dos locais reservados e destinados para estacionar ve\u00edculos autorizados, como de pessoas com defici\u00eancia (PCD), \u00f4nibus, caminh\u00f5es de carga e descarga, \u00e1reas p\u00fablicas reservadas para ve\u00edculos oficiais dentre outras;<\/li>\n\n\n\n<li>Fiscalizar o tr\u00e2nsito e o tr\u00e1fego de pessoas em casos de acidentes, desastres naturais, redefini\u00e7\u00e3o de rotas e outros eventos;<\/li>\n\n\n\n<li>Planejar as opera\u00e7\u00f5es de fiscaliza\u00e7\u00e3o nas vias p\u00fablicas, fazendo sua distribui\u00e7\u00e3o pela cidade e a respectiva escala de trabalho dos servidores;<\/li>\n\n\n\n<li>Organizar, coordenar e direcionar as equipes de fiscaliza\u00e7\u00e3o conforme escala;<\/li>\n\n\n\n<li>Monitorar e avaliar o trabalho e a produtividade das equipes;<\/li>\n\n\n\n<li>Promover o treinamento, capacita\u00e7\u00e3o e constante atualiza\u00e7\u00e3o das equipes de trabalho para observ\u00e2ncia e atendimento aos procedimentos necess\u00e1rios durante as atividades de fiscaliza\u00e7\u00e3o em atendimento \u00e0s previs\u00f5es legais da \u00e1rea;<\/li>\n\n\n\n<li>Realizar outras atividades afins.<\/li>\n<\/ul>\n\n\n\n<p><strong>Compete \u00e0 Divis\u00e3o de Pol\u00edticas e Gest\u00e3o de Tr\u00e2nsito e Transportes:<\/strong><\/p>\n\n\n\n<ul class=\"wp-block-list\">\n<li>Planejar e operacionalizar a gest\u00e3o do tr\u00e2nsito e transportes no Munic\u00edpio;<\/li>\n\n\n\n<li>Analisar e revisar as autua\u00e7\u00f5es realizadas pelo Munic\u00edpio no \u00e2mbito de sua \u00e1rea de atua\u00e7\u00e3o;<\/li>\n\n\n\n<li>Planejar e promover as pol\u00edticas de educa\u00e7\u00e3o no tr\u00e2nsito;<\/li>\n\n\n\n<li>Gerir e operar o tr\u00e2nsito de ve\u00edculos, de pedestres e de animais, e promover o desenvolvimento da circula\u00e7\u00e3o e da seguran\u00e7a de ciclistas;<\/li>\n\n\n\n<li>Elaborar, gerir e manter atualizada a rela\u00e7\u00e3o de ve\u00edculos vistoriados, atentando-se para os per\u00edodos dos prazos da documenta\u00e7\u00e3o dos propriet\u00e1rios de ve\u00edculos;<\/li>\n\n\n\n<li>Planejar, instalar e promover a manuten\u00e7\u00e3o da sinaliza\u00e7\u00e3o de tr\u00e2nsito, vertical e horizontal, das vias p\u00fablicas;<\/li>\n\n\n\n<li>Planejar rotas e \u00e1reas de circula\u00e7\u00e3o de ve\u00edculos de cargas, de passeio, de transporte coletivo, de transporte escolar, ciclistas, motociclistas, pedestres e animais;<\/li>\n\n\n\n<li>Planejar, executar e acompanhar pol\u00edticas para tr\u00e2nsito de ciclistas, pedestres e animais de forma segura e sinalizada nas vias do Munic\u00edpio;<\/li>\n\n\n\n<li>Coordenar o tr\u00e2nsito em casos de acidentes, desastres naturais, redefini\u00e7\u00e3o de rotas e outros eventos que obstruam ou prejudiquem o tr\u00e1fego;<\/li>\n\n\n\n<li>Gerir os servi\u00e7os de transporte coletivo de \u00f4nibus urbano Municipal;<\/li>\n\n\n\n<li>Realizar outras atividades afins.<\/li>\n<\/ul>\n\n\n\n<p><strong>Compete ao Departamento de Bem-estar Animal:<\/strong><\/p>\n\n\n\n<ul class=\"wp-block-list\">\n<li>Formular, implementar, monitorar e avaliar as pol\u00edticas p\u00fablicas de bem-estar animal e de prote\u00e7\u00e3o aos animais do Munic\u00edpio;<\/li>\n\n\n\n<li>Aplicar diretrizes da Lei dos crimes ambientais ao Munic\u00edpio para coibir pr\u00e1ticas de maus tratos e abusos aos animais, assim como cumprir e fazer cumprir as determina\u00e7\u00f5es do C\u00f3digo de Prote\u00e7\u00e3o Animal do Estado de S\u00e3o Paulo;<\/li>\n\n\n\n<li>Realizar, em parceria com o controle de Zoonoses, no \u00e2mbito de suas atribui\u00e7\u00f5es, a vacina\u00e7\u00e3o e o controle da reprodu\u00e7\u00e3o de c\u00e3es e gatos;<\/li>\n\n\n\n<li>Gerir e coordenar o programa Unidade B\u00e1sica de Sa\u00fade Animal \u2013 UBS Animal, bem como os seus respectivos projetos vinculados, fazendo sua cont\u00ednua manuten\u00e7\u00e3o e moderniza\u00e7\u00e3o, a fim de prestar o melhor servi\u00e7o p\u00fablico;<\/li>\n\n\n\n<li>Desenvolver e implementar programas e projetos voltados \u00e0 prote\u00e7\u00e3o e bem-estar animal no Munic\u00edpio, como tamb\u00e9m manter o aperfei\u00e7oamento do projeto \u201cbebedouro e comedouro\u201d e demais programas e projetos j\u00e1 implementados;<\/li>\n\n\n\n<li>Elaborar e implementar campanhas de conscientiza\u00e7\u00e3o sobre a sa\u00fade animal, direitos e bem-estar dos animais;<\/li>\n\n\n\n<li>Estabelecer parcerias com entidades da sociedade civil e ONGs com a finalidade de ampliar as campanhas de conscientiza\u00e7\u00e3o sobre o bem-estar animal e a posse respons\u00e1vel;<\/li>\n\n\n\n<li>Realizar outras atividades afins.<\/li>\n<\/ul>\n\n\n\n<p><strong>Compete ao Departamento de Suporte Administrativo:<\/strong><\/p>\n\n\n\n<ul class=\"wp-block-list\">\n<li>Formular, promover e implementar pol\u00edticas e diretrizes relativas \u00e0s atividades de administra\u00e7\u00e3o de gest\u00e3o de recursos, suprimentos e infraestrutura necess\u00e1rias \u00e0 efetividade dos resultados no \u00e2mbito da Secretaria e dos seus equipamentos;<\/li>\n\n\n\n<li>Planejar, executar e controlar todas as atividades administrativas relacionadas \u00e0s necessidades de compras e distribui\u00e7\u00e3o da Secretaria;<\/li>\n\n\n\n<li>Promover a manuten\u00e7\u00e3o geral dos pr\u00f3prios equipamentos e unidades da Secretaria, administrar e controlar o patrim\u00f4nio mobili\u00e1rio e imobili\u00e1rio, inclusive em rela\u00e7\u00e3o \u00e0 manuten\u00e7\u00e3o e conserva\u00e7\u00e3o;<\/li>\n\n\n\n<li>Administrar, controlar e acompanhar a gest\u00e3o dos contratos, conv\u00eanios, parcerias e instrumentos cong\u00eaneres, em especial quanto ao aspecto financeiro e aos prazos;<\/li>\n\n\n\n<li>Administrar e controlar o uso de ve\u00edculos da Secretaria;<\/li>\n\n\n\n<li>Subsidiar programas de valoriza\u00e7\u00e3o dos servidores, bem como fornecer suporte e apoio aos servidores;<\/li>\n\n\n\n<li>Coordenar os servi\u00e7os de recep\u00e7\u00e3o, organiza\u00e7\u00e3o, limpeza, telefonia e acesso \u00e0 internet;<\/li>\n\n\n\n<li>Assegurar o gerenciamento dos dados para realiza\u00e7\u00e3o do pagamento dos servidores p\u00fablicos da Secretaria;<\/li>\n\n\n\n<li>Planejar e fazer a gest\u00e3o or\u00e7ament\u00e1ria, participando na elabora\u00e7\u00e3o do Plano Plurianual \u2013 PPA, da Lei de Diretrizes Or\u00e7ament\u00e1rias \u2013 LDO e da Lei or\u00e7ament\u00e1ria anual \u2013 LOA da Secretaria, de forma que atinja as metas estabelecidas no Plano de Governo para a \u00e1rea;<\/li>\n\n\n\n<li>Atender cidad\u00e3os, usu\u00e1rios e servidores no limite de sua atua\u00e7\u00e3o;<\/li>\n\n\n\n<li>Promover, no \u00e2mbito de sua atribui\u00e7\u00e3o, o apoio administrativo em rela\u00e7\u00e3o aos contratos p\u00fablicos de servi\u00e7os gerais em andamento pelo Munic\u00edpio;<\/li>\n\n\n\n<li>Realizar outras atividades afins.<\/li>\n<\/ul>\n\n\n\n<p><strong>A estrutura administrativa da Secretaria Municipal de Seguran\u00e7a, Defesa e Mobilidade \u00e9 dividida em:<\/strong><\/p>\n\n\n\n<ul class=\"wp-block-list\">\n<li>Subsecret\u00e1rio<\/li>\n\n\n\n<li>Diretor de Departamento<\/li>\n\n\n\n<li>Chefe de Divis\u00e3o<\/li>\n\n\n\n<li>Apoio Or\u00e7ament\u00e1rio<\/li>\n\n\n\n<li>Apoio de Gest\u00e3o de Recursos Humanos<\/li>\n\n\n\n<li>Apoio Operacional<\/li>\n\n\n\n<li>Apoio \u00e0 Contrata\u00e7\u00e3o<\/li>\n<\/ul>\n","protected":false},"excerpt":{"rendered":"<p>A SMSU tem por finalidade planejar, orientar e coordenar a execu\u00e7\u00e3o da pol\u00edtica municipal de seguran\u00e7a p\u00fablica.<\/p>\n","protected":false},"author":2,"featured_media":0,"parent":0,"menu_order":0,"comment_status":"closed","ping_status":"closed","template":"","meta":{"footnotes":""},"class_list":["post-6","page","type-page","status-publish","hentry"],"_links":{"self":[{"href":"https:\/\/cajamar.sp.gov.br\/seguranca\/wp-json\/wp\/v2\/pages\/6","targetHints":{"allow":["GET"]}}],"collection":[{"href":"https:\/\/cajamar.sp.gov.br\/seguranca\/wp-json\/wp\/v2\/pages"}],"about":[{"href":"https:\/\/cajamar.sp.gov.br\/seguranca\/wp-json\/wp\/v2\/types\/page"}],"author":[{"embeddable":true,"href":"https:\/\/cajamar.sp.gov.br\/seguranca\/wp-json\/wp\/v2\/users\/2"}],"replies":[{"embeddable":true,"href":"https:\/\/cajamar.sp.gov.br\/seguranca\/wp-json\/wp\/v2\/comments?post=6"}],"version-history":[{"count":18,"href":"https:\/\/cajamar.sp.gov.br\/seguranca\/wp-json\/wp\/v2\/pages\/6\/revisions"}],"predecessor-version":[{"id":6712,"href":"https:\/\/cajamar.sp.gov.br\/seguranca\/wp-json\/wp\/v2\/pages\/6\/revisions\/6712"}],"wp:attachment":[{"href":"https:\/\/cajamar.sp.gov.br\/seguranca\/wp-json\/wp\/v2\/media?parent=6"}],"curies":[{"name":"wp","href":"https:\/\/api.w.org\/{rel}","templated":true}]}}