{"id":86,"date":"2025-01-16T15:59:05","date_gmt":"2025-01-16T18:59:05","guid":{"rendered":"https:\/\/cajamar.sp.gov.br\/seguranca\/?page_id=86"},"modified":"2025-08-15T14:15:10","modified_gmt":"2025-08-15T17:15:10","slug":"alertas","status":"publish","type":"page","link":"https:\/\/cajamar.sp.gov.br\/seguranca\/transito\/alertas\/","title":{"rendered":"Siga o nosso canal!"},"content":{"rendered":"\n<div id=\"links-rapidos\" class=\"clearfix borda-cinza border-radius-10\">\n\n\n\t\t\t\t<ul class=\"links-lista\">\n\n\t\t\t\t\t\n\t\t\t\t\t\t<li class=\"link\">\n\t\t\t\t\t\t\t<a class=\"link-link border-radius-5\" href=\"https:\/\/whatsapp.com\/channel\/0029VaAXepn2Jl8FpLkekg1G\" target=\"blank\">\n\t\t\t\t\t\t\t\t<img decoding=\"async\" src=\"https:\/\/cajamar.sp.gov.br\/seguranca\/wp-content\/uploads\/sites\/23\/2025\/05\/icones-wa-copia-9-100x100-1.png\" class=\"attachment-full size-full wp-post-image\" alt=\"\" loading=\"lazy\">\t\t\t\t\t\t\t\t<div class=\"link-titulo\">SIGA O NOSSO CANAL!<\/div>\n\t\t\t\t\t\t\t<\/a>\n\t\t\t\t\t\t<\/li>\n\t\t\t\t\t\n\t\t\t\t\t\t\n\t\t\t\t\t\n\t\t\t\t\t\t\n\t\t\t\t\t\t<li class=\"link\">\n\t\t\t\t\t\t\t<a class=\"link-link border-radius-5\" href=\"https:\/\/cajamar.sp.gov.br\/seguranca\/etransito\/\">\n\t\t\t\t\t\t\t\t<img decoding=\"async\" src=\"https:\/\/cajamar.sp.gov.br\/seguranca\/wp-content\/uploads\/sites\/23\/2025\/01\/educacao100.png\" class=\"attachment-full size-full wp-post-image\" alt=\"\" loading=\"lazy\">\t\t\t\t\t\t\t\t<div class=\"link-titulo\">EDUCA\u00c7\u00c3O PARA O TR\u00c2NSITO<\/div>\n\t\t\t\t\t\t\t<\/a>\n\t\t\t\t\t\t<\/li>\n\n\t\t\t\t\t\t<li class=\"link\">\n\t\t\t\t\t\t\t<a class=\"link-link border-radius-5\" href=\"https:\/\/cajamar.sp.gov.br\/seguranca\/contato\/\">\n\t\t\t\t\t\t\t\t<img decoding=\"async\" src=\"https:\/\/cajamar.sp.gov.br\/seguranca\/wp-content\/uploads\/sites\/23\/2025\/01\/contato-telefonico-100.png\" class=\"attachment-full size-full wp-post-image\" alt=\"\" loading=\"lazy\">\t\t\t\t\t\t\t\t<div class=\"link-titulo\">FALE COM O DEMUTRAN<\/div>\n\t\t\t\t\t\t\t<\/a>\n\t\t\t\t\t\t<\/li>\n\n\t\t\t\t\t<li class=\"link\">\n\t\t\t\t\t\t\t<a class=\"link-link border-radius-5\" href=\"https:\/\/cajamar.sp.gov.br\/seguranca\/transito\/#serv\">\n\t\t\t\t\t\t\t\t<img decoding=\"async\" src=\"https:\/\/cajamar.sp.gov.br\/seguranca\/wp-content\/uploads\/sites\/23\/2025\/01\/multas100.png\" class=\"attachment-full size-full wp-post-image\" alt=\"\" loading=\"lazy\">\t\t\t\t\t\t\t\t<div class=\"link-titulo\">DEMAIS SERVI\u00c7OS<\/div>\n\t\t\t\t\t\t\t<\/a>\n\t\t\t\t\t\t<\/li>\n\n\t\t\t\n\t\t\t\t<\/ul>\n\n\n\n\t\t\t<\/div>\n\n\n\n<div class=\"wp-block-media-text is-stacked-on-mobile is-vertically-aligned-top\"><figure class=\"wp-block-media-text__media\"><img fetchpriority=\"high\" decoding=\"async\" width=\"960\" height=\"960\" src=\"https:\/\/cajamar.sp.gov.br\/seguranca\/wp-content\/uploads\/sites\/23\/2025\/08\/canal-whatsapp-demutran-cajamar-960x960.png\" alt=\"\" class=\"wp-image-4633 size-full\" srcset=\"https:\/\/cajamar.sp.gov.br\/seguranca\/wp-content\/uploads\/sites\/23\/2025\/08\/canal-whatsapp-demutran-cajamar-960x960.png 960w, https:\/\/cajamar.sp.gov.br\/seguranca\/wp-content\/uploads\/sites\/23\/2025\/08\/canal-whatsapp-demutran-cajamar-100x100.png 100w, https:\/\/cajamar.sp.gov.br\/seguranca\/wp-content\/uploads\/sites\/23\/2025\/08\/canal-whatsapp-demutran-cajamar-768x768.png 768w, https:\/\/cajamar.sp.gov.br\/seguranca\/wp-content\/uploads\/sites\/23\/2025\/08\/canal-whatsapp-demutran-cajamar.png 1080w\" sizes=\"(max-width: 960px) 100vw, 960px\" \/><\/figure><div class=\"wp-block-media-text__content\">\n<h3 class=\"wp-block-heading\">O que \u00e9?<\/h3>\n\n\n\n<p>Esta se\u00e7\u00e3o fornece atualiza\u00e7\u00f5es sobre condi\u00e7\u00f5es das vias, interdi\u00e7\u00f5es, eventos programados e situa\u00e7\u00f5es emergenciais que possam impactar o tr\u00e2nsito na cidade. O objetivo \u00e9 manter os cidad\u00e3os informados e ajudar no planejamento de seus deslocamentos, bem como fomentar campanhas educativas de conscientiza\u00e7\u00e3o para um tr\u00e2nsito mais seguro.<\/p>\n\n\n\n<h3 class=\"wp-block-heading\">Como utilizar?<\/h3>\n\n\n\n<p>Atrav\u00e9s do <a href=\"https:\/\/whatsapp.com\/channel\/0029VaAXepn2Jl8FpLkekg1G\" target=\"_blank\" rel=\"noreferrer noopener\">Canal no WhatsApp<\/a> do Demutran direto do seu celular. As informa\u00e7\u00f5es s\u00e3o atualizadas periodicamente.<\/p>\n<\/div><\/div>\n\n\n\n<p><\/p>\n\n\n\n<a name=\"whatsapp\"><\/a>\n\n\n\n<hr class=\"wp-block-separator has-alpha-channel-opacity\" \/>\n\n\n\n<p><\/p>\n\n\n\n<h3 class=\"wp-block-heading\">ACESSE, SIGA E COMPARTILHE O NOSSO CANAL NO WHATSAPP!<\/h3>\n\n\n\n<p><\/p>\n\n\n\n<div class=\"wp-block-columns are-vertically-aligned-top is-layout-flex wp-container-core-columns-is-layout-9d6595d7 wp-block-columns-is-layout-flex\">\n<div class=\"wp-block-column is-layout-flow wp-block-column-is-layout-flow\" style=\"flex-basis:31%\"><div class=\"wp-block-image\">\n<figure class=\"aligncenter size-full is-resized\"><a href=\"https:\/\/whatsapp.com\/channel\/0029VaAXepn2Jl8FpLkekg1G\" target=\"_blank\" rel=\" noreferrer noopener\"><img decoding=\"async\" width=\"936\" height=\"1920\" src=\"https:\/\/cajamar.sp.gov.br\/seguranca\/wp-content\/uploads\/sites\/23\/2025\/01\/1000466025.png\" alt=\"\" class=\"wp-image-374\" style=\"width:161px;height:auto\" srcset=\"https:\/\/cajamar.sp.gov.br\/seguranca\/wp-content\/uploads\/sites\/23\/2025\/01\/1000466025.png 936w, https:\/\/cajamar.sp.gov.br\/seguranca\/wp-content\/uploads\/sites\/23\/2025\/01\/1000466025-468x960.png 468w, https:\/\/cajamar.sp.gov.br\/seguranca\/wp-content\/uploads\/sites\/23\/2025\/01\/1000466025-768x1575.png 768w, https:\/\/cajamar.sp.gov.br\/seguranca\/wp-content\/uploads\/sites\/23\/2025\/01\/1000466025-749x1536.png 749w\" sizes=\"(max-width: 936px) 100vw, 936px\" \/><\/a><figcaption class=\"wp-element-caption\">Clique na imagem para acessar<\/figcaption><\/figure>\n<\/div><\/div>\n\n\n\n<div class=\"wp-block-column is-layout-flow wp-block-column-is-layout-flow\" style=\"flex-basis:69%\">\n<p>\ud83d\udc49\ud83d\udcf1 Siga o <strong>CANAL <\/strong>do Demutran no<strong> WHATSAPP<\/strong> para receber alertas e informativos do Demutran no seu celular!<\/p>\n\n\n\n<div class=\"wp-block-buttons is-content-justification-center is-layout-flex wp-container-core-buttons-is-layout-16018d1d wp-block-buttons-is-layout-flex\">\n<div class=\"wp-block-button is-style-fill\"><a class=\"wp-block-button__link has-white-color has-text-color has-background has-link-color has-text-align-center has-custom-font-size wp-element-button\" href=\"https:\/\/whatsapp.com\/channel\/0029VaAXepn2Jl8FpLkekg1G\" style=\"border-radius:5px;background-color:#4cc399;font-size:16px;font-style:normal;font-weight:700\" target=\"_blank\" rel=\"noreferrer noopener\">SIGA O CANAL AQUI<\/a><\/div>\n<\/div>\n\n\n\n<p><\/p>\n\n\n\n<p>\ud83d\udd14\ud83d\udce5 <strong>ATIVE O SININHO<\/strong> de notifica\u00e7\u00f5es para n\u00e3o perder nenhum alerta ou informativo, e assim, estar sempre atualizado!<\/p>\n\n\n\n<p>\ud83d\udce4\ud83d\udc65 <strong>COMPARTILHE <\/strong>este o link deste canal e seu conte\u00fado com seus amigos e familiares para que mais pessoas possam seguir e ter acesso \u00e0s informa\u00e7\u00f5es importantes do tr\u00e2nsito da nossa cidade<\/p>\n\n\n\n<p>Ao se inscrever voc\u00ea manifesta ci\u00eancia e d\u00e1 consentimento \u00e0 nossa <a href=\"https:\/\/cajamar.sp.gov.br\/seguranca\/transito\/politica-de-privacidade\/\" data-type=\"page\" data-id=\"173\">Politica de Privacidade<\/a>.<\/p>\n<\/div>\n<\/div>\n\n\n\n<div style=\"height:9px\" aria-hidden=\"true\" class=\"wp-block-spacer\"><\/div>\n\n\n\n<hr class=\"wp-block-separator has-alpha-channel-opacity\" \/>\n\n\n\n<p><\/p>\n\n\n\n<p class=\"has-text-align-center has-black-color has-luminous-vivid-amber-background-color has-text-color has-background has-link-color has-medium-font-size wp-elements-9d8d33ff355e038d94fb2064354a4073\"><strong><strong>DESACELERE. SEU BEM MAIOR \u00c9 A VIDA.<\/strong><\/strong><\/p>\n\n\n\n<p><\/p>\n","protected":false},"excerpt":{"rendered":"<p>Atualiza\u00e7\u00f5es sobre condi\u00e7\u00f5es das vias, interdi\u00e7\u00f5es, eventos programados e situa\u00e7\u00f5es emergenciais que possam impactar o tr\u00e2nsito na cidade. O objetivo \u00e9 manter os cidad\u00e3os informados e ajudar no planejamento de seus deslocamentos, bem como fomentar campanhas educativas de conscientiza\u00e7\u00e3o para um tr\u00e2nsito mais seguro.<\/p>\n","protected":false},"author":39,"featured_media":4645,"parent":61,"menu_order":0,"comment_status":"closed","ping_status":"closed","template":"","meta":{"footnotes":""},"class_list":["post-86","page","type-page","status-publish","has-post-thumbnail","hentry"],"_links":{"self":[{"href":"https:\/\/cajamar.sp.gov.br\/seguranca\/wp-json\/wp\/v2\/pages\/86","targetHints":{"allow":["GET"]}}],"collection":[{"href":"https:\/\/cajamar.sp.gov.br\/seguranca\/wp-json\/wp\/v2\/pages"}],"about":[{"href":"https:\/\/cajamar.sp.gov.br\/seguranca\/wp-json\/wp\/v2\/types\/page"}],"author":[{"embeddable":true,"href":"https:\/\/cajamar.sp.gov.br\/seguranca\/wp-json\/wp\/v2\/users\/39"}],"replies":[{"embeddable":true,"href":"https:\/\/cajamar.sp.gov.br\/seguranca\/wp-json\/wp\/v2\/comments?post=86"}],"version-history":[{"count":53,"href":"https:\/\/cajamar.sp.gov.br\/seguranca\/wp-json\/wp\/v2\/pages\/86\/revisions"}],"predecessor-version":[{"id":4660,"href":"https:\/\/cajamar.sp.gov.br\/seguranca\/wp-json\/wp\/v2\/pages\/86\/revisions\/4660"}],"up":[{"embeddable":true,"href":"https:\/\/cajamar.sp.gov.br\/seguranca\/wp-json\/wp\/v2\/pages\/61"}],"wp:featuredmedia":[{"embeddable":true,"href":"https:\/\/cajamar.sp.gov.br\/seguranca\/wp-json\/wp\/v2\/media\/4645"}],"wp:attachment":[{"href":"https:\/\/cajamar.sp.gov.br\/seguranca\/wp-json\/wp\/v2\/media?parent=86"}],"curies":[{"name":"wp","href":"https:\/\/api.w.org\/{rel}","templated":true}]}}