{"id":99,"date":"2025-01-16T16:05:34","date_gmt":"2025-01-16T19:05:34","guid":{"rendered":"https:\/\/cajamar.sp.gov.br\/seguranca\/?page_id=99"},"modified":"2025-08-15T14:16:25","modified_gmt":"2025-08-15T17:16:25","slug":"especial","status":"publish","type":"page","link":"https:\/\/cajamar.sp.gov.br\/seguranca\/transito\/especial\/","title":{"rendered":"Cart\u00e3o Especial"},"content":{"rendered":"\n<div id=\"links-rapidos\" class=\"clearfix borda-cinza border-radius-10\">\n\n\n\t\t\t\t<ul class=\"links-lista\">\n\n\t\t\t\t\t\t<li class=\"link\">\n\t\t\t\t\t\t\t<a class=\"link-link border-radius-5\" href=\"https:\/\/sistemas.cobrasin.com.br\/multas-municipe\/cartaoEstacionamento.action\" target=\"blank\" rel=\"noopener\">\n\t\t\t\t\t\t\t\t<img decoding=\"async\" src=\"https:\/\/cajamar.sp.gov.br\/seguranca\/wp-content\/uploads\/sites\/23\/2025\/01\/cartao100.png\" class=\"attachment-full size-full wp-post-image\" alt=\"\" loading=\"lazy\">\t\t\t\t\t\t\t\t<div class=\"link-titulo\">SOLICITE AQUI<\/div>\n\t\t\t\t\t\t\t<\/a>\n\t\t\t\t\t\t<\/li>\n\t\t\t\t\t\n\t\t\t\t\t\t<li class=\"link\">\n\t\t\t\t\t\t\t<a class=\"link-link border-radius-5\" href=\"#requisitos\">\n\t\t\t\t\t\t\t\t<img decoding=\"async\" src=\"https:\/\/cajamar.sp.gov.br\/seguranca\/wp-content\/uploads\/sites\/23\/2025\/01\/documento-100.png\" class=\"attachment-full size-full wp-post-image\" alt=\"\" loading=\"lazy\">\t\t\t\t\t\t\t\t<div class=\"link-titulo\">REQUISITOS<\/div>\n\t\t\t\t\t\t\t<\/a>\n\t\t\t\t\t\t<\/li>\n\t\t\t\t\t\t\n\t\t\t\t\t\t\n\t\t\t\t\t\t<li class=\"link\">\n\t\t\t\t\t\t\t\t<a class=\"link-link border-radius-5\" href=\"https:\/\/maps.app.goo.gl\/EAKa2BsVhMnbqSDx6\" target=\"blank\">\n\t\t\t\t\t\t\t\t\t<img decoding=\"async\" src=\"https:\/\/cajamar.sp.gov.br\/seguranca\/wp-content\/uploads\/sites\/23\/2025\/01\/mapa-100.png\" class=\"attachment-full size-full wp-post-image\" alt=\"\" loading=\"lazy\">\t\t\t\t\t\t\t\t<div class=\"link-titulo\">COMO CHEGAR<\/div>\n\t\t\t\t\t\t\t\t<\/a>\n\t\t\t\t\t\t\t<\/li>\n\t\t\t\t\t\n\n\n\t\t\t\t\t\t<li class=\"link\">\n\t\t\t\t\t\t\t<a class=\"link-link border-radius-5\" href=\"https:\/\/cajamar.sp.gov.br\/seguranca\/contato\/\">\n\t\t\t\t\t\t\t\t<img decoding=\"async\" src=\"https:\/\/cajamar.sp.gov.br\/seguranca\/wp-content\/uploads\/sites\/23\/2025\/01\/contato-telefonico-100.png\" class=\"attachment-full size-full wp-post-image\" alt=\"\" loading=\"lazy\">\t\t\t\t\t\t\t\t<div class=\"link-titulo\">FALE COM O DEMUTRAN<\/div>\n\t\t\t\t\t\t\t<\/a>\n\t\t\t\t\t\t<\/li>\n\n\t\t\t\t\t<li class=\"link\">\n\t\t\t\t\t\t\t<a class=\"link-link border-radius-5\" href=\"https:\/\/cajamar.sp.gov.br\/seguranca\/transito\/#serv\">\n\t\t\t\t\t\t\t\t<img decoding=\"async\" src=\"https:\/\/cajamar.sp.gov.br\/seguranca\/wp-content\/uploads\/sites\/23\/2025\/01\/multas100.png\" class=\"attachment-full size-full wp-post-image\" alt=\"\" loading=\"lazy\">\t\t\t\t\t\t\t\t<div class=\"link-titulo\">DEMAIS SERVI\u00c7OS<\/div>\n\t\t\t\t\t\t\t<\/a>\n\t\t\t\t\t\t<\/li>\n\n\t\t\t\n\t\t\t\t<\/ul>\n\n\n\n\t\t\t<\/div>\n\n\n\n<div class=\"wp-block-media-text is-stacked-on-mobile is-vertically-aligned-top\"><figure class=\"wp-block-media-text__media\"><img fetchpriority=\"high\" decoding=\"async\" width=\"960\" height=\"960\" src=\"https:\/\/cajamar.sp.gov.br\/seguranca\/wp-content\/uploads\/sites\/23\/2025\/08\/cartao-especial-de-estacionamento-cajamar-960x960.png\" alt=\"\" class=\"wp-image-4635 size-full\" srcset=\"https:\/\/cajamar.sp.gov.br\/seguranca\/wp-content\/uploads\/sites\/23\/2025\/08\/cartao-especial-de-estacionamento-cajamar-960x960.png 960w, https:\/\/cajamar.sp.gov.br\/seguranca\/wp-content\/uploads\/sites\/23\/2025\/08\/cartao-especial-de-estacionamento-cajamar-100x100.png 100w, https:\/\/cajamar.sp.gov.br\/seguranca\/wp-content\/uploads\/sites\/23\/2025\/08\/cartao-especial-de-estacionamento-cajamar-768x768.png 768w, https:\/\/cajamar.sp.gov.br\/seguranca\/wp-content\/uploads\/sites\/23\/2025\/08\/cartao-especial-de-estacionamento-cajamar.png 1080w\" sizes=\"(max-width: 960px) 100vw, 960px\" \/><\/figure><div class=\"wp-block-media-text__content\">\n<h3 class=\"wp-block-heading\">O que \u00e9?<\/h3>\n\n\n\n<p>O Cart\u00e3o Especial \u00e9 destinado a pessoas idosas, com defici\u00eancia ou com mobilidade reduzida, garantindo o direito de estacionar em vagas exclusivas em \u00e1reas p\u00fablicas e privadas da cidade.<\/p>\n\n\n\n<h3 class=\"wp-block-heading\">Como solicitar?<\/h3>\n\n\n\n<p>O benefici\u00e1rio pode preencher o <strong><a href=\"https:\/\/sistemas.cobrasin.com.br\/multas-municipe\/cartaoEstacionamento.action\" target=\"_blank\" rel=\"noreferrer noopener\">formul\u00e1rio online<\/a><\/strong> ou comparecer \u00e0 sede da Demutran na&nbsp;<strong><a href=\"https:\/\/maps.app.goo.gl\/EAKa2BsVhMnbqSDx6\" target=\"_blank\" rel=\"noreferrer noopener\">R. Ver. Jo\u00e3o Cardoso, 28 \u2013 Polvilho \u2013 Cajamar (SP)<\/a><\/strong>, munido dos&nbsp;<strong><a href=\"https:\/\/cajamar.sp.gov.br\/seguranca\/transito\/especial\/#requisitos\">documentos necess\u00e1rios<\/a><\/strong>. Atendimento de&nbsp;<strong>segunda \u00e0 sexta-feira, das 8h \u00e0s 16h30<\/strong>.<\/p>\n<\/div><\/div>\n\n\n\n<p><\/p>\n\n\n\n<a name=\"requisitos\"><\/a>\n\n\n\n<hr class=\"wp-block-separator has-alpha-channel-opacity\" \/>\n\n\n\n<p><\/p>\n\n\n\n<h3 class=\"wp-block-heading\">REQUISITOS PARA SOLICITAR O CART\u00c3O ESPECIAL<\/h3>\n\n\n\n<div class=\"wp-block-columns are-vertically-aligned-top is-layout-flex wp-container-core-columns-is-layout-9d6595d7 wp-block-columns-is-layout-flex\">\n<div class=\"wp-block-column is-layout-flow wp-block-column-is-layout-flow\" style=\"flex-basis:50%\">\n<p><\/p>\n\n\n\n<h4 class=\"wp-block-heading\"><strong>IDOSO<\/strong><\/h4>\n\n\n\n<p><\/p>\n\n\n\n<ul class=\"wp-block-list\">\n<li>Idade igual ou superior a 60 anos;<\/li>\n\n\n\n<li>Residente no munic\u00edpio de Cajamar (SP).<\/li>\n<\/ul>\n\n\n\n<h5 class=\"wp-block-heading\"><strong>Documentos necess\u00e1rios:<\/strong><\/h5>\n\n\n\n<ul class=\"wp-block-list\">\n<li>RG e CPF;<\/li>\n\n\n\n<li>Comprovante de endere\u00e7o atualizado.<\/li>\n<\/ul>\n<\/div>\n<\/div>\n\n\n\n<div class=\"wp-block-columns are-vertically-aligned-top is-layout-flex wp-container-core-columns-is-layout-9d6595d7 wp-block-columns-is-layout-flex\">\n<div class=\"wp-block-column is-layout-flow wp-block-column-is-layout-flow\" style=\"flex-basis:61%\">\n<p><\/p>\n\n\n\n<h4 class=\"wp-block-heading\"><strong>PCD (PESSOA COM DEFICI\u00caNCIA)<\/strong><\/h4>\n\n\n\n<p><\/p>\n\n\n\n<ul class=\"wp-block-list\">\n<li>Pessoa com defici\u00eancia f\u00edsica ou com redu\u00e7\u00e3o na mobilidade;<\/li>\n\n\n\n<li>Residente no munic\u00edpio de Cajamar (SP).<\/li>\n<\/ul>\n\n\n\n<h5 class=\"wp-block-heading\"><strong>Documentos necess\u00e1rios:<\/strong><\/h5>\n\n\n\n<ul class=\"wp-block-list\">\n<li>RG e CPF;<\/li>\n\n\n\n<li>Comprovante de endere\u00e7o atualizado;<\/li>\n\n\n\n<li>Laudo m\u00e9dico com CID datado no per\u00edodo de 12 meses.<\/li>\n<\/ul>\n<\/div>\n<\/div>\n\n\n\n<p><\/p>\n\n\n\n<hr class=\"wp-block-separator has-alpha-channel-opacity\" \/>\n\n\n\n<p><\/p>\n\n\n\n<h3 class=\"wp-block-heading\">SOLICITE J\u00c1 O SEU!<\/h3>\n\n\n\n<p><\/p>\n\n\n\n<p>Preencha o <strong><a href=\"https:\/\/sistemas.cobrasin.com.br\/multas-municipe\/cartaoEstacionamento.action\" target=\"_blank\" rel=\"noreferrer noopener\">formul\u00e1rio online<\/a><\/strong> ou compare\u00e7a \u00e0 sede da Demutran na&nbsp;<strong><a href=\"https:\/\/maps.app.goo.gl\/EAKa2BsVhMnbqSDx6\" target=\"_blank\" rel=\"noreferrer noopener\">R. Ver. Jo\u00e3o Cardoso, 28 \u2013 Polvilho \u2013 Cajamar (SP)<\/a><\/strong>, munido dos&nbsp;<strong><a href=\"https:\/\/cajamar.sp.gov.br\/seguranca\/transito\/especial\/#requisitos\">documentos necess\u00e1rios<\/a><\/strong>. Atendimento de&nbsp;<strong>segunda \u00e0 sexta-feira, das 8h \u00e0s 16h30<\/strong>.<\/p>\n\n\n\n<div class=\"wp-block-buttons is-layout-flex wp-block-buttons-is-layout-flex\">\n<div class=\"wp-block-button is-style-fill\"><a class=\"wp-block-button__link has-white-color has-text-color has-background has-link-color has-custom-font-size wp-element-button\" href=\"https:\/\/sistemas.cobrasin.com.br\/multas-municipe\/cartaoEstacionamento.action\" style=\"border-radius:5px;background-color:#4cc399;font-size:16px;font-style:normal;font-weight:700\" target=\"_blank\" rel=\"noreferrer noopener\">SOLICITE AQUI<\/a><\/div>\n<\/div>\n\n\n\n<p><\/p>\n\n\n\n<p><strong><a href=\"https:\/\/cajamar.sp.gov.br\/seguranca\/transito\/contato\/\" data-type=\"page\" data-id=\"152\">MAIS INFORMA\u00c7\u00d5ES<\/a><\/strong><\/p>\n\n\n\n<p><\/p>\n\n\n\n<hr class=\"wp-block-separator has-alpha-channel-opacity\" \/>\n\n\n\n<p><\/p>\n\n\n\n<p class=\"has-text-align-center has-black-color has-luminous-vivid-amber-background-color has-text-color has-background has-link-color has-medium-font-size wp-elements-f07eb445269889e45c932058d2cd7294\"><strong>DESACELERE. SEU BEM MAIOR \u00c9 A VIDA.<\/strong><\/p>\n\n\n\n<p><\/p>\n","protected":false},"excerpt":{"rendered":"<p>O Cart\u00e3o Especial \u00e9 destinado a pessoas idosas, com defici\u00eancia ou com mobilidade reduzida, garantindo o direito de estacionar em vagas exclusivas em \u00e1reas p\u00fablicas e privadas da cidade.<\/p>\n","protected":false},"author":39,"featured_media":4646,"parent":61,"menu_order":0,"comment_status":"closed","ping_status":"closed","template":"","meta":{"footnotes":""},"class_list":["post-99","page","type-page","status-publish","has-post-thumbnail","hentry"],"_links":{"self":[{"href":"https:\/\/cajamar.sp.gov.br\/seguranca\/wp-json\/wp\/v2\/pages\/99","targetHints":{"allow":["GET"]}}],"collection":[{"href":"https:\/\/cajamar.sp.gov.br\/seguranca\/wp-json\/wp\/v2\/pages"}],"about":[{"href":"https:\/\/cajamar.sp.gov.br\/seguranca\/wp-json\/wp\/v2\/types\/page"}],"author":[{"embeddable":true,"href":"https:\/\/cajamar.sp.gov.br\/seguranca\/wp-json\/wp\/v2\/users\/39"}],"replies":[{"embeddable":true,"href":"https:\/\/cajamar.sp.gov.br\/seguranca\/wp-json\/wp\/v2\/comments?post=99"}],"version-history":[{"count":29,"href":"https:\/\/cajamar.sp.gov.br\/seguranca\/wp-json\/wp\/v2\/pages\/99\/revisions"}],"predecessor-version":[{"id":4663,"href":"https:\/\/cajamar.sp.gov.br\/seguranca\/wp-json\/wp\/v2\/pages\/99\/revisions\/4663"}],"up":[{"embeddable":true,"href":"https:\/\/cajamar.sp.gov.br\/seguranca\/wp-json\/wp\/v2\/pages\/61"}],"wp:featuredmedia":[{"embeddable":true,"href":"https:\/\/cajamar.sp.gov.br\/seguranca\/wp-json\/wp\/v2\/media\/4646"}],"wp:attachment":[{"href":"https:\/\/cajamar.sp.gov.br\/seguranca\/wp-json\/wp\/v2\/media?parent=99"}],"curies":[{"name":"wp","href":"https:\/\/api.w.org\/{rel}","templated":true}]}}