{"id":14,"date":"2019-10-29T18:09:26","date_gmt":"2019-10-29T20:09:26","guid":{"rendered":"https:\/\/cajamar.sp.gov.br\/servicos\/?page_id=14"},"modified":"2020-04-06T17:27:56","modified_gmt":"2020-04-06T20:27:56","slug":"velorio","status":"publish","type":"page","link":"https:\/\/cajamar.sp.gov.br\/servicos\/velorio\/","title":{"rendered":"Vel\u00f3rio"},"content":{"rendered":"\n<h3 class=\"wp-block-heading\">Sala 1 &#8211; Nenhuma informa\u00e7\u00e3o no momento<br><\/h3>\n\n\n\n<h3 class=\"wp-block-heading\">Sala 2 &#8211; Nenhuma informa\u00e7\u00e3o no momento<\/h3>\n\n\n\n<p><\/p>\n\n\n\n<h3 class=\"wp-block-heading\">Sala 3 &#8211;  Nenhuma informa\u00e7\u00e3o no momento <\/h3>\n\n\n\n<p><\/p>\n\n\n\n<h3 class=\"wp-block-heading\">Sala 4 &#8211;  Nenhuma informa\u00e7\u00e3o no momento <\/h3>\n\n\n\n<p><\/p>\n","protected":false},"excerpt":{"rendered":"<p>Sala 1 &#8211; Nenhuma informa\u00e7\u00e3o no momento Sala 2 &#8211; Nenhuma informa\u00e7\u00e3o no momento Sala 3 &#8211; Nenhuma informa\u00e7\u00e3o no momento Sala 4 &#8211; Nenhuma informa\u00e7\u00e3o no momento<\/p>\n","protected":false},"author":2,"featured_media":0,"parent":0,"menu_order":0,"comment_status":"closed","ping_status":"closed","template":"","meta":{"footnotes":""},"class_list":["post-14","page","type-page","status-publish","hentry"],"_links":{"self":[{"href":"https:\/\/cajamar.sp.gov.br\/servicos\/wp-json\/wp\/v2\/pages\/14","targetHints":{"allow":["GET"]}}],"collection":[{"href":"https:\/\/cajamar.sp.gov.br\/servicos\/wp-json\/wp\/v2\/pages"}],"about":[{"href":"https:\/\/cajamar.sp.gov.br\/servicos\/wp-json\/wp\/v2\/types\/page"}],"author":[{"embeddable":true,"href":"https:\/\/cajamar.sp.gov.br\/servicos\/wp-json\/wp\/v2\/users\/2"}],"replies":[{"embeddable":true,"href":"https:\/\/cajamar.sp.gov.br\/servicos\/wp-json\/wp\/v2\/comments?post=14"}],"version-history":[{"count":8,"href":"https:\/\/cajamar.sp.gov.br\/servicos\/wp-json\/wp\/v2\/pages\/14\/revisions"}],"predecessor-version":[{"id":211,"href":"https:\/\/cajamar.sp.gov.br\/servicos\/wp-json\/wp\/v2\/pages\/14\/revisions\/211"}],"wp:attachment":[{"href":"https:\/\/cajamar.sp.gov.br\/servicos\/wp-json\/wp\/v2\/media?parent=14"}],"curies":[{"name":"wp","href":"https:\/\/api.w.org\/{rel}","templated":true}]}}