{"id":41,"date":"2019-10-31T18:59:14","date_gmt":"2019-10-31T20:59:14","guid":{"rendered":"https:\/\/cajamar.sp.gov.br\/servicos\/?page_id=41"},"modified":"2024-03-11T14:50:57","modified_gmt":"2024-03-11T17:50:57","slug":"iss-exercicio","status":"publish","type":"page","link":"https:\/\/cajamar.sp.gov.br\/servicos\/iss-exercicio\/","title":{"rendered":"ISS Exerc\u00edcio"},"content":{"rendered":"\n<ul class=\"wp-block-list\">\n<li><a href=\"https:\/\/tributos.cajamar.sp.gov.br\/EMISSOES\/certidaoprincipaliss.aspx\" data-type=\"link\" data-id=\"https:\/\/tributos.cajamar.sp.gov.br\/EMISSOES\/certidaoprincipaliss.aspx\">Certid\u00e3o Negativa de D\u00e9bitos de ISS Fixo e Taxas<\/a><\/li>\n\n\n\n<li><a href=\"https:\/\/geisweb.com.br\/cajamar\/publico\/php\/login.php\" data-type=\"link\" data-id=\"https:\/\/geisweb.com.br\/cajamar\/publico\/php\/login.php\">Certid\u00e3o Negativa de D\u00e9bitos de ISS Vari\u00e1vel<\/a><\/li>\n\n\n\n<li><a href=\"https:\/\/tributos.cajamar.sp.gov.br\/EMISSOES\/validarcertidaoiss.aspx\" data-type=\"link\" data-id=\"https:\/\/tributos.cajamar.sp.gov.br\/EMISSOES\/validarcertidaoiss.aspx\">Confirma\u00e7\u00e3o da Autenticidade da Certid\u00e3o<\/a><\/li>\n\n\n\n<li><a href=\"https:\/\/geisweb.com.br\/cajamar\/publico\/php\/login.php\" data-type=\"link\" data-id=\"https:\/\/geisweb.com.br\/cajamar\/publico\/php\/login.php\">Consulta P\u00fablica<\/a><\/li>\n\n\n\n<li><a href=\"https:\/\/geisweb.com.br\/cajamar\/nfse\/php\/login.php\" data-type=\"link\" data-id=\"https:\/\/geisweb.com.br\/cajamar\/nfse\/php\/login.php\">Nota Fiscal Eletr\u00f4nica<\/a><\/li>\n\n\n\n<li><a href=\"https:\/\/geisweb.com.br\/cajamar\/contribuinte\/php\/login.php\" data-type=\"link\" data-id=\"https:\/\/geisweb.com.br\/cajamar\/contribuinte\/php\/login.php\">Escritura\u00e7\u00e3o Fiscal<\/a><\/li>\n\n\n\n<li><a href=\"https:\/\/tributos.cajamar.sp.gov.br\/EMISSOES\/bolexercicioiss.aspx\" data-type=\"link\" data-id=\"https:\/\/tributos.cajamar.sp.gov.br\/Info.htm?aspxerrorpath=\/EMISSOES\/bolexercicioiss.aspx\">Segunda via<\/a><\/li>\n\n\n\n<li><a href=\"http:\/\/geisweb.com.br\/cajamar\/contribuinte\/cadastramento.php\" data-type=\"link\" data-id=\"http:\/\/geisweb.com.br\/cajamar\/contribuinte\/cadastramento.php\">Formul\u00e1rio de Autoriza\u00e7\u00e3o para Emiss\u00e3o de Nota Fiscal Eletr\u00f4nica<\/a><\/li>\n<\/ul>\n\n\n\n<p><\/p>\n","protected":false},"excerpt":{"rendered":"","protected":false},"author":2,"featured_media":0,"parent":0,"menu_order":0,"comment_status":"closed","ping_status":"closed","template":"","meta":{"footnotes":""},"class_list":["post-41","page","type-page","status-publish","hentry"],"_links":{"self":[{"href":"https:\/\/cajamar.sp.gov.br\/servicos\/wp-json\/wp\/v2\/pages\/41","targetHints":{"allow":["GET"]}}],"collection":[{"href":"https:\/\/cajamar.sp.gov.br\/servicos\/wp-json\/wp\/v2\/pages"}],"about":[{"href":"https:\/\/cajamar.sp.gov.br\/servicos\/wp-json\/wp\/v2\/types\/page"}],"author":[{"embeddable":true,"href":"https:\/\/cajamar.sp.gov.br\/servicos\/wp-json\/wp\/v2\/users\/2"}],"replies":[{"embeddable":true,"href":"https:\/\/cajamar.sp.gov.br\/servicos\/wp-json\/wp\/v2\/comments?post=41"}],"version-history":[{"count":26,"href":"https:\/\/cajamar.sp.gov.br\/servicos\/wp-json\/wp\/v2\/pages\/41\/revisions"}],"predecessor-version":[{"id":739,"href":"https:\/\/cajamar.sp.gov.br\/servicos\/wp-json\/wp\/v2\/pages\/41\/revisions\/739"}],"wp:attachment":[{"href":"https:\/\/cajamar.sp.gov.br\/servicos\/wp-json\/wp\/v2\/media?parent=41"}],"curies":[{"name":"wp","href":"https:\/\/api.w.org\/{rel}","templated":true}]}}