{"id":30,"date":"2025-06-10T11:12:32","date_gmt":"2025-06-10T14:12:32","guid":{"rendered":"https:\/\/cajamar.sp.gov.br\/tecnologia\/?page_id=30"},"modified":"2025-06-10T11:17:51","modified_gmt":"2025-06-10T14:17:51","slug":"app-cajamar","status":"publish","type":"page","link":"https:\/\/cajamar.sp.gov.br\/tecnologia\/app-cajamar\/","title":{"rendered":"APP CAJAMAR"},"content":{"rendered":"\n<p>\ud83d\udcf2 Baixe o <strong>App Cajamar<\/strong> e tenha a Prefeitura na palma da sua m\u00e3o!<\/p>\n\n\n\n<p>Ficou ainda mais f\u00e1cil acessar os servi\u00e7os e informa\u00e7\u00f5es da <a href=\"https:\/\/cajamar.sp.gov.br\/\" data-type=\"link\" data-id=\"https:\/\/cajamar.sp.gov.br\/\">Prefeitura de Cajamar<\/a>. Com o <a href=\"https:\/\/cajamar.sp.gov.br\/app-cajamar\/\" data-type=\"link\" data-id=\"https:\/\/cajamar.sp.gov.br\/app-cajamar\/\">App Cajamar<\/a>, voc\u00ea pode acompanhar not\u00edcias, solicitar servi\u00e7os, consultar protocolos, abrir chamados e muito mais \u2014 tudo de forma r\u00e1pida e pr\u00e1tica, direto do seu celular.<\/p>\n\n\n\n<p>O aplicativo est\u00e1 dispon\u00edvel gratuitamente para Android e iOS. Clique abaixo e fa\u00e7a o download:<br><br>\u2022 <a href=\"https:\/\/play.google.com\/store\/apps\/details?id=br.gov.sp.cijun.appsol.cajamar\" data-type=\"link\" data-id=\"https:\/\/play.google.com\/store\/apps\/details?id=br.gov.sp.cijun.appsol.cajamar\">Baixar para Android<\/a><br>\u2022 <a href=\"https:\/\/apps.apple.com\/br\/app\/app-cajamar\/id1497554782\" data-type=\"link\" data-id=\"https:\/\/apps.apple.com\/br\/app\/app-cajamar\/id1497554782\">Baixar para iOS (iPhone)<\/a><\/p>\n\n\n\n<p>Mantenha-se conectado com Cajamar e aproveite todos os benef\u00edcios do nosso aplicativo oficial!<\/p>\n\n\n\n<p><\/p>\n","protected":false},"excerpt":{"rendered":"<p>\ud83d\udcf2 Baixe o App Cajamar e tenha a Prefeitura na palma da sua m\u00e3o! Ficou ainda mais f\u00e1cil acessar os servi\u00e7os e informa\u00e7\u00f5es da Prefeitura de Cajamar. Com o App Cajamar, voc\u00ea pode acompanhar not\u00edcias, solicitar servi\u00e7os, consultar protocolos, abrir chamados e muito mais \u2014 tudo de forma r\u00e1pida e pr\u00e1tica, direto do seu celular. [&hellip;]<\/p>\n","protected":false},"author":23,"featured_media":0,"parent":0,"menu_order":0,"comment_status":"closed","ping_status":"closed","template":"","meta":{"footnotes":""},"class_list":["post-30","page","type-page","status-publish","hentry"],"_links":{"self":[{"href":"https:\/\/cajamar.sp.gov.br\/tecnologia\/wp-json\/wp\/v2\/pages\/30","targetHints":{"allow":["GET"]}}],"collection":[{"href":"https:\/\/cajamar.sp.gov.br\/tecnologia\/wp-json\/wp\/v2\/pages"}],"about":[{"href":"https:\/\/cajamar.sp.gov.br\/tecnologia\/wp-json\/wp\/v2\/types\/page"}],"author":[{"embeddable":true,"href":"https:\/\/cajamar.sp.gov.br\/tecnologia\/wp-json\/wp\/v2\/users\/23"}],"replies":[{"embeddable":true,"href":"https:\/\/cajamar.sp.gov.br\/tecnologia\/wp-json\/wp\/v2\/comments?post=30"}],"version-history":[{"count":2,"href":"https:\/\/cajamar.sp.gov.br\/tecnologia\/wp-json\/wp\/v2\/pages\/30\/revisions"}],"predecessor-version":[{"id":33,"href":"https:\/\/cajamar.sp.gov.br\/tecnologia\/wp-json\/wp\/v2\/pages\/30\/revisions\/33"}],"wp:attachment":[{"href":"https:\/\/cajamar.sp.gov.br\/tecnologia\/wp-json\/wp\/v2\/media?parent=30"}],"curies":[{"name":"wp","href":"https:\/\/api.w.org\/{rel}","templated":true}]}}