{"id":607,"date":"2025-06-10T11:00:55","date_gmt":"2025-06-10T14:00:55","guid":{"rendered":"https:\/\/cajamar.sp.gov.br\/turismo\/?page_id=607"},"modified":"2025-12-18T10:33:41","modified_gmt":"2025-12-18T13:33:41","slug":"legislacao-3","status":"publish","type":"page","link":"https:\/\/cajamar.sp.gov.br\/turismo\/legislacao-3\/","title":{"rendered":"Legisla\u00e7\u00e3o Cultura"},"content":{"rendered":"\n<p><a href=\"https:\/\/cajamar.sp.gov.br\/turismo\/wp-content\/uploads\/sites\/32\/2025\/12\/decreto-7544-25.pdf\">Decreto n\u00ba 7.544, de 31 de julho de 2025<\/a> : &#8220;Substitui membro suplente do segmento do Poder P\u00fablico, na \u00e1rea de Desenvolvimento Econ\u00f4mico, do Conselho Municipal de Pol\u00edtica Cultural, de que trata o Decreto n\u00ba 7.454, de mar\u00e7o de 2025, e d\u00e1 outras provid\u00eancias.&#8221;<br><br><a href=\"https:\/\/cajamar.sp.gov.br\/turismo\/wp-content\/uploads\/sites\/32\/2025\/06\/decreto-7454-25.pdf\">Decreto n\u00ba 7.454, de 10 de mar\u00e7o de 2025<\/a> : &#8220;Disp\u00f5e sobre a nomea\u00e7\u00e3o dos membros titulares e suplentes do Conselho Municipal de Pol\u00edtica Cultural do Munic\u00edpio de Cajamar e d\u00e1 outras provid\u00eancias.&#8221; <\/p>\n\n\n\n<p><a href=\"https:\/\/cajamar.sp.gov.br\/turismo\/wp-content\/uploads\/sites\/32\/2025\/06\/decreto-7191-24-regimento-conselho.pdf\">Decreto n\u00ba 7.191, de 19 de abril de 2024<\/a> : &#8220;Disp\u00f5e sobre a homologa\u00e7\u00e3o do Regimento Interno do Conselho Municipal de Pol\u00edtica Cultural do Munic\u00edpio de Cajamar, e d\u00e1 outras provid\u00eancias.&#8221;<\/p>\n\n\n\n<p><a href=\"https:\/\/cajamar.sp.gov.br\/turismo\/wp-content\/uploads\/sites\/32\/2025\/06\/lei-1887-21-cria-conselho-e-fundo.pdf\">Lei n\u00ba 1.887, de 25 de novembro de 2021 <\/a> : &#8220;Disp\u00f5e sobre o Conselho e o Fundo Municipal de Pol\u00edtica Cultural do Munic\u00edpio de Cajamar e d\u00e1 outras provid\u00eancias.&#8221;<\/p>\n\n\n\n<p><\/p>\n","protected":false},"excerpt":{"rendered":"<p>Decreto n\u00ba 7.544, de 31 de julho de 2025 : &#8220;Substitui membro suplente do segmento do Poder P\u00fablico, na \u00e1rea de Desenvolvimento Econ\u00f4mico, do Conselho Municipal de Pol\u00edtica Cultural, de que trata o Decreto n\u00ba 7.454, de mar\u00e7o de 2025, e d\u00e1 outras provid\u00eancias.&#8221; Decreto n\u00ba 7.454, de 10 de mar\u00e7o de 2025 : &#8220;Disp\u00f5e [&hellip;]<\/p>\n","protected":false},"author":43,"featured_media":0,"parent":0,"menu_order":0,"comment_status":"closed","ping_status":"closed","template":"","meta":{"footnotes":""},"class_list":["post-607","page","type-page","status-publish","hentry"],"_links":{"self":[{"href":"https:\/\/cajamar.sp.gov.br\/turismo\/wp-json\/wp\/v2\/pages\/607","targetHints":{"allow":["GET"]}}],"collection":[{"href":"https:\/\/cajamar.sp.gov.br\/turismo\/wp-json\/wp\/v2\/pages"}],"about":[{"href":"https:\/\/cajamar.sp.gov.br\/turismo\/wp-json\/wp\/v2\/types\/page"}],"author":[{"embeddable":true,"href":"https:\/\/cajamar.sp.gov.br\/turismo\/wp-json\/wp\/v2\/users\/43"}],"replies":[{"embeddable":true,"href":"https:\/\/cajamar.sp.gov.br\/turismo\/wp-json\/wp\/v2\/comments?post=607"}],"version-history":[{"count":11,"href":"https:\/\/cajamar.sp.gov.br\/turismo\/wp-json\/wp\/v2\/pages\/607\/revisions"}],"predecessor-version":[{"id":955,"href":"https:\/\/cajamar.sp.gov.br\/turismo\/wp-json\/wp\/v2\/pages\/607\/revisions\/955"}],"wp:attachment":[{"href":"https:\/\/cajamar.sp.gov.br\/turismo\/wp-json\/wp\/v2\/media?parent=607"}],"curies":[{"name":"wp","href":"https:\/\/api.w.org\/{rel}","templated":true}]}}