{"id":653,"date":"2025-06-17T11:30:06","date_gmt":"2025-06-17T14:30:06","guid":{"rendered":"https:\/\/cajamar.sp.gov.br\/turismo\/?page_id=653"},"modified":"2025-06-17T13:42:16","modified_gmt":"2025-06-17T16:42:16","slug":"plano-diretor-de-turismo","status":"publish","type":"page","link":"https:\/\/cajamar.sp.gov.br\/turismo\/plano-diretor-de-turismo\/","title":{"rendered":"Plano Diretor de Turismo"},"content":{"rendered":"\n<p>O <a href=\"https:\/\/cajamar.sp.gov.br\/turismo\/wp-content\/uploads\/sites\/32\/2025\/06\/pdtur-cajamar.pdf\">Plano Diretor de Turismo<\/a> \u00e9 uma ferramenta essencial que define as diretrizes estrat\u00e9gicas para o crescimento e aprimoramento da ind\u00fastria do turismo em nossa regi\u00e3o. Ele n\u00e3o apenas orienta as decis\u00f5es de planejamento e investimento, mas tamb\u00e9m promove a colabora\u00e7\u00e3o entre o setor p\u00fablico, privado e a comunidade local para alcan\u00e7ar objetivos comuns.<\/p>\n\n\n\n<p>Em Cajamar, somos aben\u00e7oados com uma riqueza incompar\u00e1vel de recursos naturais, como nossas belas paisagens, trilhas e vistas de tirar o f\u00f4lego. Al\u00e9m disso, nossa hist\u00f3ria e cultura oferecem experi\u00eancias enriquecedoras para os visitantes. O Plano Diretor de Turismo nos capacita a aproveitar esses recursos de forma sustent\u00e1vel, garantindo sua conserva\u00e7\u00e3o para as gera\u00e7\u00f5es futuras.<\/p>\n\n\n\n<p>Ao implementar o Plano Diretor de Turismo, podemos alavancar o potencial econ\u00f4mico do turismo como uma importante fonte de receita para nossa cidade. Isso inclui a cria\u00e7\u00e3o de empregos locais, o est\u00edmulo ao empreendedorismo, o aumento da demanda por servi\u00e7os e produtos locais e a gera\u00e7\u00e3o de investimentos em infraestrutura tur\u00edstica.<\/p>\n\n\n\n<p>Al\u00e9m dos benef\u00edcios econ\u00f4micos, o turismo desempenha um papel fundamental na promo\u00e7\u00e3o da diversidade cultural e no enriquecimento da vida comunit\u00e1ria. Atrav\u00e9s de iniciativas de turismo respons\u00e1vel e inclusivo, podemos celebrar nossa identidade \u00fanica, compartilhar nossas tradi\u00e7\u00f5es e promover o entendimento intercultural.<\/p>\n\n\n\n<p>No entanto, para colher os frutos do turismo de forma sustent\u00e1vel, \u00e9 imperativo que tenhamos um plano bem definido e uma abordagem coordenada para o desenvolvimento tur\u00edstico. O Plano Diretor de Turismo nos proporciona essa estrutura essencial, garantindo que cada passo que damos esteja alinhado com nossos valores, objetivos e necessidades locais.<\/p>\n\n\n\n<p>Em suma, o Plano Diretor de Turismo \u00e9 mais do que apenas um documento; \u00e9 uma vis\u00e3o compartilhada para um futuro mais pr\u00f3spero, sustent\u00e1vel e inclusivo para nossa cidade. Ao trabalharmos juntos para implementar este plano, podemos moldar Cajamar como um destino tur\u00edstico exemplar que orgulhosamente compartilhamos com o mundo.<\/p>\n\n\n\n<p><\/p>\n","protected":false},"excerpt":{"rendered":"<p>O Plano Diretor de Turismo \u00e9 uma ferramenta essencial que define as diretrizes estrat\u00e9gicas para o crescimento e aprimoramento da ind\u00fastria do turismo em nossa regi\u00e3o. Ele n\u00e3o apenas orienta as decis\u00f5es de planejamento e investimento, mas tamb\u00e9m promove a colabora\u00e7\u00e3o entre o setor p\u00fablico, privado e a comunidade local para alcan\u00e7ar objetivos comuns. Em [&hellip;]<\/p>\n","protected":false},"author":43,"featured_media":0,"parent":0,"menu_order":0,"comment_status":"closed","ping_status":"closed","template":"","meta":{"footnotes":""},"class_list":["post-653","page","type-page","status-publish","hentry"],"_links":{"self":[{"href":"https:\/\/cajamar.sp.gov.br\/turismo\/wp-json\/wp\/v2\/pages\/653","targetHints":{"allow":["GET"]}}],"collection":[{"href":"https:\/\/cajamar.sp.gov.br\/turismo\/wp-json\/wp\/v2\/pages"}],"about":[{"href":"https:\/\/cajamar.sp.gov.br\/turismo\/wp-json\/wp\/v2\/types\/page"}],"author":[{"embeddable":true,"href":"https:\/\/cajamar.sp.gov.br\/turismo\/wp-json\/wp\/v2\/users\/43"}],"replies":[{"embeddable":true,"href":"https:\/\/cajamar.sp.gov.br\/turismo\/wp-json\/wp\/v2\/comments?post=653"}],"version-history":[{"count":5,"href":"https:\/\/cajamar.sp.gov.br\/turismo\/wp-json\/wp\/v2\/pages\/653\/revisions"}],"predecessor-version":[{"id":671,"href":"https:\/\/cajamar.sp.gov.br\/turismo\/wp-json\/wp\/v2\/pages\/653\/revisions\/671"}],"wp:attachment":[{"href":"https:\/\/cajamar.sp.gov.br\/turismo\/wp-json\/wp\/v2\/media?parent=653"}],"curies":[{"name":"wp","href":"https:\/\/api.w.org\/{rel}","templated":true}]}}