{"id":761,"date":"2025-06-17T17:12:51","date_gmt":"2025-06-17T20:12:51","guid":{"rendered":"https:\/\/cajamar.sp.gov.br\/turismo\/?page_id=761"},"modified":"2025-06-17T17:20:45","modified_gmt":"2025-06-17T20:20:45","slug":"danca-do-ventre","status":"publish","type":"page","link":"https:\/\/cajamar.sp.gov.br\/turismo\/danca-do-ventre\/","title":{"rendered":"Dan\u00e7a do Ventre"},"content":{"rendered":"\n<figure class=\"wp-block-image size-large\"><img fetchpriority=\"high\" decoding=\"async\" width=\"1280\" height=\"853\" src=\"https:\/\/cajamar.sp.gov.br\/turismo\/wp-content\/uploads\/sites\/32\/2025\/06\/pexels-brett-sayles-1483859-1280x853.jpg\" alt=\"\" class=\"wp-image-762\" style=\"aspect-ratio:16\/9;object-fit:cover\" srcset=\"https:\/\/cajamar.sp.gov.br\/turismo\/wp-content\/uploads\/sites\/32\/2025\/06\/pexels-brett-sayles-1483859-1280x853.jpg 1280w, https:\/\/cajamar.sp.gov.br\/turismo\/wp-content\/uploads\/sites\/32\/2025\/06\/pexels-brett-sayles-1483859-768x512.jpg 768w, https:\/\/cajamar.sp.gov.br\/turismo\/wp-content\/uploads\/sites\/32\/2025\/06\/pexels-brett-sayles-1483859-1536x1024.jpg 1536w, https:\/\/cajamar.sp.gov.br\/turismo\/wp-content\/uploads\/sites\/32\/2025\/06\/pexels-brett-sayles-1483859.jpg 2048w\" sizes=\"(max-width: 1280px) 100vw, 1280px\" \/><\/figure>\n\n\n\n<h3 class=\"wp-block-heading\">Localidades:<\/h3>\n\n\n\n<p><strong>\u25aa\ufe0f Centro Cultural de Jordan\u00e9sia<\/strong><br>\ud83d\udd39 Modalidades: Conta\u00e7\u00e3o de Hist\u00f3ria, Dan\u00e7a do Ventre e Violino<br>\ud83d\udccd Avenida Arnaldo Rojek, 295 \u2013 Jordan\u00e9sia<br>\ud83d\udcde (11) 4446-0137<\/p>\n\n\n\n<p><strong>\u25aa\ufe0f Centro Cultural do Ponunduva<\/strong><br>\ud83d\udd39 Modalidades: Dan\u00e7a do Ventre e Violino<br>\ud83d\udccd Rua Utinga, 122 \u2013 Ponunduva<\/p>\n\n\n\n<p>\u25aa\ufe0f<strong>&nbsp;EMEB Fernando Pupo Massagardi \u2013 Centro<\/strong><br>\ud83d\udd39 Modalidade: Dan\u00e7a do Ventre<br>\ud83d\udccd Rua Pedro Domingues, s\/n \u2013 Cajamar Centro<\/p>\n\n\n\n<p><strong>\u25aa\ufe0f Centro Comunit\u00e1rio Maria Luiza \u2013 Jordan\u00e9sia<\/strong><br>\ud83d\udd39 Modalidades: Dan\u00e7a do Ventre, Violino e Teatro<br>\ud83d\udccd Rua Anabela, 210 \u2013 Jardim Maria Luiza<\/p>\n\n\n\n<p><strong>\ud83d\udcd1&nbsp;DOCUMENTOS NECESS\u00c1RIOS PARA INSCRI\u00c7\u00c3O:<\/strong><br>\u25aa\ufe0f C\u00f3pia do RG<br>\u25aa\ufe0f C\u00f3pia do comprovante de resid\u00eancia atualizado<br>\u25aa\ufe0f 1 (uma) foto 3\u00d74<\/p>\n\n\n\n<p>Atendimento de segunda a sexta, das 9h \u00e0s 16h30<\/p>\n\n\n\n<div class=\"wp-block-buttons is-content-justification-center is-layout-flex wp-container-core-buttons-is-layout-16018d1d wp-block-buttons-is-layout-flex\">\n<div class=\"wp-block-button is-style-fill\"><a class=\"wp-block-button__link has-white-color has-text-color has-background has-link-color wp-element-button\" href=\"https:\/\/docs.google.com\/forms\/d\/e\/1FAIpQLSfZOMxWM-GeqSFPMQxqd68bMOXhV8jcc9Z5om-wIAgyyPur1A\/viewform\" style=\"border-radius:5px;background-color:#289cdb\">INSCRI\u00c7\u00c3O ONLINE<\/a><\/div>\n<\/div>\n","protected":false},"excerpt":{"rendered":"<p>Localidades: \u25aa\ufe0f Centro Cultural de Jordan\u00e9sia\ud83d\udd39 Modalidades: Conta\u00e7\u00e3o de Hist\u00f3ria, Dan\u00e7a do Ventre e Violino\ud83d\udccd Avenida Arnaldo Rojek, 295 \u2013 Jordan\u00e9sia\ud83d\udcde (11) 4446-0137 \u25aa\ufe0f Centro Cultural do Ponunduva\ud83d\udd39 Modalidades: Dan\u00e7a do Ventre e Violino\ud83d\udccd Rua Utinga, 122 \u2013 Ponunduva \u25aa\ufe0f&nbsp;EMEB Fernando Pupo Massagardi \u2013 Centro\ud83d\udd39 Modalidade: Dan\u00e7a do Ventre\ud83d\udccd Rua Pedro Domingues, s\/n \u2013 Cajamar [&hellip;]<\/p>\n","protected":false},"author":40,"featured_media":0,"parent":0,"menu_order":0,"comment_status":"closed","ping_status":"closed","template":"","meta":{"footnotes":""},"class_list":["post-761","page","type-page","status-publish","hentry"],"_links":{"self":[{"href":"https:\/\/cajamar.sp.gov.br\/turismo\/wp-json\/wp\/v2\/pages\/761","targetHints":{"allow":["GET"]}}],"collection":[{"href":"https:\/\/cajamar.sp.gov.br\/turismo\/wp-json\/wp\/v2\/pages"}],"about":[{"href":"https:\/\/cajamar.sp.gov.br\/turismo\/wp-json\/wp\/v2\/types\/page"}],"author":[{"embeddable":true,"href":"https:\/\/cajamar.sp.gov.br\/turismo\/wp-json\/wp\/v2\/users\/40"}],"replies":[{"embeddable":true,"href":"https:\/\/cajamar.sp.gov.br\/turismo\/wp-json\/wp\/v2\/comments?post=761"}],"version-history":[{"count":5,"href":"https:\/\/cajamar.sp.gov.br\/turismo\/wp-json\/wp\/v2\/pages\/761\/revisions"}],"predecessor-version":[{"id":785,"href":"https:\/\/cajamar.sp.gov.br\/turismo\/wp-json\/wp\/v2\/pages\/761\/revisions\/785"}],"wp:attachment":[{"href":"https:\/\/cajamar.sp.gov.br\/turismo\/wp-json\/wp\/v2\/media?parent=761"}],"curies":[{"name":"wp","href":"https:\/\/api.w.org\/{rel}","templated":true}]}}